{"id":9957,"date":"2024-05-02T17:05:53","date_gmt":"2024-05-02T15:05:53","guid":{"rendered":"https:\/?post_type=listing&#038;p=9957"},"modified":"2024-11-06T19:36:44","modified_gmt":"2024-11-06T18:36:44","slug":"fruiteria-la-maduixa","status":"publish","type":"listing","link":"https:\/\/mataroactiva.net\/cat\/negocio\/fruiteria-la-maduixa\/","title":{"rendered":"Fruiter\u00eda La Maduixa Matar\u00f3"},"content":{"rendered":"<p>La Maduixa Matar\u00f3 es una fruter\u00eda y verduler\u00eda en la Ronda Alfons X el Sabi n\u00ba 50 que destaca por su compromiso con productos frescos y de alta calidad. Aqu\u00ed los clientes pueden encontrar una selecci\u00f3n cuidada de frutas y verduras, tanto de temporada como ex\u00f3ticas, todas seleccionadas con esmero para garantizar el mejor sabor y frescura en cada compra. La Maduixa se ha convertido en una referencia local por su variedad y el enfoque en ofrecer una alimentaci\u00f3n saludable.<\/p>\n<p>Adem\u00e1s de frutas y verduras, La Maduixa Matar\u00f3 tambi\u00e9n ofrece caracoles en malla, un producto especial que es muy valorado entre su clientela. Este detalle, junto con la atenci\u00f3n personalizada y cercana del equipo, hace de esta tienda un lugar destacado para quienes buscan productos espec\u00edficos y de calidad en Matar\u00f3. Su compromiso con el cliente va m\u00e1s all\u00e1 de la venta, ya que el equipo est\u00e1 siempre disponible para dar recomendaciones y consejos sobre el uso de los productos.<\/p>\n<p>La Maduixa Matar\u00f3 se distingue por su ambiente acogedor y el apoyo a la producci\u00f3n local, promoviendo pr\u00e1cticas sostenibles y ofreciendo productos de origen responsable. Este enfoque ha consolidado a la tienda como un lugar confiable y apreciado, donde los clientes pueden acceder a una oferta variada y llena de sabor, siempre con la confianza de encontrar productos frescos y un servicio excepcional.<\/p>","protected":false},"excerpt":{"rendered":"<p>La Maduixa Matar\u00f3 es una fruter\u00eda y verduler\u00eda en la Ronda Alfons X el Sabi n\u00ba 50 que destaca por su compromiso con productos frescos y de alta calidad. Aqu\u00ed los clientes pueden encontrar una selecci\u00f3n cuidada de frutas y verduras, tanto de temporada como ex\u00f3ticas, todas seleccionadas con esmero para garantizar el mejor sabor &hellip; <\/p>","protected":false},"author":1,"featured_media":9958,"parent":0,"menu_order":0,"comment_status":"open","ping_status":"closed","template":"","class_list":["post-9957","listing","type-listing","status-publish","has-post-thumbnail","hentry","listing_cat-fruterias","listing_feature-bebidas","listing_feature-caracoles","listing_feature-conservas","listing_feature-fruta","listing_feature-vegetales","listing_feature-vino","listing_location-cataluna","listing_location-centro","listing_location-mataro","listing_tag-caracoles","listing_tag-fresa","listing_tag-fruta","listing_tag-fruteria","listing_tag-verduras"],"_links":{"self":[{"href":"https:\/\/mataroactiva.net\/cat\/wp-json\/wp\/v2\/listing\/9957","targetHints":{"allow":["GET"]}}],"collection":[{"href":"https:\/\/mataroactiva.net\/cat\/wp-json\/wp\/v2\/listing"}],"about":[{"href":"https:\/\/mataroactiva.net\/cat\/wp-json\/wp\/v2\/types\/listing"}],"author":[{"embeddable":true,"href":"https:\/\/mataroactiva.net\/cat\/wp-json\/wp\/v2\/users\/1"}],"replies":[{"embeddable":true,"href":"https:\/\/mataroactiva.net\/cat\/wp-json\/wp\/v2\/comments?post=9957"}],"wp:featuredmedia":[{"embeddable":true,"href":"https:\/\/mataroactiva.net\/cat\/wp-json\/wp\/v2\/media\/9958"}],"wp:attachment":[{"href":"https:\/\/mataroactiva.net\/cat\/wp-json\/wp\/v2\/media?parent=9957"}],"curies":[{"name":"wp","href":"https:\/\/api.w.org\/{rel}","templated":true}]}}

Fruitería La Maduixa Mataró

<p>La Maduixa Mataró es una frutería y verdulería en la Ronda Alfons X el Sabi nº 50 que destaca por su compromiso con productos frescos y de alta calidad. Aquí los clientes pueden encontrar una selección cuidada de frutas y verduras, tanto de temporada como exóticas, todas seleccionadas con esmero para garantizar el mejor sabor y frescura en cada compra. La Maduixa se ha convertido en una referencia local por su variedad y el enfoque en ofrecer una alimentación saludable.</p>
<p>Además de frutas y verduras, La Maduixa Mataró también ofrece caracoles en malla, un producto especial que es muy valorado entre su clientela. Este detalle, junto con la atención personalizada y cercana del equipo, hace de esta tienda un lugar destacado para quienes buscan productos específicos y de calidad en Mataró. Su compromiso con el cliente va más allá de la venta, ya que el equipo está siempre disponible para dar recomendaciones y consejos sobre el uso de los productos.</p>
<p>La Maduixa Mataró se distingue por su ambiente acogedor y el apoyo a la producción local, promoviendo prácticas sostenibles y ofreciendo productos de origen responsable. Este enfoque ha consolidado a la tienda como un lugar confiable y apreciado, donde los clientes pueden acceder a una oferta variada y llena de sabor, siempre con la confianza de encontrar productos frescos y un servicio excepcional.</p>

<p>La Maduixa Mataró es una frutería y verdulería en la Ronda Alfons X el Sabi nº 50 que destaca por su compromiso con productos frescos y de alta calidad. Aquí los clientes pueden encontrar una selección cuidada de frutas y verduras, tanto de temporada como exóticas, todas seleccionadas con esmero para garantizar el mejor sabor &hellip; </p>
