{"id":9872,"date":"2024-04-25T19:29:37","date_gmt":"2024-04-25T17:29:37","guid":{"rendered":"https:\/?post_type=listing&#038;p=9872"},"modified":"2025-02-12T16:09:56","modified_gmt":"2025-02-12T15:09:56","slug":"365-obrador","status":"publish","type":"listing","link":"https:\/\/mataroactiva.net\/cat\/negocio\/365-obrador\/","title":{"rendered":"365 Obrador &#8211; La Riera"},"content":{"rendered":"<p>365 Obrador, ubicado en La Riera, Matar\u00f3, es un lugar ideal para los amantes del buen pan y la reposter\u00eda artesanal. Con una amplia variedad de productos que incluyen panes r\u00fasticos, boller\u00eda, pasteler\u00eda y una excelente selecci\u00f3n de entrepanes, este establecimiento se ha convertido en un referente para quienes buscan calidad y sabor en cada bocado.<\/p>\n<p>En Obrador 365 no solo puedes disfrutar de productos frescos y elaborados con esmero, sino tambi\u00e9n de un ambiente acogedor que invita a relajarse con un buen caf\u00e9 o zumo natural. Su oferta incluye desde croissants y coques hasta tartas y pasteles perfectos para cualquier celebraci\u00f3n, todos hechos con ingredientes de alta calidad que aseguran una experiencia gastron\u00f3mica inigualable.<\/p>","protected":false},"excerpt":{"rendered":"<p>Ofrece una selecci\u00f3n de dulces irresistibles, como croissants reci\u00e9n horneados, tartas caseras y bizcochos esponjosos.<\/p>","protected":false},"author":1,"featured_media":9449,"parent":0,"menu_order":0,"comment_status":"open","ping_status":"closed","template":"","class_list":["post-9872","listing","type-listing","status-publish","has-post-thumbnail","hentry","listing_cat-cafetarias","listing_feature-accesibles-para-minusvalidos","listing_feature-bano-para-minusvalidxs","listing_feature-mejores-desayunos-en-mataro","listing_feature-recogida-en-local","listing_feature-terraza","listing_feature-wifi-gratuito","listing_location-cataluna","listing_location-centro","listing_location-mataro","listing_tag-cafeteria","listing_tag-obrador","listing_tag-pan","listing_tag-panaderia","listing_tag-rambla","listing_tag-riera"],"_links":{"self":[{"href":"https:\/\/mataroactiva.net\/cat\/wp-json\/wp\/v2\/listing\/9872","targetHints":{"allow":["GET"]}}],"collection":[{"href":"https:\/\/mataroactiva.net\/cat\/wp-json\/wp\/v2\/listing"}],"about":[{"href":"https:\/\/mataroactiva.net\/cat\/wp-json\/wp\/v2\/types\/listing"}],"author":[{"embeddable":true,"href":"https:\/\/mataroactiva.net\/cat\/wp-json\/wp\/v2\/users\/1"}],"replies":[{"embeddable":true,"href":"https:\/\/mataroactiva.net\/cat\/wp-json\/wp\/v2\/comments?post=9872"}],"wp:featuredmedia":[{"embeddable":true,"href":"https:\/\/mataroactiva.net\/cat\/wp-json\/wp\/v2\/media\/9449"}],"wp:attachment":[{"href":"https:\/\/mataroactiva.net\/cat\/wp-json\/wp\/v2\/media?parent=9872"}],"curies":[{"name":"wp","href":"https:\/\/api.w.org\/{rel}","templated":true}]}}

<p>365 Obrador, ubicado en La Riera, Mataró, es un lugar ideal para los amantes del buen pan y la repostería artesanal. Con una amplia variedad de productos que incluyen panes rústicos, bollería, pastelería y una excelente selección de entrepanes, este establecimiento se ha convertido en un referente para quienes buscan calidad y sabor en cada bocado.</p>
<p>En Obrador 365 no solo puedes disfrutar de productos frescos y elaborados con esmero, sino también de un ambiente acogedor que invita a relajarse con un buen café o zumo natural. Su oferta incluye desde croissants y coques hasta tartas y pasteles perfectos para cualquier celebración, todos hechos con ingredientes de alta calidad que aseguran una experiencia gastronómica inigualable.</p>

<p>Ofrece una selección de dulces irresistibles, como croissants recién horneados, tartas caseras y bizcochos esponjosos.</p>
