{"id":17848,"date":"2025-07-13T21:16:34","date_gmt":"2025-07-13T19:16:34","guid":{"rendered":"https:\/\/mataroactiva.net\/?post_type=listing&#038;p=17848"},"modified":"2025-07-13T21:24:19","modified_gmt":"2025-07-13T19:24:19","slug":"santes2025-lencesa","status":"publish","type":"listing","link":"https:\/\/mataroactiva.net\/cat\/negocio\/santes2025-lencesa\/","title":{"rendered":"&#8220;L&#8217;encesa&#8221;"},"content":{"rendered":"<p data-start=\"187\" data-end=\"697\">L\u2019Encesa \u00e9s una celebraci\u00f3 festiva de cultura popular organitzada pel Ball de Diables de Matar\u00f3. Cada any es convida a un seguici festiu hist\u00f2ric de Catalunya, representatiu d'una festivitat local reconeguda a nivell nacional. Aquest 2025, els protagonistes seran els elements de foc infantils del Seguici Festiu de Tarragona, que participen en la festa de Santa Tecla, una tradici\u00f3 declarada d'Inter\u00e8s Nacional. Aquest grup est\u00e0 format pel Ball de Diables, el Drac, la V\u00edbria, el Bou i el Griu.<\/p>\n<p data-start=\"699\" data-end=\"874\">A m\u00e9s, participaran els Basiliscos de Reus (gran i petit), padrins dels Basiliscos de Matar\u00f3, i durant l'acte es presentar\u00e0 oficialment el Basilisc Petit de Matar\u00f3.<\/p>\n<p data-start=\"876\" data-end=\"891\"><strong data-start=\"876\" data-end=\"889\">Programa:<\/strong><\/p>\n<ul data-start=\"892\" data-end=\"1407\">\n<li data-start=\"892\" data-end=\"954\">\n<p data-start=\"894\" data-end=\"954\">17.00 h: Plantada de figures a la pla\u00e7a de l'Ajuntament.<\/p>\n<\/li>\n<li data-start=\"955\" data-end=\"1070\">\n<p data-start=\"957\" data-end=\"1070\">18.30 h: Cercavila de foc infantil per la pla\u00e7a de l'Ajuntament, La Riera cap avall i pla\u00e7a de Santa Anna.<\/p>\n<\/li>\n<li data-start=\"1071\" data-end=\"1319\">\n<p data-start=\"1073\" data-end=\"1319\">19.00 h: Presentaci\u00f3 del Basilisc Petit a la pla\u00e7a de Santa Anna. A continuaci\u00f3, el cercavila de foc continua pel carrer Barcelona, pla\u00e7a de Can Xammar, carrer Sant Mar\u00eda, pla\u00e7a de Santa Mar\u00eda, carrer Nou i La Riera fins a l'Ajuntament.<\/p>\n<\/li>\n<li data-start=\"1320\" data-end=\"1407\">\n<p data-start=\"1322\" data-end=\"1407\">20.30 h: Representaci\u00f3 del Ball parlat del Ball de Diables devant de l'Ajuntament.<\/p>\n<\/li>\n<\/ul>\n<p data-start=\"1409\" data-end=\"1423\"><strong data-start=\"1409\" data-end=\"1421\">Despr\u00e9s:<\/strong><\/p>\n<ul data-start=\"1424\" data-end=\"1836\">\n<li data-start=\"1424\" data-end=\"1544\">\n<p data-start=\"1426\" data-end=\"1544\">A la pla\u00e7a de l'Ajuntament, tarda musical familiar amb el Basilisc Petit, DJ Bichito i DJ Uri Orant (CCA Events).<\/p>\n<\/li>\n<li data-start=\"1545\" data-end=\"1836\">\n<p data-start=\"1547\" data-end=\"1836\">Des de l'Ajuntament, cercavila de foc amb el Ball de Diables, recorrent La Riera cap avall, carrer Barcelona, pla\u00e7a de Can Xammar, carrer Sant Mar\u00eda, pla\u00e7a de Santa Mar\u00eda, carrer Nou i La Riera fins a l'Ajuntament, on tindran lloc els balls de llu\u00efment i l'encesa final.<\/p>\n<\/li>\n<\/ul>\n<p data-start=\"1838\" data-end=\"2036\"><strong data-start=\"1838\" data-end=\"1853\">Important:<\/strong><br data-start=\"1853\" data-end=\"1856\" \/>Els recorreguts de les cercaviles inclouen pirot\u00e8cnia. Es recomana usar roba de cot\u00f3 i cal\u00e7at tancat i c\u00f2mode. Tamb\u00e9 \u00e9s aconsellable protegir les o\u00efdes amb taps o cascos.<\/p>","protected":false},"excerpt":{"rendered":"<p>L&#8217;Encesa es una celebraci\u00f3n festiva de cultura popular organizada por el Ball de Diables de Matar\u00f3. Cada a\u00f1o se invita a un s\u00e9quito festivo hist\u00f3rico de Catalu\u00f1a, representativo de una festividad local reconocida a nivel nacional. Este 2025, los protagonistas ser\u00e1n los elementos de fuego infantiles del Seguici Festiu de Tarragona, que participan en la &hellip; <\/p>","protected":false},"author":11,"featured_media":17606,"parent":0,"menu_order":0,"comment_status":"open","ping_status":"closed","template":"","class_list":["post-17848","listing","type-listing","status-publish","has-post-thumbnail","hentry","listing_cat-actividades-santes2025","listing_feature-agenda-cultural","listing_feature-ideal-ninos","listing_location-cataluna","listing_location-centro","listing_location-mataro","listing_tag-20-de-julio","listing_tag-evento-fiesta-mayor"],"_links":{"self":[{"href":"https:\/\/mataroactiva.net\/cat\/wp-json\/wp\/v2\/listing\/17848","targetHints":{"allow":["GET"]}}],"collection":[{"href":"https:\/\/mataroactiva.net\/cat\/wp-json\/wp\/v2\/listing"}],"about":[{"href":"https:\/\/mataroactiva.net\/cat\/wp-json\/wp\/v2\/types\/listing"}],"author":[{"embeddable":true,"href":"https:\/\/mataroactiva.net\/cat\/wp-json\/wp\/v2\/users\/11"}],"replies":[{"embeddable":true,"href":"https:\/\/mataroactiva.net\/cat\/wp-json\/wp\/v2\/comments?post=17848"}],"wp:featuredmedia":[{"embeddable":true,"href":"https:\/\/mataroactiva.net\/cat\/wp-json\/wp\/v2\/media\/17606"}],"wp:attachment":[{"href":"https:\/\/mataroactiva.net\/cat\/wp-json\/wp\/v2\/media?parent=17848"}],"curies":[{"name":"wp","href":"https:\/\/api.w.org\/{rel}","templated":true}]}}

<p data-start="187" data-end="697">L’Encesa és una celebració festiva de cultura popular organitzada pel Ball de Diables de Mataró. Cada any es convida a un seguici festiu històric de Catalunya, representatiu d'una festivitat local reconeguda a nivell nacional. Aquest 2025, els protagonistes seran els elements de foc infantils del Seguici Festiu de Tarragona, que participen en la festa de Santa Tecla, una tradició declarada d'Interès Nacional. Aquest grup està format pel Ball de Diables, el Drac, la Víbria, el Bou i el Griu.</p>
<p data-start="699" data-end="874">A més, participaran els Basiliscos de Reus (gran i petit), padrins dels Basiliscos de Mataró, i durant l'acte es presentarà oficialment el Basilisc Petit de Mataró.</p>
<p data-start="876" data-end="891"><strong data-start="876" data-end="889">Programa:</strong></p>
<ul data-start="892" data-end="1407">
<li data-start="892" data-end="954">
<p data-start="894" data-end="954">17.00 h: Plantada de figures a la plaça de l'Ajuntament.</p>
</li>
<li data-start="955" data-end="1070">
<p data-start="957" data-end="1070">18.30 h: Cercavila de foc infantil per la plaça de l'Ajuntament, La Riera cap avall i plaça de Santa Anna.</p>
</li>
<li data-start="1071" data-end="1319">
<p data-start="1073" data-end="1319">19.00 h: Presentació del Basilisc Petit a la plaça de Santa Anna. A continuació, el cercavila de foc continua pel carrer Barcelona, plaça de Can Xammar, carrer Sant María, plaça de Santa María, carrer Nou i La Riera fins a l'Ajuntament.</p>
</li>
<li data-start="1320" data-end="1407">
<p data-start="1322" data-end="1407">20.30 h: Representació del Ball parlat del Ball de Diables devant de l'Ajuntament.</p>
</li>
</ul>
<p data-start="1409" data-end="1423"><strong data-start="1409" data-end="1421">Després:</strong></p>
<ul data-start="1424" data-end="1836">
<li data-start="1424" data-end="1544">
<p data-start="1426" data-end="1544">A la plaça de l'Ajuntament, tarda musical familiar amb el Basilisc Petit, DJ Bichito i DJ Uri Orant (CCA Events).</p>
</li>
<li data-start="1545" data-end="1836">
<p data-start="1547" data-end="1836">Des de l'Ajuntament, cercavila de foc amb el Ball de Diables, recorrent La Riera cap avall, carrer Barcelona, plaça de Can Xammar, carrer Sant María, plaça de Santa María, carrer Nou i La Riera fins a l'Ajuntament, on tindran lloc els balls de lluïment i l'encesa final.</p>
</li>
</ul>
<p data-start="1838" data-end="2036"><strong data-start="1838" data-end="1853">Important:</strong><br data-start="1853" data-end="1856" />Els recorreguts de les cercaviles inclouen pirotècnia. Es recomana usar roba de cotó i calçat tancat i còmode. També és aconsellable protegir les oïdes amb taps o cascos.</p>

<p>L&#8217;Encesa es una celebración festiva de cultura popular organizada por el Ball de Diables de Mataró. Cada año se invita a un séquito festivo histórico de Cataluña, representativo de una festividad local reconocida a nivel nacional. Este 2025, los protagonistas serán los elementos de fuego infantiles del Seguici Festiu de Tarragona, que participan en la &hellip; </p>
