{"id":17847,"date":"2025-07-13T21:08:44","date_gmt":"2025-07-13T19:08:44","guid":{"rendered":"https:\/\/mataroactiva.net\/?post_type=listing&#038;p=17847"},"modified":"2025-07-13T21:14:11","modified_gmt":"2025-07-13T19:14:11","slug":"santes2025-les-miserables","status":"publish","type":"listing","link":"https:\/\/mataroactiva.net\/cat\/negocio\/santes2025-les-miserables\/","title":{"rendered":"Les Mis\u00e9rables"},"content":{"rendered":"<p data-start=\"54\" data-end=\"215\"><strong data-start=\"194\" data-end=\"215\">ENTRADES ESGOTADES<\/strong><\/p>\n<p data-start=\"217\" data-end=\"344\">Aquest 2025, l'Orquestra de Matar\u00f3 celebra el seu des\u00e8 aniversari amb un concert molt especial sota la direcci\u00f3 de Cl\u00e0udia Dub\u00e9.<\/p>\n<p data-start=\"346\" data-end=\"660\">Les Mis\u00e9rables \u00e9s un projecte musical ambici\u00f3s i col\u00b7laboratiu que reuneix m\u00e9s de 150 artistes en l'escenari. Es tracta de la versi\u00f3 original en angl\u00e8s d'aquest emblem\u00e0tic musical, presentada en format semiescenificat. En escena actuaran una orquestra de 40 m\u00fasics, 18 solistes i un gran cor de 120 cantants.<\/p>\n<p data-start=\"662\" data-end=\"925\">El musical, basat en la famosa novel\u00b7la de Victor Hugo, est\u00e0 ambientat a la Fran\u00e7a del segle XIX i narra la hist\u00f2ria de Jean Valjean, un exconvicto perseguit per l'inspector Javert, mentre lluita per redimir-se despr\u00e9s d'haver passat anys a la pres\u00f3 per robar pa.<\/p>\n<p data-start=\"927\" data-end=\"989\">Durada aproximada: 2 hores, amb un intermedi de 15 minuts.<\/p>\n<p data-start=\"991\" data-end=\"1082\">Aquesta proposta forma part de la programaci\u00f3 conjunta de Cultura Matar\u00f3 i Foment Mataron\u00ed.<\/p>","protected":false},"excerpt":{"rendered":"<p>ENTRADAS AGOTADAS Este 2025, la Orquesta de Matar\u00f3 celebra su d\u00e9cimo aniversario con un concierto muy especial bajo la direcci\u00f3n de Cl\u00e0udia Dub\u00e9. Les Mis\u00e9rables es un proyecto musical ambicioso y colaborativo que re\u00fane a m\u00e1s de 150 artistas en el escenario. Se trata de la versi\u00f3n original en ingl\u00e9s de este emblem\u00e1tico musical, presentada &hellip; <\/p>","protected":false},"author":11,"featured_media":17605,"parent":0,"menu_order":0,"comment_status":"open","ping_status":"closed","template":"","class_list":["post-17847","listing","type-listing","status-publish","has-post-thumbnail","hentry","listing_cat-actividades-santes2025","listing_feature-agenda-cultural","listing_feature-ideal-ninos","listing_location-cataluna","listing_location-centro","listing_location-mataro","listing_tag-20-de-julio","listing_tag-evento-fiesta-mayor"],"_links":{"self":[{"href":"https:\/\/mataroactiva.net\/cat\/wp-json\/wp\/v2\/listing\/17847","targetHints":{"allow":["GET"]}}],"collection":[{"href":"https:\/\/mataroactiva.net\/cat\/wp-json\/wp\/v2\/listing"}],"about":[{"href":"https:\/\/mataroactiva.net\/cat\/wp-json\/wp\/v2\/types\/listing"}],"author":[{"embeddable":true,"href":"https:\/\/mataroactiva.net\/cat\/wp-json\/wp\/v2\/users\/11"}],"replies":[{"embeddable":true,"href":"https:\/\/mataroactiva.net\/cat\/wp-json\/wp\/v2\/comments?post=17847"}],"wp:featuredmedia":[{"embeddable":true,"href":"https:\/\/mataroactiva.net\/cat\/wp-json\/wp\/v2\/media\/17605"}],"wp:attachment":[{"href":"https:\/\/mataroactiva.net\/cat\/wp-json\/wp\/v2\/media?parent=17847"}],"curies":[{"name":"wp","href":"https:\/\/api.w.org\/{rel}","templated":true}]}}

Les Misérables

<p data-start="54" data-end="215"><strong data-start="194" data-end="215">ENTRADES ESGOTADES</strong></p>
<p data-start="217" data-end="344">Aquest 2025, l'Orquestra de Mataró celebra el seu desè aniversari amb un concert molt especial sota la direcció de Clàudia Dubé.</p>
<p data-start="346" data-end="660">Les Misérables és un projecte musical ambiciós i col·laboratiu que reuneix més de 150 artistes en l'escenari. Es tracta de la versió original en anglès d'aquest emblemàtic musical, presentada en format semiescenificat. En escena actuaran una orquestra de 40 músics, 18 solistes i un gran cor de 120 cantants.</p>
<p data-start="662" data-end="925">El musical, basat en la famosa novel·la de Victor Hugo, està ambientat a la França del segle XIX i narra la història de Jean Valjean, un exconvicto perseguit per l'inspector Javert, mentre lluita per redimir-se després d'haver passat anys a la presó per robar pa.</p>
<p data-start="927" data-end="989">Durada aproximada: 2 hores, amb un intermedi de 15 minuts.</p>
<p data-start="991" data-end="1082">Aquesta proposta forma part de la programació conjunta de Cultura Mataró i Foment Mataroní.</p>

<p>ENTRADAS AGOTADAS Este 2025, la Orquesta de Mataró celebra su décimo aniversario con un concierto muy especial bajo la dirección de Clàudia Dubé. Les Misérables es un proyecto musical ambicioso y colaborativo que reúne a más de 150 artistas en el escenario. Se trata de la versión original en inglés de este emblemático musical, presentada &hellip; </p>
