{"id":17845,"date":"2025-07-13T21:00:52","date_gmt":"2025-07-13T19:00:52","guid":{"rendered":"https:\/\/mataroactiva.net\/?post_type=listing&#038;p=17845"},"modified":"2025-07-13T21:05:35","modified_gmt":"2025-07-13T19:05:35","slug":"santes2025-32a-travesia-nadando-en-el-puerto","status":"publish","type":"listing","link":"https:\/\/mataroactiva.net\/cat\/negocio\/santes2025-32a-travesia-nadando-en-el-puerto\/","title":{"rendered":"32a Travessa nedant al Port"},"content":{"rendered":"<p data-start=\"215\" data-end=\"367\">Si t'agrada practicar activitat f\u00edsica i connectar amb la mar de la nostra ciutat, aquesta competici\u00f3 tan mataronina \u00e9s una forma perfecta de comen\u00e7ar el dia.<\/p>\n<p data-start=\"369\" data-end=\"447\">La inscripci\u00f3 pr\u00e8via \u00e9s imprescindible i estar\u00e0 oberta fins al 17 de juliol.<\/p>\n<ul data-start=\"449\" data-end=\"552\">\n<li data-start=\"449\" data-end=\"499\">\n<p data-start=\"451\" data-end=\"499\"><a href=\"https:\/\/forms.gle\/W7Cj43dfn66Vnu7H6\" rel=\"noopener\">Inscripci\u00f3 categories alev\u00ed\/infantil\/juvenil<\/a><\/p>\n<\/li>\n<li data-start=\"500\" data-end=\"552\">\n<p data-start=\"502\" data-end=\"552\"><a href=\"https:\/\/forms.gle\/Mh7UR27n7hbNq6kR6\" rel=\"noopener\">Inscripci\u00f3n categor\u00edas absoluta\/m\u00e1ster\/veterano<\/a>s<\/p>\n<\/li>\n<\/ul>\n<p data-start=\"554\" data-end=\"581\">La inscripci\u00f3 \u00e9s gratu\u00efta.<\/p>\n<p data-start=\"583\" data-end=\"610\"><strong data-start=\"583\" data-end=\"608\">Horari i dist\u00e0ncies:<\/strong><\/p>\n<ul data-start=\"611\" data-end=\"825\">\n<li data-start=\"611\" data-end=\"700\">\n<p data-start=\"613\" data-end=\"700\">9.15 h: Recorregut de 1.000 m des de la platja de Pequ\u00edn. Categories juvenil i absoluta.<\/p>\n<\/li>\n<li data-start=\"701\" data-end=\"825\">\n<p data-start=\"703\" data-end=\"825\">10.00 h: Recorregut de 500 m des del Moll Contradic (Port de Matar\u00f3). Categories alev\u00ed, infantil, m\u00e0ster i veterans.<\/p>\n<\/li>\n<\/ul>\n<p data-start=\"827\" data-end=\"883\">Consulta el <a href=\"https:\/\/cdn.appculturamataro.cat\/medias\/agenda\/2025\/738af76436314433d4850c97c0834d55.pdf\" rel=\"noopener\">reglament<\/a> de la travessia per a m\u00e9s detalls.<\/p>","protected":false},"excerpt":{"rendered":"<p>Si te gusta practicar actividad f\u00edsica y conectar con el mar de nuestra ciudad, esta competici\u00f3n tan mataronina es una forma perfecta de empezar el d\u00eda. La inscripci\u00f3n previa es imprescindible y estar\u00e1 abierta hasta el 17 de julio. Inscripci\u00f3n categor\u00edas alev\u00edn\/infantil\/juvenil Inscripci\u00f3n categor\u00edas absoluta\/m\u00e1ster\/veteranos La inscripci\u00f3n es gratuita. Horario y distancias: 9:15 h: Recorrido &hellip; <\/p>","protected":false},"author":11,"featured_media":13095,"parent":0,"menu_order":0,"comment_status":"open","ping_status":"closed","template":"","class_list":["post-17845","listing","type-listing","status-publish","has-post-thumbnail","hentry","listing_cat-actividades-santes2025","listing_feature-agenda-cultural","listing_feature-ideal-ninos","listing_location-cataluna","listing_location-mataro","listing_location-playa","listing_tag-20-de-julio","listing_tag-evento-fiesta-mayor"],"_links":{"self":[{"href":"https:\/\/mataroactiva.net\/cat\/wp-json\/wp\/v2\/listing\/17845","targetHints":{"allow":["GET"]}}],"collection":[{"href":"https:\/\/mataroactiva.net\/cat\/wp-json\/wp\/v2\/listing"}],"about":[{"href":"https:\/\/mataroactiva.net\/cat\/wp-json\/wp\/v2\/types\/listing"}],"author":[{"embeddable":true,"href":"https:\/\/mataroactiva.net\/cat\/wp-json\/wp\/v2\/users\/11"}],"replies":[{"embeddable":true,"href":"https:\/\/mataroactiva.net\/cat\/wp-json\/wp\/v2\/comments?post=17845"}],"wp:featuredmedia":[{"embeddable":true,"href":"https:\/\/mataroactiva.net\/cat\/wp-json\/wp\/v2\/media\/13095"}],"wp:attachment":[{"href":"https:\/\/mataroactiva.net\/cat\/wp-json\/wp\/v2\/media?parent=17845"}],"curies":[{"name":"wp","href":"https:\/\/api.w.org\/{rel}","templated":true}]}}

<p data-start="215" data-end="367">Si t'agrada practicar activitat física i connectar amb la mar de la nostra ciutat, aquesta competició tan mataronina és una forma perfecta de començar el dia.</p>
<p data-start="369" data-end="447">La inscripció prèvia és imprescindible i estarà oberta fins al 17 de juliol.</p>
<ul data-start="449" data-end="552">
<li data-start="449" data-end="499">
<p data-start="451" data-end="499"><a href="https://forms.gle/W7Cj43dfn66Vnu7H6" rel="noopener">Inscripció categories aleví/infantil/juvenil</a></p>
</li>
<li data-start="500" data-end="552">
<p data-start="502" data-end="552"><a href="https://forms.gle/Mh7UR27n7hbNq6kR6" rel="noopener">Inscripción categorías absoluta/máster/veterano</a>s</p>
</li>
</ul>
<p data-start="554" data-end="581">La inscripció és gratuïta.</p>
<p data-start="583" data-end="610"><strong data-start="583" data-end="608">Horari i distàncies:</strong></p>
<ul data-start="611" data-end="825">
<li data-start="611" data-end="700">
<p data-start="613" data-end="700">9.15 h: Recorregut de 1.000 m des de la platja de Pequín. Categories juvenil i absoluta.</p>
</li>
<li data-start="701" data-end="825">
<p data-start="703" data-end="825">10.00 h: Recorregut de 500 m des del Moll Contradic (Port de Mataró). Categories aleví, infantil, màster i veterans.</p>
</li>
</ul>
<p data-start="827" data-end="883">Consulta el <a href="https://cdn.appculturamataro.cat/medias/agenda/2025/738af76436314433d4850c97c0834d55.pdf" rel="noopener">reglament</a> de la travessia per a més detalls.</p>

<p>Si te gusta practicar actividad física y conectar con el mar de nuestra ciudad, esta competición tan mataronina es una forma perfecta de empezar el día. La inscripción previa es imprescindible y estará abierta hasta el 17 de julio. Inscripción categorías alevín/infantil/juvenil Inscripción categorías absoluta/máster/veteranos La inscripción es gratuita. Horario y distancias: 9:15 h: Recorrido &hellip; </p>
