{"id":17843,"date":"2025-07-13T20:45:09","date_gmt":"2025-07-13T18:45:09","guid":{"rendered":"https:\/\/mataroactiva.net\/?post_type=listing&#038;p=17843"},"modified":"2025-07-13T20:45:40","modified_gmt":"2025-07-13T18:45:40","slug":"santes2025-flashmob","status":"publish","type":"listing","link":"https:\/\/mataroactiva.net\/cat\/negocio\/santes2025-flashmob\/","title":{"rendered":"Flashmob"},"content":{"rendered":"<p data-start=\"207\" data-end=\"505\">Enguany, el cantant i compositor barcelon\u00ed de m\u00fasica urbana Mama Douscha presenta una versi\u00f3 especial de <em data-start=\"316\" data-end=\"331\">Jo soc com tu<\/em>, l'himne de les Dissantes. Prepara't per a viure un moment \u00fanic, on m\u00fasica i coreografia s'uneixen en una celebraci\u00f3 col\u00b7lectiva que defensa la diversitat i la inclusi\u00f3.<\/p>\n<p data-start=\"507\" data-end=\"785\">Des de les 20.50 h, la presentaci\u00f3 ser\u00e0 a c\u00e0rrec de Wiz Problema, influencer i creador de contingut amb m\u00e9s d'un mili\u00f3 de seguidors en TikTok i mig mili\u00f3 en Instagram. Amb el seu humor i comprom\u00eds social, Wiz ser\u00e0 l'encarregat de preparar l'ambient per a aquesta experi\u00e8ncia.<\/p>\n<p data-start=\"787\" data-end=\"973\">Tot seguit, podr\u00e0s unir-te al flashmob amb l'actuaci\u00f3 de Mama Douscha, acompanyat pel cos de ball de la Fundaci\u00f3 el Maresme i en Santi, l'entranyable personatge de l'entitat.<\/p>\n<p data-start=\"975\" data-end=\"1184\">Aquesta flashmob \u00e9s una oportunitat per a demostrar que tots remem en la mateixa adre\u00e7a: la igualtat i el respecte entre totes les persones. Canta, balla i forma part d'aquesta tradici\u00f3 que creix any rere any!.<\/p>\n<p data-start=\"1186\" data-end=\"1242\"><strong>Organitzen:<\/strong> Fundaci\u00f3 el Maresme i Ajuntament de Matar\u00f3<\/p>","protected":false},"excerpt":{"rendered":"<p>Este a\u00f1o, el cantante y compositor barcelon\u00e9s de m\u00fasica urbana Mama Douscha presenta una versi\u00f3n especial de Jo soc com tu, el himno de las Dissantes. Prep\u00e1rate para vivir un momento \u00fanico, donde m\u00fasica y coreograf\u00eda se unen en una celebraci\u00f3n colectiva que defiende la diversidad y la inclusi\u00f3n. Desde las 20:50 h, la presentaci\u00f3n &hellip; <\/p>","protected":false},"author":11,"featured_media":17533,"parent":0,"menu_order":0,"comment_status":"open","ping_status":"closed","template":"","class_list":["post-17843","listing","type-listing","status-publish","has-post-thumbnail","hentry","listing_cat-actividades-santes2025","listing_feature-agenda-cultural","listing_feature-ideal-ninos","listing_location-cataluna","listing_location-centro","listing_location-mataro","listing_tag-19-de-julio","listing_tag-evento-fiesta-mayor"],"_links":{"self":[{"href":"https:\/\/mataroactiva.net\/cat\/wp-json\/wp\/v2\/listing\/17843","targetHints":{"allow":["GET"]}}],"collection":[{"href":"https:\/\/mataroactiva.net\/cat\/wp-json\/wp\/v2\/listing"}],"about":[{"href":"https:\/\/mataroactiva.net\/cat\/wp-json\/wp\/v2\/types\/listing"}],"author":[{"embeddable":true,"href":"https:\/\/mataroactiva.net\/cat\/wp-json\/wp\/v2\/users\/11"}],"replies":[{"embeddable":true,"href":"https:\/\/mataroactiva.net\/cat\/wp-json\/wp\/v2\/comments?post=17843"}],"wp:featuredmedia":[{"embeddable":true,"href":"https:\/\/mataroactiva.net\/cat\/wp-json\/wp\/v2\/media\/17533"}],"wp:attachment":[{"href":"https:\/\/mataroactiva.net\/cat\/wp-json\/wp\/v2\/media?parent=17843"}],"curies":[{"name":"wp","href":"https:\/\/api.w.org\/{rel}","templated":true}]}}

<p data-start="207" data-end="505">Enguany, el cantant i compositor barceloní de música urbana Mama Douscha presenta una versió especial de <em data-start="316" data-end="331">Jo soc com tu</em>, l'himne de les Dissantes. Prepara't per a viure un moment únic, on música i coreografia s'uneixen en una celebració col·lectiva que defensa la diversitat i la inclusió.</p>
<p data-start="507" data-end="785">Des de les 20.50 h, la presentació serà a càrrec de Wiz Problema, influencer i creador de contingut amb més d'un milió de seguidors en TikTok i mig milió en Instagram. Amb el seu humor i compromís social, Wiz serà l'encarregat de preparar l'ambient per a aquesta experiència.</p>
<p data-start="787" data-end="973">Tot seguit, podràs unir-te al flashmob amb l'actuació de Mama Douscha, acompanyat pel cos de ball de la Fundació el Maresme i en Santi, l'entranyable personatge de l'entitat.</p>
<p data-start="975" data-end="1184">Aquesta flashmob és una oportunitat per a demostrar que tots remem en la mateixa adreça: la igualtat i el respecte entre totes les persones. Canta, balla i forma part d'aquesta tradició que creix any rere any!.</p>
<p data-start="1186" data-end="1242"><strong>Organitzen:</strong> Fundació el Maresme i Ajuntament de Mataró</p>

<p>Este año, el cantante y compositor barcelonés de música urbana Mama Douscha presenta una versión especial de Jo soc com tu, el himno de las Dissantes. Prepárate para vivir un momento único, donde música y coreografía se unen en una celebración colectiva que defiende la diversidad y la inclusión. Desde las 20:50 h, la presentación &hellip; </p>
