{"id":17840,"date":"2025-07-13T19:39:19","date_gmt":"2025-07-13T17:39:19","guid":{"rendered":"https:\/\/mataroactiva.net\/?post_type=listing&#038;p=17840"},"modified":"2025-07-13T19:39:19","modified_gmt":"2025-07-13T17:39:19","slug":"santes2025-tardeo-con-pd-bingos","status":"publish","type":"listing","link":"https:\/\/mataroactiva.net\/cat\/negocio\/santes2025-tardeo-con-pd-bingos\/","title":{"rendered":"Vespreig amb PD Bingos"},"content":{"rendered":"<p data-start=\"205\" data-end=\"458\">Una tarda de m\u00fasica, diversi\u00f3 i joc amb PD Bingos.<br data-start=\"258\" data-end=\"261\" \/>Jugarem al cl\u00e0ssic bingo, per\u00f2 amb can\u00e7ons actuals i de sempre. Cada n\u00famero s'acompanya de m\u00fasica i bon humor. Premis, servei de bar amb preus populars i moltes ganes de passar-ho b\u00e9!<\/p>\n<p data-start=\"460\" data-end=\"669\">En finalitzar l'activitat, pujarem tots junts fins al Parc Central Nou per a unir-nos al <strong data-start=\"595\" data-end=\"624\">flashmob de les Dissantes<\/strong>, amb <strong data-start=\"634\" data-end=\"650\">Wiz Problema<\/strong> i <strong data-start=\"653\" data-end=\"668\">Mama Dousha<\/strong>.<\/p>\n<p data-start=\"671\" data-end=\"704\"><strong data-start=\"671\" data-end=\"684\">Organitza:<\/strong> Fundaci\u00f3 el Maresme<\/p>","protected":false},"excerpt":{"rendered":"<p>Una tarde de m\u00fasica, diversi\u00f3n y juego con PD Bingos.Jugaremos al cl\u00e1sico bingo, pero con canciones actuales y de siempre. Cada n\u00famero se acompa\u00f1a de m\u00fasica y buen humor. \u00a1Premios, servicio de bar con precios populares y muchas ganas de pasarlo bien! Al finalizar la actividad, subiremos todos juntos hasta el Parque Central Nuevo para &hellip; <\/p>","protected":false},"author":11,"featured_media":17531,"parent":0,"menu_order":0,"comment_status":"open","ping_status":"closed","template":"","class_list":["post-17840","listing","type-listing","status-publish","has-post-thumbnail","hentry","listing_cat-actividades-santes2025","listing_feature-agenda-cultural","listing_feature-ideal-ninos","listing_location-cataluna","listing_location-centro","listing_location-mataro","listing_tag-19-de-julio","listing_tag-evento-fiesta-mayor"],"_links":{"self":[{"href":"https:\/\/mataroactiva.net\/cat\/wp-json\/wp\/v2\/listing\/17840","targetHints":{"allow":["GET"]}}],"collection":[{"href":"https:\/\/mataroactiva.net\/cat\/wp-json\/wp\/v2\/listing"}],"about":[{"href":"https:\/\/mataroactiva.net\/cat\/wp-json\/wp\/v2\/types\/listing"}],"author":[{"embeddable":true,"href":"https:\/\/mataroactiva.net\/cat\/wp-json\/wp\/v2\/users\/11"}],"replies":[{"embeddable":true,"href":"https:\/\/mataroactiva.net\/cat\/wp-json\/wp\/v2\/comments?post=17840"}],"wp:featuredmedia":[{"embeddable":true,"href":"https:\/\/mataroactiva.net\/cat\/wp-json\/wp\/v2\/media\/17531"}],"wp:attachment":[{"href":"https:\/\/mataroactiva.net\/cat\/wp-json\/wp\/v2\/media?parent=17840"}],"curies":[{"name":"wp","href":"https:\/\/api.w.org\/{rel}","templated":true}]}}

<p data-start="205" data-end="458">Una tarda de música, diversió i joc amb PD Bingos.<br data-start="258" data-end="261" />Jugarem al clàssic bingo, però amb cançons actuals i de sempre. Cada número s'acompanya de música i bon humor. Premis, servei de bar amb preus populars i moltes ganes de passar-ho bé!</p>
<p data-start="460" data-end="669">En finalitzar l'activitat, pujarem tots junts fins al Parc Central Nou per a unir-nos al <strong data-start="595" data-end="624">flashmob de les Dissantes</strong>, amb <strong data-start="634" data-end="650">Wiz Problema</strong> i <strong data-start="653" data-end="668">Mama Dousha</strong>.</p>
<p data-start="671" data-end="704"><strong data-start="671" data-end="684">Organitza:</strong> Fundació el Maresme</p>

<p>Una tarde de música, diversión y juego con PD Bingos.Jugaremos al clásico bingo, pero con canciones actuales y de siempre. Cada número se acompaña de música y buen humor. ¡Premios, servicio de bar con precios populares y muchas ganas de pasarlo bien! Al finalizar la actividad, subiremos todos juntos hasta el Parque Central Nuevo para &hellip; </p>
