{"id":17838,"date":"2025-07-13T19:23:28","date_gmt":"2025-07-13T17:23:28","guid":{"rendered":"https:\/\/mataroactiva.net\/?post_type=listing&#038;p=17838"},"modified":"2025-07-13T19:26:20","modified_gmt":"2025-07-13T17:26:20","slug":"santes2025-diada-castellera-de-les-santes","status":"publish","type":"listing","link":"https:\/\/mataroactiva.net\/cat\/negocio\/santes2025-diada-castellera-de-les-santes\/","title":{"rendered":"Diada castellera de Les Santes"},"content":{"rendered":"<p data-start=\"208\" data-end=\"444\">Els amfitrions, la Colla Castellera Capgrossos de Matar\u00f3, al costat de dos grups convidats de primer nivell, els Minyons de Terrassa i els Castellers de Vilafranca, aixecaran les seves millors construccions per a tocar el cel amb els seus castells.<\/p>\n<p data-start=\"446\" data-end=\"669\">La nostra colla castellera vol lluir-se especialment en Les Santes. Despr\u00e9s d'una bona temporada, els Capgrossos segur que s'atreviran amb castells ambiciosos per a aquesta gran cita. Acompanyem-los i animem-los a aconseguir-ho!<\/p>\n<p data-start=\"671\" data-end=\"1154\">La pla\u00e7a, com sempre, estar\u00e0 plena a vessar. Les camises blaves, liles i verdes tenyiran la pla\u00e7a de Santa Anna. Les pinyes es tancaran amb precisi\u00f3. Les grallas comen\u00e7aran a sonar i els castells s'elevaran un darrere l'altre. El p\u00fablic, expectant, seguir\u00e0 l'ascens de les enxanetes fins al m\u00e9s alt del castell, aixecant la m\u00e0 en senyal d'\u00e8xit. Els aplaudiments i crits d'emoci\u00f3 esclataran amb cada castell descarregat. Els castells s\u00f3n emoci\u00f3, nervis i alegria compartida.<\/p>\n<p data-start=\"1156\" data-end=\"1337\">En finalitzar la jornada castellera, hi haur\u00e0 una animada cercavila pujant per la Riera fins al Nou Parc Central, on continuaran les celebracions amb els concerts de Dissantes.<\/p>\n<p data-start=\"1339\" data-end=\"1416\"><strong data-start=\"1339\" data-end=\"1353\">Organitzen:<\/strong> Ajuntament de Matar\u00f3 i Colla Castellera Capgrossos de Matar\u00f3<\/p>","protected":false},"excerpt":{"rendered":"<p>Los anfitriones, la Colla Castellera Capgrossos de Matar\u00f3, junto a dos grupos invitados de primer nivel, los Minyons de Terrassa y los Castellers de Vilafranca, levantar\u00e1n sus mejores construcciones para tocar el cielo con sus castells. Nuestra colla castellera quiere lucirse especialmente en Les Santes. Tras una buena temporada, los Capgrossos seguro que se atrever\u00e1n &hellip; <\/p>","protected":false},"author":11,"featured_media":17530,"parent":0,"menu_order":0,"comment_status":"open","ping_status":"closed","template":"","class_list":["post-17838","listing","type-listing","status-publish","has-post-thumbnail","hentry","listing_cat-actividades-santes2025","listing_feature-agenda-cultural","listing_feature-ideal-ninos","listing_location-cataluna","listing_location-centro","listing_location-mataro","listing_tag-19-de-julio","listing_tag-evento-fiesta-mayor"],"_links":{"self":[{"href":"https:\/\/mataroactiva.net\/cat\/wp-json\/wp\/v2\/listing\/17838","targetHints":{"allow":["GET"]}}],"collection":[{"href":"https:\/\/mataroactiva.net\/cat\/wp-json\/wp\/v2\/listing"}],"about":[{"href":"https:\/\/mataroactiva.net\/cat\/wp-json\/wp\/v2\/types\/listing"}],"author":[{"embeddable":true,"href":"https:\/\/mataroactiva.net\/cat\/wp-json\/wp\/v2\/users\/11"}],"replies":[{"embeddable":true,"href":"https:\/\/mataroactiva.net\/cat\/wp-json\/wp\/v2\/comments?post=17838"}],"wp:featuredmedia":[{"embeddable":true,"href":"https:\/\/mataroactiva.net\/cat\/wp-json\/wp\/v2\/media\/17530"}],"wp:attachment":[{"href":"https:\/\/mataroactiva.net\/cat\/wp-json\/wp\/v2\/media?parent=17838"}],"curies":[{"name":"wp","href":"https:\/\/api.w.org\/{rel}","templated":true}]}}

<p data-start="208" data-end="444">Els amfitrions, la Colla Castellera Capgrossos de Mataró, al costat de dos grups convidats de primer nivell, els Minyons de Terrassa i els Castellers de Vilafranca, aixecaran les seves millors construccions per a tocar el cel amb els seus castells.</p>
<p data-start="446" data-end="669">La nostra colla castellera vol lluir-se especialment en Les Santes. Després d'una bona temporada, els Capgrossos segur que s'atreviran amb castells ambiciosos per a aquesta gran cita. Acompanyem-los i animem-los a aconseguir-ho!</p>
<p data-start="671" data-end="1154">La plaça, com sempre, estarà plena a vessar. Les camises blaves, liles i verdes tenyiran la plaça de Santa Anna. Les pinyes es tancaran amb precisió. Les grallas començaran a sonar i els castells s'elevaran un darrere l'altre. El públic, expectant, seguirà l'ascens de les enxanetes fins al més alt del castell, aixecant la mà en senyal d'èxit. Els aplaudiments i crits d'emoció esclataran amb cada castell descarregat. Els castells són emoció, nervis i alegria compartida.</p>
<p data-start="1156" data-end="1337">En finalitzar la jornada castellera, hi haurà una animada cercavila pujant per la Riera fins al Nou Parc Central, on continuaran les celebracions amb els concerts de Dissantes.</p>
<p data-start="1339" data-end="1416"><strong data-start="1339" data-end="1353">Organitzen:</strong> Ajuntament de Mataró i Colla Castellera Capgrossos de Mataró</p>

<p>Los anfitriones, la Colla Castellera Capgrossos de Mataró, junto a dos grupos invitados de primer nivel, los Minyons de Terrassa y los Castellers de Vilafranca, levantarán sus mejores construcciones para tocar el cielo con sus castells. Nuestra colla castellera quiere lucirse especialmente en Les Santes. Tras una buena temporada, los Capgrossos seguro que se atreverán &hellip; </p>
