{"id":17836,"date":"2025-07-13T19:05:36","date_gmt":"2025-07-13T17:05:36","guid":{"rendered":"https:\/\/mataroactiva.net\/?post_type=listing&#038;p=17836"},"modified":"2025-07-13T19:06:35","modified_gmt":"2025-07-13T17:06:35","slug":"santes2025-proclama-de-fiesta-mayor","status":"publish","type":"listing","link":"https:\/\/mataroactiva.net\/cat\/negocio\/santes2025-proclama-de-fiesta-mayor\/","title":{"rendered":"Proclama de Festa Major"},"content":{"rendered":"<p data-start=\"296\" data-end=\"456\">Una vegada l'alcalde ha fet l'anunci oficial a l'Herald que la Festa Major est\u00e0 a punt de comen\u00e7ar!, \u00e9s moment de fer-ho saber a tota la ciutat.<\/p>\n<p data-start=\"458\" data-end=\"629\">L'Herald, acompanyat dels Trampes, els banderers i els flabiolaires, recorrer\u00e0 els carrers del centre hist\u00f2ric proclamant que la festa \u00e9s aqu\u00ed.<\/p>\n<p data-start=\"631\" data-end=\"988\">\ud83c\udfb6 Els tambors marcaran el ritme constant i solemne: <em data-start=\"686\" data-end=\"725\">\u201ctram-pes, tram-pes, tot s\u00f3n trampes\u201d<\/em>.<br data-start=\"726\" data-end=\"729\" \/>\ud83c\udfbc Els flabiolaires, amb la samarreta dels Santes, interpretaran la marxa del toc de novena, composta pel m\u00fasic mataron\u00ed Pol Ducable.<br data-start=\"879\" data-end=\"882\" \/>\ud83c\udf8f Les banderes de colors onejaran entre els carrers, i els sons festius comen\u00e7aran a omplir la ciutat.<\/p>\n<h4 data-start=\"990\" data-end=\"1012\">\n\ud83d\udccd Recorregut:<\/h4>\n<p data-start=\"1013\" data-end=\"1314\">Proclama devant de l'Ajuntament \u2192 La Riera a dalt \u2192 Carrer Nou \u2192 Proclama a la Pla\u00e7a de Santa Maria \u2192 Carrer de Santa Maria \u2192 Pla\u00e7a Gran \u2192 Carrer de Santa Maria \u2192 Proclama a la Pla\u00e7a Xica \u2192 Carrer de Sant Crist\u00f2for \u2192 Pla\u00e7a de la Peixateria \u2192 Carrer de Barcelona \u2192 Proclama a la Pla\u00e7a de Santa Anna.<\/p>\n<p data-start=\"1316\" data-end=\"1463\">Una tradici\u00f3 sonora, visual i molt mataronina que marca l'inici emocional de Les Santes.<br data-start=\"1406\" data-end=\"1409\" \/>Surt al carrer i viu l'arrencada de la Festa Major!<\/p>\n<p data-start=\"1465\" data-end=\"1501\"><strong>Organitza:<\/strong> Ajuntament de Matar\u00f3<\/p>","protected":false},"excerpt":{"rendered":"<p>Una vez el alcalde ha hecho el anuncio oficial al Heraldo de que \u00a1la Fiesta Mayor est\u00e1 a punto de comenzar!, es momento de hacerlo saber a toda la ciudad. El Heraldo, acompa\u00f1ado de les Trampes, los abanderados y los flabiolaires, recorrer\u00e1 las calles del centro hist\u00f3rico proclamando que la fiesta est\u00e1 aqu\u00ed. \ud83c\udfb6 Los &hellip; <\/p>","protected":false},"author":11,"featured_media":17528,"parent":0,"menu_order":0,"comment_status":"open","ping_status":"closed","template":"","class_list":["post-17836","listing","type-listing","status-publish","has-post-thumbnail","hentry","listing_cat-actividades-santes2025","listing_feature-agenda-cultural","listing_feature-ideal-ninos","listing_location-cataluna","listing_location-centro","listing_location-mataro","listing_tag-19-de-julio","listing_tag-evento-fiesta-mayor"],"_links":{"self":[{"href":"https:\/\/mataroactiva.net\/cat\/wp-json\/wp\/v2\/listing\/17836","targetHints":{"allow":["GET"]}}],"collection":[{"href":"https:\/\/mataroactiva.net\/cat\/wp-json\/wp\/v2\/listing"}],"about":[{"href":"https:\/\/mataroactiva.net\/cat\/wp-json\/wp\/v2\/types\/listing"}],"author":[{"embeddable":true,"href":"https:\/\/mataroactiva.net\/cat\/wp-json\/wp\/v2\/users\/11"}],"replies":[{"embeddable":true,"href":"https:\/\/mataroactiva.net\/cat\/wp-json\/wp\/v2\/comments?post=17836"}],"wp:featuredmedia":[{"embeddable":true,"href":"https:\/\/mataroactiva.net\/cat\/wp-json\/wp\/v2\/media\/17528"}],"wp:attachment":[{"href":"https:\/\/mataroactiva.net\/cat\/wp-json\/wp\/v2\/media?parent=17836"}],"curies":[{"name":"wp","href":"https:\/\/api.w.org\/{rel}","templated":true}]}}

<p data-start="296" data-end="456">Una vegada l'alcalde ha fet l'anunci oficial a l'Herald que la Festa Major està a punt de començar!, és moment de fer-ho saber a tota la ciutat.</p>
<p data-start="458" data-end="629">L'Herald, acompanyat dels Trampes, els banderers i els flabiolaires, recorrerà els carrers del centre històric proclamant que la festa és aquí.</p>
<p data-start="631" data-end="988">🎶 Els tambors marcaran el ritme constant i solemne: <em data-start="686" data-end="725">“tram-pes, tram-pes, tot són trampes”</em>.<br data-start="726" data-end="729" />🎼 Els flabiolaires, amb la samarreta dels Santes, interpretaran la marxa del toc de novena, composta pel músic mataroní Pol Ducable.<br data-start="879" data-end="882" />🎏 Les banderes de colors onejaran entre els carrers, i els sons festius començaran a omplir la ciutat.</p>
<h4 data-start="990" data-end="1012">
📍 Recorregut:</h4>
<p data-start="1013" data-end="1314">Proclama devant de l'Ajuntament → La Riera a dalt → Carrer Nou → Proclama a la Plaça de Santa Maria → Carrer de Santa Maria → Plaça Gran → Carrer de Santa Maria → Proclama a la Plaça Xica → Carrer de Sant Cristòfor → Plaça de la Peixateria → Carrer de Barcelona → Proclama a la Plaça de Santa Anna.</p>
<p data-start="1316" data-end="1463">Una tradició sonora, visual i molt mataronina que marca l'inici emocional de Les Santes.<br data-start="1406" data-end="1409" />Surt al carrer i viu l'arrencada de la Festa Major!</p>
<p data-start="1465" data-end="1501"><strong>Organitza:</strong> Ajuntament de Mataró</p>

<p>Una vez el alcalde ha hecho el anuncio oficial al Heraldo de que ¡la Fiesta Mayor está a punto de comenzar!, es momento de hacerlo saber a toda la ciudad. El Heraldo, acompañado de les Trampes, los abanderados y los flabiolaires, recorrerá las calles del centro histórico proclamando que la fiesta está aquí. 🎶 Los &hellip; </p>
