{"id":17835,"date":"2025-07-13T18:57:07","date_gmt":"2025-07-13T16:57:07","guid":{"rendered":"https:\/\/mataroactiva.net\/?post_type=listing&#038;p=17835"},"modified":"2025-07-13T18:57:07","modified_gmt":"2025-07-13T16:57:07","slug":"santes2025-juegos-de-santi","status":"publish","type":"listing","link":"https:\/\/mataroactiva.net\/cat\/negocio\/santes2025-juegos-de-santi\/","title":{"rendered":"Jocs d'en Santi"},"content":{"rendered":"<p data-start=\"314\" data-end=\"518\">Un dia ple de diversi\u00f3, jocs i valors. Nens i nenes podran gaudir de tallers, reptes i activitats pensades per a viure i compartir diferents realitats que formen part de la nostra societat.<\/p>\n<p data-start=\"520\" data-end=\"781\">Entre les propostes d'enguany trobar\u00e0s:<br data-start=\"565\" data-end=\"568\" \/>\ud83e\udde9 Un circuit de mobilitat redu\u00efda per a experimentar com es desplacen les persones amb dificultats motores.<br data-start=\"683\" data-end=\"686\" \/>\ud83e\uddaf Un circuit sensorial dissenyat per a comprendre com s'orienten les persones invidents.<\/p>\n<p data-start=\"783\" data-end=\"898\">\ud83c\udfad A m\u00e9s, en l'escenari, dues sessions molt especials dels Contes d'en Santi, a les 18.30 h i a les 19.30 h.<\/p>\n<p data-start=\"900\" data-end=\"1118\">Una jornada per a jugar, aprendre i compartir.<br data-start=\"945\" data-end=\"948\" \/>Amb aquesta iniciativa, la Fundaci\u00f3 el Maresme continua apostant per la inclusi\u00f3 social, acostant a petits i majors realitats que ens ajuden a cr\u00e9ixer com a comunitat.<\/p>\n<p data-start=\"1120\" data-end=\"1261\">\ud83d\udc9b Pots col\u00b7laborar amb la fundaci\u00f3 adquirint productes del seu marxandatge, consumint en les barres o quedant-te a sopar en el recinte.<\/p>\n<p data-start=\"1263\" data-end=\"1335\"><strong data-start=\"1263\" data-end=\"1276\">Organitza:<\/strong> Fundaci\u00f3 el Maresme<br data-start=\"1296\" data-end=\"1299\" \/><strong data-start=\"1299\" data-end=\"1312\">Col\u00b7labora:<\/strong> Ajuntament de Matar\u00f3<\/p>","protected":false},"excerpt":{"rendered":"<p>Un d\u00eda lleno de diversi\u00f3n, juegos y valores. Ni\u00f1os y ni\u00f1as podr\u00e1n disfrutar de talleres, retos y actividades pensadas para vivir y compartir diferentes realidades que forman parte de nuestra sociedad. Entre las propuestas de este a\u00f1o encontrar\u00e1s:\ud83e\udde9 Un circuito de movilidad reducida para experimentar c\u00f3mo se desplazan las personas con dificultades motoras.\ud83e\uddaf Un circuito &hellip; <\/p>","protected":false},"author":11,"featured_media":17524,"parent":0,"menu_order":0,"comment_status":"open","ping_status":"closed","template":"","class_list":["post-17835","listing","type-listing","status-publish","has-post-thumbnail","hentry","listing_cat-actividades-santes2025","listing_feature-agenda-cultural","listing_feature-ideal-ninos","listing_location-cataluna","listing_location-centro","listing_location-mataro","listing_tag-19-de-julio","listing_tag-evento-fiesta-mayor"],"_links":{"self":[{"href":"https:\/\/mataroactiva.net\/cat\/wp-json\/wp\/v2\/listing\/17835","targetHints":{"allow":["GET"]}}],"collection":[{"href":"https:\/\/mataroactiva.net\/cat\/wp-json\/wp\/v2\/listing"}],"about":[{"href":"https:\/\/mataroactiva.net\/cat\/wp-json\/wp\/v2\/types\/listing"}],"author":[{"embeddable":true,"href":"https:\/\/mataroactiva.net\/cat\/wp-json\/wp\/v2\/users\/11"}],"replies":[{"embeddable":true,"href":"https:\/\/mataroactiva.net\/cat\/wp-json\/wp\/v2\/comments?post=17835"}],"wp:featuredmedia":[{"embeddable":true,"href":"https:\/\/mataroactiva.net\/cat\/wp-json\/wp\/v2\/media\/17524"}],"wp:attachment":[{"href":"https:\/\/mataroactiva.net\/cat\/wp-json\/wp\/v2\/media?parent=17835"}],"curies":[{"name":"wp","href":"https:\/\/api.w.org\/{rel}","templated":true}]}}

<p data-start="314" data-end="518">Un dia ple de diversió, jocs i valors. Nens i nenes podran gaudir de tallers, reptes i activitats pensades per a viure i compartir diferents realitats que formen part de la nostra societat.</p>
<p data-start="520" data-end="781">Entre les propostes d'enguany trobaràs:<br data-start="565" data-end="568" />🧩 Un circuit de mobilitat reduïda per a experimentar com es desplacen les persones amb dificultats motores.<br data-start="683" data-end="686" />🦯 Un circuit sensorial dissenyat per a comprendre com s'orienten les persones invidents.</p>
<p data-start="783" data-end="898">🎭 A més, en l'escenari, dues sessions molt especials dels Contes d'en Santi, a les 18.30 h i a les 19.30 h.</p>
<p data-start="900" data-end="1118">Una jornada per a jugar, aprendre i compartir.<br data-start="945" data-end="948" />Amb aquesta iniciativa, la Fundació el Maresme continua apostant per la inclusió social, acostant a petits i majors realitats que ens ajuden a créixer com a comunitat.</p>
<p data-start="1120" data-end="1261">💛 Pots col·laborar amb la fundació adquirint productes del seu marxandatge, consumint en les barres o quedant-te a sopar en el recinte.</p>
<p data-start="1263" data-end="1335"><strong data-start="1263" data-end="1276">Organitza:</strong> Fundació el Maresme<br data-start="1296" data-end="1299" /><strong data-start="1299" data-end="1312">Col·labora:</strong> Ajuntament de Mataró</p>

<p>Un día lleno de diversión, juegos y valores. Niños y niñas podrán disfrutar de talleres, retos y actividades pensadas para vivir y compartir diferentes realidades que forman parte de nuestra sociedad. Entre las propuestas de este año encontrarás:🧩 Un circuito de movilidad reducida para experimentar cómo se desplazan las personas con dificultades motoras.🦯 Un circuito &hellip; </p>
