{"id":17766,"date":"2025-07-13T01:21:54","date_gmt":"2025-07-12T23:21:54","guid":{"rendered":"https:\/\/mataroactiva.net\/?post_type=listing&#038;p=17766"},"modified":"2025-07-13T01:21:54","modified_gmt":"2025-07-12T23:21:54","slug":"santes2025-la-evolucion-de-la-tenora-en-el-universo-de-la-fiesta","status":"publish","type":"listing","link":"https:\/\/mataroactiva.net\/cat\/negocio\/santes2025-la-evolucion-de-la-tenora-en-el-universo-de-la-fiesta\/","title":{"rendered":"L'evoluci\u00f3 de la tenora en l'univers de la festa"},"content":{"rendered":"<p data-start=\"361\" data-end=\"632\">Enguany, l'acte institucional <strong data-start=\"393\" data-end=\"406\">L\u2019Estrena<\/strong> ens convida a reflexionar sobre un instrument emblem\u00e0tic de la nostra cultura festiva: <strong data-start=\"493\" data-end=\"506\">la tenora<\/strong>. La xerrada estar\u00e0 a c\u00e0rrec de <strong data-start=\"536\" data-end=\"558\">dues veus expertes<\/strong> que dialogaran sobre la seva evoluci\u00f3 i paper en les celebracions populars.<\/p>\n<p data-start=\"634\" data-end=\"883\">\ud83d\udde3\ufe0f <strong data-start=\"638\" data-end=\"661\">Miquel Puigdell\u00edvol<\/strong> (Matar\u00f3, 1939), lutier especialitzat en instruments de vent com la tenora, el tible o la flauta barroca.<br data-start=\"770\" data-end=\"773\" \/>\ud83d\udde3\ufe0f <strong data-start=\"777\" data-end=\"791\">Enric Ort\u00ed<\/strong> (Barcelona, 1966), compositor i primer tenora de la Cobla Sant Jordi \u2013 Ciutat de Barcelona.<\/p>\n<p data-start=\"885\" data-end=\"952\">Una conversa apassionant que barreja ofici, m\u00fasica i tradici\u00f3.<\/p>\n<p data-start=\"954\" data-end=\"1179\">En finalitzar, l'alcalde de Matar\u00f3 far\u00e0 el <strong data-start=\"997\" data-end=\"1027\">enc\u00e0rrec oficial a l'Herald<\/strong>, qui, acompanyat de les Trampes, els Flabiolaires i els banderers, anunciar\u00e0 per carrers i places que <strong data-start=\"1133\" data-end=\"1179\">la Festa Major \u00e9s a punt de comen\u00e7ar!<\/strong><\/p>\n<p data-start=\"1319\" data-end=\"1355\"><strong data-start=\"1319\" data-end=\"1332\">Organitza:<\/strong> Ajuntament de Matar\u00f3<\/p>","protected":false},"excerpt":{"rendered":"<p>Este a\u00f1o, el acto institucional L\u2019Estrena nos invita a reflexionar sobre un instrumento emblem\u00e1tico de nuestra cultura festiva: la tenora. La charla estar\u00e1 a cargo de dos voces expertas que dialogar\u00e1n sobre su evoluci\u00f3n y papel en las celebraciones populares. \ud83d\udde3\ufe0f Miquel Puigdell\u00edvol (Matar\u00f3, 1939), lutier especializado en instrumentos de viento como la tenora, el &hellip; <\/p>","protected":false},"author":11,"featured_media":17523,"parent":0,"menu_order":0,"comment_status":"open","ping_status":"closed","template":"","class_list":["post-17766","listing","type-listing","status-publish","has-post-thumbnail","hentry","listing_cat-actividades-santes2025","listing_feature-agenda-cultural","listing_feature-ideal-ninos","listing_location-cataluna","listing_location-centro","listing_location-mataro","listing_tag-19-de-julio","listing_tag-evento-fiesta-mayor"],"_links":{"self":[{"href":"https:\/\/mataroactiva.net\/cat\/wp-json\/wp\/v2\/listing\/17766","targetHints":{"allow":["GET"]}}],"collection":[{"href":"https:\/\/mataroactiva.net\/cat\/wp-json\/wp\/v2\/listing"}],"about":[{"href":"https:\/\/mataroactiva.net\/cat\/wp-json\/wp\/v2\/types\/listing"}],"author":[{"embeddable":true,"href":"https:\/\/mataroactiva.net\/cat\/wp-json\/wp\/v2\/users\/11"}],"replies":[{"embeddable":true,"href":"https:\/\/mataroactiva.net\/cat\/wp-json\/wp\/v2\/comments?post=17766"}],"wp:featuredmedia":[{"embeddable":true,"href":"https:\/\/mataroactiva.net\/cat\/wp-json\/wp\/v2\/media\/17523"}],"wp:attachment":[{"href":"https:\/\/mataroactiva.net\/cat\/wp-json\/wp\/v2\/media?parent=17766"}],"curies":[{"name":"wp","href":"https:\/\/api.w.org\/{rel}","templated":true}]}}

L'evolució de la tenora en l'univers de la festa

<p data-start="361" data-end="632">Enguany, l'acte institucional <strong data-start="393" data-end="406">L’Estrena</strong> ens convida a reflexionar sobre un instrument emblemàtic de la nostra cultura festiva: <strong data-start="493" data-end="506">la tenora</strong>. La xerrada estarà a càrrec de <strong data-start="536" data-end="558">dues veus expertes</strong> que dialogaran sobre la seva evolució i paper en les celebracions populars.</p>
<p data-start="634" data-end="883">🗣️ <strong data-start="638" data-end="661">Miquel Puigdellívol</strong> (Mataró, 1939), lutier especialitzat en instruments de vent com la tenora, el tible o la flauta barroca.<br data-start="770" data-end="773" />🗣️ <strong data-start="777" data-end="791">Enric Ortí</strong> (Barcelona, 1966), compositor i primer tenora de la Cobla Sant Jordi – Ciutat de Barcelona.</p>
<p data-start="885" data-end="952">Una conversa apassionant que barreja ofici, música i tradició.</p>
<p data-start="954" data-end="1179">En finalitzar, l'alcalde de Mataró farà el <strong data-start="997" data-end="1027">encàrrec oficial a l'Herald</strong>, qui, acompanyat de les Trampes, els Flabiolaires i els banderers, anunciarà per carrers i places que <strong data-start="1133" data-end="1179">la Festa Major és a punt de començar!</strong></p>
<p data-start="1319" data-end="1355"><strong data-start="1319" data-end="1332">Organitza:</strong> Ajuntament de Mataró</p>

<p>Este año, el acto institucional L’Estrena nos invita a reflexionar sobre un instrumento emblemático de nuestra cultura festiva: la tenora. La charla estará a cargo de dos voces expertas que dialogarán sobre su evolución y papel en las celebraciones populares. 🗣️ Miquel Puigdellívol (Mataró, 1939), lutier especializado en instrumentos de viento como la tenora, el &hellip; </p>
