{"id":17765,"date":"2025-07-13T01:14:43","date_gmt":"2025-07-12T23:14:43","guid":{"rendered":"https:\/\/mataroactiva.net\/?post_type=listing&#038;p=17765"},"modified":"2025-07-13T01:14:43","modified_gmt":"2025-07-12T23:14:43","slug":"santes2025-mercado-santero","status":"publish","type":"listing","link":"https:\/\/mataroactiva.net\/cat\/negocio\/santes2025-mercado-santero\/","title":{"rendered":"Mercat Santero"},"content":{"rendered":"<p data-start=\"272\" data-end=\"516\">Durant tot el dia, la Pla\u00e7a de Santa Mar\u00eda s'omple de vida amb una nova edici\u00f3 del Mercat Santero, on trobar\u00e0s llocs de comer\u00e7os locals amb productes vinculats a la Festa Major i a la cultura popular de Matar\u00f3.<\/p>\n<p data-start=\"518\" data-end=\"682\">Una jornada per a passejar, comprar, descobrir i gaudir de l'ambient festiu. A m\u00e9s, hi haur\u00e0 activitats complement\u00e0ries al llarg del dia per a tota la fam\u00edlia.<\/p>\n<p data-start=\"684\" data-end=\"758\">\ud83c\udfaa Tradici\u00f3, comer\u00e7os de proximitat i esperit festiu en un sol lloc.<\/p>\n<p data-start=\"760\" data-end=\"821\"><strong data-start=\"760\" data-end=\"773\">Organitza:<\/strong> Associaci\u00f3 Mercat de la Pla\u00e7a Gran i Casc Antic<\/p>","protected":false},"excerpt":{"rendered":"<p>Durante todo el d\u00eda, la Plaza de Santa Mar\u00eda se llena de vida con una nueva edici\u00f3n del Mercado Santero, donde encontrar\u00e1s puestos de comercios locales con productos vinculados a la Fiesta Mayor y a la cultura popular de Matar\u00f3. Una jornada para pasear, comprar, descubrir y disfrutar del ambiente festivo. Adem\u00e1s, habr\u00e1 actividades complementarias &hellip; <\/p>","protected":false},"author":11,"featured_media":17522,"parent":0,"menu_order":0,"comment_status":"open","ping_status":"closed","template":"","class_list":["post-17765","listing","type-listing","status-publish","has-post-thumbnail","hentry","listing_cat-actividades-santes2025","listing_feature-agenda-cultural","listing_feature-ideal-ninos","listing_location-cataluna","listing_location-centro","listing_location-mataro","listing_tag-19-de-julio","listing_tag-evento-fiesta-mayor"],"_links":{"self":[{"href":"https:\/\/mataroactiva.net\/cat\/wp-json\/wp\/v2\/listing\/17765","targetHints":{"allow":["GET"]}}],"collection":[{"href":"https:\/\/mataroactiva.net\/cat\/wp-json\/wp\/v2\/listing"}],"about":[{"href":"https:\/\/mataroactiva.net\/cat\/wp-json\/wp\/v2\/types\/listing"}],"author":[{"embeddable":true,"href":"https:\/\/mataroactiva.net\/cat\/wp-json\/wp\/v2\/users\/11"}],"replies":[{"embeddable":true,"href":"https:\/\/mataroactiva.net\/cat\/wp-json\/wp\/v2\/comments?post=17765"}],"wp:featuredmedia":[{"embeddable":true,"href":"https:\/\/mataroactiva.net\/cat\/wp-json\/wp\/v2\/media\/17522"}],"wp:attachment":[{"href":"https:\/\/mataroactiva.net\/cat\/wp-json\/wp\/v2\/media?parent=17765"}],"curies":[{"name":"wp","href":"https:\/\/api.w.org\/{rel}","templated":true}]}}

<p data-start="272" data-end="516">Durant tot el dia, la Plaça de Santa María s'omple de vida amb una nova edició del Mercat Santero, on trobaràs llocs de comerços locals amb productes vinculats a la Festa Major i a la cultura popular de Mataró.</p>
<p data-start="518" data-end="682">Una jornada per a passejar, comprar, descobrir i gaudir de l'ambient festiu. A més, hi haurà activitats complementàries al llarg del dia per a tota la família.</p>
<p data-start="684" data-end="758">🎪 Tradició, comerços de proximitat i esperit festiu en un sol lloc.</p>
<p data-start="760" data-end="821"><strong data-start="760" data-end="773">Organitza:</strong> Associació Mercat de la Plaça Gran i Casc Antic</p>

<p>Durante todo el día, la Plaza de Santa María se llena de vida con una nueva edición del Mercado Santero, donde encontrarás puestos de comercios locales con productos vinculados a la Fiesta Mayor y a la cultura popular de Mataró. Una jornada para pasear, comprar, descubrir y disfrutar del ambiente festivo. Además, habrá actividades complementarias &hellip; </p>
