{"id":17764,"date":"2025-07-13T01:05:32","date_gmt":"2025-07-12T23:05:32","guid":{"rendered":"https:\/\/mataroactiva.net\/?post_type=listing&#038;p=17764"},"modified":"2025-07-13T01:11:25","modified_gmt":"2025-07-12T23:11:25","slug":"santes2025-besos-por-les-santes","status":"publish","type":"listing","link":"https:\/\/mataroactiva.net\/cat\/negocio\/santes2025-besos-por-les-santes\/","title":{"rendered":"Besos por Les Santes"},"content":{"rendered":"<p data-start=\"354\" data-end=\"580\">L'amor, l'amistat i la festa tornen a passar per l'objectiu de l'Enric Lucena!<br data-start=\"435\" data-end=\"438\" \/>Arriba una nova edici\u00f3 de <strong data-start=\"465\" data-end=\"491\">\"Petons per Les Santes\"<\/strong>, una acci\u00f3 fotogr\u00e0fica on els petons i la Festa Major s\u00f3n els grans protagonistes.<\/p>\n<p data-start=\"582\" data-end=\"766\">Vine amb qui tu vulguis \u2014amics, parella, fam\u00edlia\u2014 i deixa't fotografiar mentre us feu un pet\u00f3. Si hi ha pet\u00f3 a la imatge, <strong data-start=\"706\" data-end=\"766\">t'emportes la foto en format digital totalment gratis!<\/strong><\/p>\n<p data-start=\"768\" data-end=\"880\">Una proposta art\u00edstica, divertida i emotiva que ja s'ha convertit en una cita imprescindible de Les Santes.<\/p>\n<p data-start=\"882\" data-end=\"942\">\u2764\ufe0f Una fotografia, un record, un moment per a compartir.<\/p>\n<p data-start=\"944\" data-end=\"1028\"><strong data-start=\"944\" data-end=\"957\">Organitza:<\/strong> Enric Lucena<br data-start=\"970\" data-end=\"973\" \/><strong data-start=\"973\" data-end=\"987\">Col\u00b7laboren:<\/strong> Foment Mataron\u00ed i Ajuntament de Matar\u00f3<\/p>\n<p data-start=\"944\" data-end=\"1028\">Foto: <a href=\"https:\/\/www.instagram.com\/enriclucena\/\" rel=\"noopener\">Enric Lucena<\/a><\/p>","protected":false},"excerpt":{"rendered":"<p>\u00a1El amor, la amistad y la fiesta vuelven a pasar por el objetivo de Enric Lucena!Llega una nueva edici\u00f3n de &#8220;Besos por Les Santes&#8221;, una acci\u00f3n fotogr\u00e1fica donde los besos y la Fiesta Mayor son los grandes protagonistas. Ven con quien t\u00fa quieras \u2014amigos, pareja, familia\u2014 y d\u00e9jate fotografiar mientras os dais un beso. Si &hellip; <\/p>","protected":false},"author":11,"featured_media":17521,"parent":0,"menu_order":0,"comment_status":"open","ping_status":"closed","template":"","class_list":["post-17764","listing","type-listing","status-publish","has-post-thumbnail","hentry","listing_cat-actividades-santes2025","listing_feature-agenda-cultural","listing_feature-ideal-ninos","listing_location-cataluna","listing_location-centro","listing_location-mataro","listing_tag-19-de-julio","listing_tag-evento-fiesta-mayor"],"_links":{"self":[{"href":"https:\/\/mataroactiva.net\/cat\/wp-json\/wp\/v2\/listing\/17764","targetHints":{"allow":["GET"]}}],"collection":[{"href":"https:\/\/mataroactiva.net\/cat\/wp-json\/wp\/v2\/listing"}],"about":[{"href":"https:\/\/mataroactiva.net\/cat\/wp-json\/wp\/v2\/types\/listing"}],"author":[{"embeddable":true,"href":"https:\/\/mataroactiva.net\/cat\/wp-json\/wp\/v2\/users\/11"}],"replies":[{"embeddable":true,"href":"https:\/\/mataroactiva.net\/cat\/wp-json\/wp\/v2\/comments?post=17764"}],"wp:featuredmedia":[{"embeddable":true,"href":"https:\/\/mataroactiva.net\/cat\/wp-json\/wp\/v2\/media\/17521"}],"wp:attachment":[{"href":"https:\/\/mataroactiva.net\/cat\/wp-json\/wp\/v2\/media?parent=17764"}],"curies":[{"name":"wp","href":"https:\/\/api.w.org\/{rel}","templated":true}]}}

<p data-start="354" data-end="580">L'amor, l'amistat i la festa tornen a passar per l'objectiu de l'Enric Lucena!<br data-start="435" data-end="438" />Arriba una nova edició de <strong data-start="465" data-end="491">"Petons per Les Santes"</strong>, una acció fotogràfica on els petons i la Festa Major són els grans protagonistes.</p>
<p data-start="582" data-end="766">Vine amb qui tu vulguis —amics, parella, família— i deixa't fotografiar mentre us feu un petó. Si hi ha petó a la imatge, <strong data-start="706" data-end="766">t'emportes la foto en format digital totalment gratis!</strong></p>
<p data-start="768" data-end="880">Una proposta artística, divertida i emotiva que ja s'ha convertit en una cita imprescindible de Les Santes.</p>
<p data-start="882" data-end="942">❤️ Una fotografia, un record, un moment per a compartir.</p>
<p data-start="944" data-end="1028"><strong data-start="944" data-end="957">Organitza:</strong> Enric Lucena<br data-start="970" data-end="973" /><strong data-start="973" data-end="987">Col·laboren:</strong> Foment Mataroní i Ajuntament de Mataró</p>
<p data-start="944" data-end="1028">Foto: <a href="https://www.instagram.com/enriclucena/" rel="noopener">Enric Lucena</a></p>

<p>¡El amor, la amistad y la fiesta vuelven a pasar por el objetivo de Enric Lucena!Llega una nueva edición de &#8220;Besos por Les Santes&#8221;, una acción fotográfica donde los besos y la Fiesta Mayor son los grandes protagonistas. Ven con quien tú quieras —amigos, pareja, familia— y déjate fotografiar mientras os dais un beso. Si &hellip; </p>
