{"id":17759,"date":"2025-07-13T00:18:54","date_gmt":"2025-07-12T22:18:54","guid":{"rendered":"https:\/\/mataroactiva.net\/?post_type=listing&#038;p=17759"},"modified":"2025-07-13T00:18:54","modified_gmt":"2025-07-12T22:18:54","slug":"santes2025-ensayo-de-la-colla-castellera","status":"publish","type":"listing","link":"https:\/\/mataroactiva.net\/cat\/negocio\/santes2025-ensayo-de-la-colla-castellera\/","title":{"rendered":"Assaig de la Colla Castellera"},"content":{"rendered":"<p data-start=\"117\" data-end=\"270\"><strong data-start=\"117\" data-end=\"176\">Assaig obert de castells amb els Capgrossos de Matar\u00f3<\/strong><br data-start=\"176\" data-end=\"179\" \/><strong data-start=\"179\" data-end=\"225\">Tot llest per a la gran diada castellera!<\/strong><br data-start=\"225\" data-end=\"228\" \/><strong data-start=\"228\" data-end=\"270\">Divendres 25 de juliol \u00b7 Pla\u00e7a Santa Anna<\/strong><\/p>\n<p data-start=\"272\" data-end=\"541\">Abans d'aixecar els castells m\u00e9s ambiciosos de la temporada, els Capgrossos de Matar\u00f3 surten a la pla\u00e7a per a realitzar el seu assaig general obert. Perqu\u00e8 les grans construccions humanes no s'improvisen, es preparen amb esfor\u00e7, t\u00e8cnica i treball en equip!<\/p>\n<p data-start=\"543\" data-end=\"857\">Durant l'assaig, es poliran els \u00faltims detalls i s'assajaran les estructures que s'intentaran el dissabte a la tarda en la gran diada castellera de la ciutat. Primer ser\u00e0 el torn de la canalla, i despr\u00e9s, tota la colla es posar\u00e0 a la feina per a assegurar les bases dels castells que tocaran el cel.<\/p>\n<p data-start=\"859\" data-end=\"1072\">La colla fa una crida a la participaci\u00f3: es necessita gent per a fer pinya! Quants m\u00e9s siguem, m\u00e9s forts i estables seran els castells. Vine, col\u00b7labora, anima i forma part d'aquesta tradici\u00f3 \u00fanica.<\/p>\n<p data-start=\"1074\" data-end=\"1122\">I en acabar\u2026 festa per a tothom!<\/p>\n<p data-start=\"1124\" data-end=\"1221\"><strong data-start=\"1124\" data-end=\"1137\">Organitza:<\/strong> Colla Castellera Capgrossos de Matar\u00f3<br data-start=\"1175\" data-end=\"1178\" \/><strong data-start=\"1178\" data-end=\"1221\">Amb el suport de l'Ajuntament de Matar\u00f3<\/strong><\/p>","protected":false},"excerpt":{"rendered":"<p>Ensayo abierto de castells con los Capgrossos de Matar\u00f3\u00a1Todo listo para la gran diada castellera!Viernes 25 de julio \u00b7 Plaza Santa Anna Antes de levantar los castells m\u00e1s ambiciosos de la temporada, los Capgrossos de Matar\u00f3 salen a la plaza para realizar su ensayo general abierto. Porque las grandes construcciones humanas no se improvisan, \u00a1se &hellip; <\/p>","protected":false},"author":11,"featured_media":17509,"parent":0,"menu_order":0,"comment_status":"open","ping_status":"closed","template":"","class_list":["post-17759","listing","type-listing","status-publish","has-post-thumbnail","hentry","listing_cat-actividades-santes2025","listing_feature-agenda-cultural","listing_feature-ideal-ninos","listing_location-cataluna","listing_location-centro","listing_location-mataro","listing_tag-evento-fiesta-mayor"],"_links":{"self":[{"href":"https:\/\/mataroactiva.net\/cat\/wp-json\/wp\/v2\/listing\/17759","targetHints":{"allow":["GET"]}}],"collection":[{"href":"https:\/\/mataroactiva.net\/cat\/wp-json\/wp\/v2\/listing"}],"about":[{"href":"https:\/\/mataroactiva.net\/cat\/wp-json\/wp\/v2\/types\/listing"}],"author":[{"embeddable":true,"href":"https:\/\/mataroactiva.net\/cat\/wp-json\/wp\/v2\/users\/11"}],"replies":[{"embeddable":true,"href":"https:\/\/mataroactiva.net\/cat\/wp-json\/wp\/v2\/comments?post=17759"}],"wp:featuredmedia":[{"embeddable":true,"href":"https:\/\/mataroactiva.net\/cat\/wp-json\/wp\/v2\/media\/17509"}],"wp:attachment":[{"href":"https:\/\/mataroactiva.net\/cat\/wp-json\/wp\/v2\/media?parent=17759"}],"curies":[{"name":"wp","href":"https:\/\/api.w.org\/{rel}","templated":true}]}}

<p data-start="117" data-end="270"><strong data-start="117" data-end="176">Assaig obert de castells amb els Capgrossos de Mataró</strong><br data-start="176" data-end="179" /><strong data-start="179" data-end="225">Tot llest per a la gran diada castellera!</strong><br data-start="225" data-end="228" /><strong data-start="228" data-end="270">Divendres 25 de juliol · Plaça Santa Anna</strong></p>
<p data-start="272" data-end="541">Abans d'aixecar els castells més ambiciosos de la temporada, els Capgrossos de Mataró surten a la plaça per a realitzar el seu assaig general obert. Perquè les grans construccions humanes no s'improvisen, es preparen amb esforç, tècnica i treball en equip!</p>
<p data-start="543" data-end="857">Durant l'assaig, es poliran els últims detalls i s'assajaran les estructures que s'intentaran el dissabte a la tarda en la gran diada castellera de la ciutat. Primer serà el torn de la canalla, i després, tota la colla es posarà a la feina per a assegurar les bases dels castells que tocaran el cel.</p>
<p data-start="859" data-end="1072">La colla fa una crida a la participació: es necessita gent per a fer pinya! Quants més siguem, més forts i estables seran els castells. Vine, col·labora, anima i forma part d'aquesta tradició única.</p>
<p data-start="1074" data-end="1122">I en acabar… festa per a tothom!</p>
<p data-start="1124" data-end="1221"><strong data-start="1124" data-end="1137">Organitza:</strong> Colla Castellera Capgrossos de Mataró<br data-start="1175" data-end="1178" /><strong data-start="1178" data-end="1221">Amb el suport de l'Ajuntament de Mataró</strong></p>

<p>Ensayo abierto de castells con los Capgrossos de Mataró¡Todo listo para la gran diada castellera!Viernes 25 de julio · Plaza Santa Anna Antes de levantar los castells más ambiciosos de la temporada, los Capgrossos de Mataró salen a la plaza para realizar su ensayo general abierto. Porque las grandes construcciones humanas no se improvisan, ¡se &hellip; </p>
