{"id":17757,"date":"2025-07-12T23:57:50","date_gmt":"2025-07-12T21:57:50","guid":{"rendered":"https:\/\/mataroactiva.net\/?post_type=listing&#038;p=17757"},"modified":"2025-07-13T00:03:22","modified_gmt":"2025-07-12T22:03:22","slug":"santes2025-toque-de-novena","status":"publish","type":"listing","link":"https:\/\/mataroactiva.net\/cat\/negocio\/santes2025-toque-de-novena\/","title":{"rendered":"Toc de novena"},"content":{"rendered":"<p data-start=\"150\" data-end=\"219\"><strong data-start=\"150\" data-end=\"219\">Les campanes de Santa Mar\u00eda anuncien l'inici de la Festa Major<\/strong><\/p>\n<p data-start=\"221\" data-end=\"552\">Com cada any, les campanes de Santa Mar\u00eda comencen a sonar marcant l'ambient festiu que ens acompanyar\u00e0 fins al dia 26 de juliol, vespra de les santes patrones. Aquests tocs manuals, tradicionals i plens de simbolisme, es van recuperar l'any passat amb motiu de la restauraci\u00f3 del campanar i les campanes de la bas\u00edlica.<\/p>\n<p data-start=\"554\" data-end=\"811\">Gr\u00e0cies a la dedicaci\u00f3 del grup de campaners i campaneres de Matar\u00f3 \u2014que de manera volunt\u00e0ria fan repicar les campanes els dissabtes al migdia, en vig\u00edlies festives i en altres dates assenyalades\u2014 podem continuar gaudint d'aquesta tradici\u00f3 viva i sonora.<\/p>\n<p data-start=\"813\" data-end=\"1046\">Des de novembre de 2022, el toc manual de campanes est\u00e0 reconegut com a Patrimoni Cultural Immaterial de la Humanitat per la UNESCO. Un motiu d'orgull per a Matar\u00f3, que conserva i celebra aquest llegat amb comprom\u00eds i entusiasme.<\/p>\n<p data-start=\"1048\" data-end=\"1184\">Per a m\u00e9s informaci\u00f3, pots visitar el lloc web del campanar de Matar\u00f3 o la secci\u00f3 dedicada a les campanes a la web de Les Santes.<\/p>\n<p data-start=\"1048\" data-end=\"1184\">Foto: <a href=\"https:\/\/www.instagram.com\/romualdgallofre\/\" rel=\"noopener\">Romuald Gallofr\u00e9<\/a><\/p>","protected":false},"excerpt":{"rendered":"<p>Las campanas de Santa Mar\u00eda anuncian el inicio de la Fiesta Mayor Como cada a\u00f1o, las campanas de Santa Mar\u00eda empiezan a sonar marcando el ambiente festivo que nos acompa\u00f1ar\u00e1 hasta el d\u00eda 26 de julio, v\u00edspera de las santas patronas. Estos toques manuales, tradicionales y llenos de simbolismo, se recuperaron el a\u00f1o pasado con &hellip; <\/p>","protected":false},"author":11,"featured_media":17490,"parent":0,"menu_order":0,"comment_status":"open","ping_status":"closed","template":"","class_list":["post-17757","listing","type-listing","status-publish","has-post-thumbnail","hentry","listing_cat-actividades-santes2025","listing_feature-agenda-cultural","listing_feature-ideal-ninos","listing_location-cataluna","listing_location-centro","listing_location-mataro","listing_tag-evento-fiesta-mayor"],"_links":{"self":[{"href":"https:\/\/mataroactiva.net\/cat\/wp-json\/wp\/v2\/listing\/17757","targetHints":{"allow":["GET"]}}],"collection":[{"href":"https:\/\/mataroactiva.net\/cat\/wp-json\/wp\/v2\/listing"}],"about":[{"href":"https:\/\/mataroactiva.net\/cat\/wp-json\/wp\/v2\/types\/listing"}],"author":[{"embeddable":true,"href":"https:\/\/mataroactiva.net\/cat\/wp-json\/wp\/v2\/users\/11"}],"replies":[{"embeddable":true,"href":"https:\/\/mataroactiva.net\/cat\/wp-json\/wp\/v2\/comments?post=17757"}],"wp:featuredmedia":[{"embeddable":true,"href":"https:\/\/mataroactiva.net\/cat\/wp-json\/wp\/v2\/media\/17490"}],"wp:attachment":[{"href":"https:\/\/mataroactiva.net\/cat\/wp-json\/wp\/v2\/media?parent=17757"}],"curies":[{"name":"wp","href":"https:\/\/api.w.org\/{rel}","templated":true}]}}

<p data-start="150" data-end="219"><strong data-start="150" data-end="219">Les campanes de Santa María anuncien l'inici de la Festa Major</strong></p>
<p data-start="221" data-end="552">Com cada any, les campanes de Santa María comencen a sonar marcant l'ambient festiu que ens acompanyarà fins al dia 26 de juliol, vespra de les santes patrones. Aquests tocs manuals, tradicionals i plens de simbolisme, es van recuperar l'any passat amb motiu de la restauració del campanar i les campanes de la basílica.</p>
<p data-start="554" data-end="811">Gràcies a la dedicació del grup de campaners i campaneres de Mataró —que de manera voluntària fan repicar les campanes els dissabtes al migdia, en vigílies festives i en altres dates assenyalades— podem continuar gaudint d'aquesta tradició viva i sonora.</p>
<p data-start="813" data-end="1046">Des de novembre de 2022, el toc manual de campanes està reconegut com a Patrimoni Cultural Immaterial de la Humanitat per la UNESCO. Un motiu d'orgull per a Mataró, que conserva i celebra aquest llegat amb compromís i entusiasme.</p>
<p data-start="1048" data-end="1184">Per a més informació, pots visitar el lloc web del campanar de Mataró o la secció dedicada a les campanes a la web de Les Santes.</p>
<p data-start="1048" data-end="1184">Foto: <a href="https://www.instagram.com/romualdgallofre/" rel="noopener">Romuald Gallofré</a></p>

<p>Las campanas de Santa María anuncian el inicio de la Fiesta Mayor Como cada año, las campanas de Santa María empiezan a sonar marcando el ambiente festivo que nos acompañará hasta el día 26 de julio, víspera de las santas patronas. Estos toques manuales, tradicionales y llenos de simbolismo, se recuperaron el año pasado con &hellip; </p>
