{"id":17753,"date":"2025-07-12T23:36:47","date_gmt":"2025-07-12T21:36:47","guid":{"rendered":"https:\/\/mataroactiva.net\/?post_type=listing&#038;p=17753"},"modified":"2025-07-12T23:48:17","modified_gmt":"2025-07-12T21:48:17","slug":"santes2025-firma-de-carteles-de-les-santes","status":"publish","type":"listing","link":"https:\/\/mataroactiva.net\/cat\/negocio\/santes2025-firma-de-carteles-de-les-santes\/","title":{"rendered":"Signatura de cartells de Les Santes"},"content":{"rendered":"<p data-start=\"177\" data-end=\"463\">L'Ana Garc\u00eda P\u00e9rez, autora del cartell de la Festa Major d'enguany, estar\u00e0 a la pla\u00e7a Santa Anna signant exemplars i compartint un moment amb els qui s'acostin.<\/p>\n<p data-start=\"177\" data-end=\"463\">Una oportunitat \u00fanica per a con\u00e8ixer a l'artista, xerrar amb ella sobre la seva obra i portar-te un cartell amb dedicat\u00f2ria personalitzada.<\/p>","protected":false},"excerpt":{"rendered":"<p>Ana Garc\u00eda P\u00e9rez, autora del cartel de la Fiesta Mayor de este a\u00f1o, estar\u00e1 en la plaza de Santa Anna firmando ejemplares y compartiendo un momento con quienes se acerquen. Una oportunidad \u00fanica para conocer a la artista, charlar con ella sobre su obra y llevarte un cartel con dedicatoria personalizada.<\/p>","protected":false},"author":11,"featured_media":17488,"parent":0,"menu_order":0,"comment_status":"open","ping_status":"closed","template":"","class_list":["post-17753","listing","type-listing","status-publish","has-post-thumbnail","hentry","listing_cat-actividades-santes2025","listing_feature-agenda-cultural","listing_feature-ideal-ninos","listing_location-cataluna","listing_location-centro","listing_location-mataro","listing_tag-evento-fiesta-mayor"],"_links":{"self":[{"href":"https:\/\/mataroactiva.net\/cat\/wp-json\/wp\/v2\/listing\/17753","targetHints":{"allow":["GET"]}}],"collection":[{"href":"https:\/\/mataroactiva.net\/cat\/wp-json\/wp\/v2\/listing"}],"about":[{"href":"https:\/\/mataroactiva.net\/cat\/wp-json\/wp\/v2\/types\/listing"}],"author":[{"embeddable":true,"href":"https:\/\/mataroactiva.net\/cat\/wp-json\/wp\/v2\/users\/11"}],"replies":[{"embeddable":true,"href":"https:\/\/mataroactiva.net\/cat\/wp-json\/wp\/v2\/comments?post=17753"}],"wp:featuredmedia":[{"embeddable":true,"href":"https:\/\/mataroactiva.net\/cat\/wp-json\/wp\/v2\/media\/17488"}],"wp:attachment":[{"href":"https:\/\/mataroactiva.net\/cat\/wp-json\/wp\/v2\/media?parent=17753"}],"curies":[{"name":"wp","href":"https:\/\/api.w.org\/{rel}","templated":true}]}}

<p data-start="177" data-end="463">L'Ana García Pérez, autora del cartell de la Festa Major d'enguany, estarà a la plaça Santa Anna signant exemplars i compartint un moment amb els qui s'acostin.</p>
<p data-start="177" data-end="463">Una oportunitat única per a conèixer a l'artista, xerrar amb ella sobre la seva obra i portar-te un cartell amb dedicatòria personalitzada.</p>

<p>Ana García Pérez, autora del cartel de la Fiesta Mayor de este año, estará en la plaza de Santa Anna firmando ejemplares y compartiendo un momento con quienes se acerquen. Una oportunidad única para conocer a la artista, charlar con ella sobre su obra y llevarte un cartel con dedicatoria personalizada.</p>
