{"id":17739,"date":"2025-07-12T23:24:49","date_gmt":"2025-07-12T21:24:49","guid":{"rendered":"https:\/\/mataroactiva.net\/?post_type=listing&#038;p=17739"},"modified":"2025-07-12T23:24:49","modified_gmt":"2025-07-12T21:24:49","slug":"santes2025-29-de-julio","status":"publish","type":"listing","link":"https:\/\/mataroactiva.net\/cat\/negocio\/santes2025-29-de-julio\/","title":{"rendered":"Programa &#8211; 29 de Julio"},"content":{"rendered":"<p data-start=\"195\" data-end=\"440\">Las \u00faltimas horas de Les Santes llegan cargadas de emoci\u00f3n y buen ritmo. A las 12:30 h, la plaza de Cuba se llena de tradici\u00f3n y alegr\u00eda con el Vermut de bastones, un encuentro festivo donde la danza popular marca el comp\u00e1s del mediod\u00eda.<\/p>\n<p data-start=\"442\" data-end=\"898\">Por la tarde, a las 18 h, el Ayuntamiento acoge \u201cEnfigura\u2019t\u201d, una actividad participativa para despedir las figuras m\u00e1s emblem\u00e1ticas de la fiesta. A la misma hora, en la Llar Cabanellas, se abre paso la imaginaci\u00f3n con el espect\u00e1culo familiar \u201cB.O.M. Cuentos de Brujas, Ogros y Monstruos\u201d (18:15 h), seguido por \u201cLa isla de Luis\u201d (19:15 h) y el concierto familiar \u201cBuen viento\u201d (20 h), ideal para cerrar la jornada con los m\u00e1s peque\u00f1os.<\/p>\n<p data-start=\"900\" data-end=\"1084\">A las 19:15 h frente al Ayuntamiento, \u201cVamos a cerrar\u201d marca el inicio simb\u00f3lico del fin de fiesta, con una mezcla de nostalgia y alegr\u00eda colectiva. Pero a\u00fan queda mucho por vivir.<\/p>\n<p data-start=\"1086\" data-end=\"1416\">El Concierto de Fiesta Mayor en el Parque Central Nuevo (19:30 h) re\u00fane a miles de asistentes, mientras que en plaza Santa Anna, a las 21 h, comienzan los Conciertos Marrinxa, cargados de energ\u00eda. Y en la Llar Cabanellas, la m\u00fasica no se detiene con \u201cBotifarra a banda\u201d (22 h), una propuesta festiva y tradicional.<\/p>\n<p data-start=\"1418\" data-end=\"1695\">La medianoche llega con tres momentos claves: la intervenci\u00f3n art\u00edstica \u201cPalabras de amor\u201d de N\u00faria G\u00fcell en el M|A|C Prisi\u00f3n (23:59 h), la esperada Tronada de fin de fiesta (23:59 h), y la explosiva Traca Final (00:10 h), que llenar\u00e1 el cielo de luz y emoci\u00f3n.<\/p>\n<p data-start=\"1697\" data-end=\"1915\">Pero si a\u00fan queda fuerza, la jornada se cierra con L\u2019Albada (6:00 h del d\u00eda 30), un ritual m\u00e1gico de despedida en el Parque Central, que da por concluidas unas Santes intensas, \u00fanicas y, como siempre, inolvidables.<\/p>","protected":false},"excerpt":{"rendered":"<p>Las \u00faltimas horas de Les Santes llegan cargadas de emoci\u00f3n y buen ritmo. A las 12:30 h, la plaza de Cuba se llena de tradici\u00f3n y alegr\u00eda con el Vermut de bastones, un encuentro festivo donde la danza popular marca el comp\u00e1s del mediod\u00eda. Por la tarde, a las 18 h, el Ayuntamiento acoge \u201cEnfigura\u2019t\u201d, &hellip; <\/p>","protected":false},"author":11,"featured_media":17743,"parent":0,"menu_order":0,"comment_status":"open","ping_status":"closed","template":"","class_list":["post-17739","listing","type-listing","status-publish","has-post-thumbnail","hentry","listing_cat-les-santes-2025","listing_feature-agenda-cultural","listing_feature-ideal-ninos","listing_location-cataluna","listing_location-centro","listing_location-mataro","listing_tag-fiesta-local","listing_tag-fiesta-mayor"],"_links":{"self":[{"href":"https:\/\/mataroactiva.net\/cat\/wp-json\/wp\/v2\/listing\/17739","targetHints":{"allow":["GET"]}}],"collection":[{"href":"https:\/\/mataroactiva.net\/cat\/wp-json\/wp\/v2\/listing"}],"about":[{"href":"https:\/\/mataroactiva.net\/cat\/wp-json\/wp\/v2\/types\/listing"}],"author":[{"embeddable":true,"href":"https:\/\/mataroactiva.net\/cat\/wp-json\/wp\/v2\/users\/11"}],"replies":[{"embeddable":true,"href":"https:\/\/mataroactiva.net\/cat\/wp-json\/wp\/v2\/comments?post=17739"}],"wp:featuredmedia":[{"embeddable":true,"href":"https:\/\/mataroactiva.net\/cat\/wp-json\/wp\/v2\/media\/17743"}],"wp:attachment":[{"href":"https:\/\/mataroactiva.net\/cat\/wp-json\/wp\/v2\/media?parent=17739"}],"curies":[{"name":"wp","href":"https:\/\/api.w.org\/{rel}","templated":true}]}}

<p data-start="195" data-end="440">Las últimas horas de Les Santes llegan cargadas de emoción y buen ritmo. A las 12:30 h, la plaza de Cuba se llena de tradición y alegría con el Vermut de bastones, un encuentro festivo donde la danza popular marca el compás del mediodía.</p>
<p data-start="442" data-end="898">Por la tarde, a las 18 h, el Ayuntamiento acoge “Enfigura’t”, una actividad participativa para despedir las figuras más emblemáticas de la fiesta. A la misma hora, en la Llar Cabanellas, se abre paso la imaginación con el espectáculo familiar “B.O.M. Cuentos de Brujas, Ogros y Monstruos” (18:15 h), seguido por “La isla de Luis” (19:15 h) y el concierto familiar “Buen viento” (20 h), ideal para cerrar la jornada con los más pequeños.</p>
<p data-start="900" data-end="1084">A las 19:15 h frente al Ayuntamiento, “Vamos a cerrar” marca el inicio simbólico del fin de fiesta, con una mezcla de nostalgia y alegría colectiva. Pero aún queda mucho por vivir.</p>
<p data-start="1086" data-end="1416">El Concierto de Fiesta Mayor en el Parque Central Nuevo (19:30 h) reúne a miles de asistentes, mientras que en plaza Santa Anna, a las 21 h, comienzan los Conciertos Marrinxa, cargados de energía. Y en la Llar Cabanellas, la música no se detiene con “Botifarra a banda” (22 h), una propuesta festiva y tradicional.</p>
<p data-start="1418" data-end="1695">La medianoche llega con tres momentos claves: la intervención artística “Palabras de amor” de Núria Güell en el M|A|C Prisión (23:59 h), la esperada Tronada de fin de fiesta (23:59 h), y la explosiva Traca Final (00:10 h), que llenará el cielo de luz y emoción.</p>
<p data-start="1697" data-end="1915">Pero si aún queda fuerza, la jornada se cierra con L’Albada (6:00 h del día 30), un ritual mágico de despedida en el Parque Central, que da por concluidas unas Santes intensas, únicas y, como siempre, inolvidables.</p>

<p>Las últimas horas de Les Santes llegan cargadas de emoción y buen ritmo. A las 12:30 h, la plaza de Cuba se llena de tradición y alegría con el Vermut de bastones, un encuentro festivo donde la danza popular marca el compás del mediodía. Por la tarde, a las 18 h, el Ayuntamiento acoge “Enfigura’t”, &hellip; </p>
