{"id":17721,"date":"2025-07-12T23:06:07","date_gmt":"2025-07-12T21:06:07","guid":{"rendered":"https:\/\/mataroactiva.net\/?post_type=listing&#038;p=17721"},"modified":"2025-07-12T23:06:38","modified_gmt":"2025-07-12T21:06:38","slug":"santes2025-28-de-julio","status":"publish","type":"listing","link":"https:\/\/mataroactiva.net\/cat\/negocio\/santes2025-28-de-julio\/","title":{"rendered":"Programa &#8211; 28 de Julio"},"content":{"rendered":"<p data-start=\"258\" data-end=\"681\">El lunes comienza con energ\u00eda con la 45\u00aa Carrera Popular Les Santes (9 h), una cita deportiva imprescindible que llena el Parque Central de movimiento y esp\u00edritu festivo. A media ma\u00f1ana, el protagonismo vuelve a la tradici\u00f3n con la ida a la Residencia Sant Josep (10:30 h), seguida del baile de sardanas (11:30 h) y la vuelta al Ayuntamiento (13:30 h), actos tradicionales llenos de emoci\u00f3n y participaci\u00f3n.<\/p>\n<p data-start=\"683\" data-end=\"1154\">Por la tarde, las propuestas familiares y culturales se multiplican en la Llar Cabanellas, con el cuentacuentos &#8220;Cuentos dentro de una botella&#8221; (18:15 h), el espect\u00e1culo de circo \u201cDomte\u201d (19 h), la pieza musical \u201cEn clave de sol\u201d (20:15 h), y el montaje teatral \u201cRevoluci\u00f3n\u201d (21 h). Paralelamente, la ciudad se llena de figuras con la Postal de Gigantes (18:30 h), y la Residencia Sant Josep acoge un nuevo concierto de sardanas (19:15 h).<\/p>\n<p data-start=\"1156\" data-end=\"1543\">A las 21:30 h, la fiesta toma un tono m\u00e1gico con el baile de dragones en la plaza Santa Mar\u00eda. Y cuando cae la noche, llegan las grandes propuestas musicales: el elegante directo de Momi Maiga en la Llar Cabanellas (23 h), y en paralelo, la plaza Santa Anna vibra con Requisitos de Fiesta Mayor (23 h), una celebraci\u00f3n colectiva que se alarga hasta bien entrada la madrugada.<\/p>\n<p data-start=\"1545\" data-end=\"1869\">A medianoche, el M|A|C Prisi\u00f3n presenta la propuesta esc\u00e9nica de Neus Masdeu con <em data-start=\"1630\" data-end=\"1657\">\u201cLa Fiesta de la Juliana\u201d<\/em> (23:59 h), y a las 2 de la madrugada, el ritmo contin\u00faa con DJ Nilvard (plaza Santa Anna) y el tradicional &#8220;No n\u2019hi ha prou!&#8221; frente al Ayuntamiento: un grito compartido para que Les Santes no se acaben.<\/p>","protected":false},"excerpt":{"rendered":"<p>El lunes comienza con energ\u00eda con la 45\u00aa Carrera Popular Les Santes (9 h), una cita deportiva imprescindible que llena el Parque Central de movimiento y esp\u00edritu festivo. A media ma\u00f1ana, el protagonismo vuelve a la tradici\u00f3n con la ida a la Residencia Sant Josep (10:30 h), seguida del baile de sardanas (11:30 h) y &hellip; <\/p>","protected":false},"author":11,"featured_media":17736,"parent":0,"menu_order":0,"comment_status":"open","ping_status":"closed","template":"","class_list":["post-17721","listing","type-listing","status-publish","has-post-thumbnail","hentry","listing_cat-les-santes-2025","listing_feature-agenda-cultural","listing_feature-ideal-ninos","listing_location-cataluna","listing_location-centro","listing_location-mataro","listing_tag-fiesta-local","listing_tag-fiesta-mayor"],"_links":{"self":[{"href":"https:\/\/mataroactiva.net\/cat\/wp-json\/wp\/v2\/listing\/17721","targetHints":{"allow":["GET"]}}],"collection":[{"href":"https:\/\/mataroactiva.net\/cat\/wp-json\/wp\/v2\/listing"}],"about":[{"href":"https:\/\/mataroactiva.net\/cat\/wp-json\/wp\/v2\/types\/listing"}],"author":[{"embeddable":true,"href":"https:\/\/mataroactiva.net\/cat\/wp-json\/wp\/v2\/users\/11"}],"replies":[{"embeddable":true,"href":"https:\/\/mataroactiva.net\/cat\/wp-json\/wp\/v2\/comments?post=17721"}],"wp:featuredmedia":[{"embeddable":true,"href":"https:\/\/mataroactiva.net\/cat\/wp-json\/wp\/v2\/media\/17736"}],"wp:attachment":[{"href":"https:\/\/mataroactiva.net\/cat\/wp-json\/wp\/v2\/media?parent=17721"}],"curies":[{"name":"wp","href":"https:\/\/api.w.org\/{rel}","templated":true}]}}

<p data-start="258" data-end="681">El lunes comienza con energía con la 45ª Carrera Popular Les Santes (9 h), una cita deportiva imprescindible que llena el Parque Central de movimiento y espíritu festivo. A media mañana, el protagonismo vuelve a la tradición con la ida a la Residencia Sant Josep (10:30 h), seguida del baile de sardanas (11:30 h) y la vuelta al Ayuntamiento (13:30 h), actos tradicionales llenos de emoción y participación.</p>
<p data-start="683" data-end="1154">Por la tarde, las propuestas familiares y culturales se multiplican en la Llar Cabanellas, con el cuentacuentos &#8220;Cuentos dentro de una botella&#8221; (18:15 h), el espectáculo de circo “Domte” (19 h), la pieza musical “En clave de sol” (20:15 h), y el montaje teatral “Revolución” (21 h). Paralelamente, la ciudad se llena de figuras con la Postal de Gigantes (18:30 h), y la Residencia Sant Josep acoge un nuevo concierto de sardanas (19:15 h).</p>
<p data-start="1156" data-end="1543">A las 21:30 h, la fiesta toma un tono mágico con el baile de dragones en la plaza Santa María. Y cuando cae la noche, llegan las grandes propuestas musicales: el elegante directo de Momi Maiga en la Llar Cabanellas (23 h), y en paralelo, la plaza Santa Anna vibra con Requisitos de Fiesta Mayor (23 h), una celebración colectiva que se alarga hasta bien entrada la madrugada.</p>
<p data-start="1545" data-end="1869">A medianoche, el M|A|C Prisión presenta la propuesta escénica de Neus Masdeu con <em data-start="1630" data-end="1657">“La Fiesta de la Juliana”</em> (23:59 h), y a las 2 de la madrugada, el ritmo continúa con DJ Nilvard (plaza Santa Anna) y el tradicional &#8220;No n’hi ha prou!&#8221; frente al Ayuntamiento: un grito compartido para que Les Santes no se acaben.</p>

<p>El lunes comienza con energía con la 45ª Carrera Popular Les Santes (9 h), una cita deportiva imprescindible que llena el Parque Central de movimiento y espíritu festivo. A media mañana, el protagonismo vuelve a la tradición con la ida a la Residencia Sant Josep (10:30 h), seguida del baile de sardanas (11:30 h) y &hellip; </p>
