{"id":17702,"date":"2025-07-12T22:42:31","date_gmt":"2025-07-12T20:42:31","guid":{"rendered":"https:\/\/mataroactiva.net\/?post_type=listing&#038;p=17702"},"modified":"2025-07-13T18:18:24","modified_gmt":"2025-07-13T16:18:24","slug":"santes2025-27-de-julio","status":"publish","type":"listing","link":"https:\/\/mataroactiva.net\/cat\/negocio\/santes2025-27-de-julio\/","title":{"rendered":"Programa &#8211; 27 de Julio"},"content":{"rendered":"<p data-start=\"222\" data-end=\"635\">El domingo arranca con fuerza y tradici\u00f3n. A las 7 h suenan las Madrugadas, despertando la ciudad al ritmo festivo de Les Santes. A las 9 h, el Toque de Oficio desde la bas\u00edlica de Santa Mar\u00eda marca el inicio de los actos m\u00e1s solemnes. Desde el Ayuntamiento, a las 9:30 h, parte la Ida a Oficio, seguida de la Misa de Les Santes a las 10 h, uno de los momentos m\u00e1s emblem\u00e1ticos de la Fiesta Mayor.<\/p>\n<p data-start=\"637\" data-end=\"838\">El mediod\u00eda se llena de m\u00fasica y tradici\u00f3n con el baile de sardanas en la calle Pujol (12 h), y a las 13 h, la ciudad se engalana para recibir el Desfile tradicional desde la plaza Santa Mar\u00eda.<\/p>\n<p data-start=\"840\" data-end=\"1018\">Por la tarde, a las 18 h, tiene lugar La Pasada, uno de los actos centrales de la jornada, con la participaci\u00f3n de figuras, comparsas y todo el esp\u00edritu popular de la fiesta.<\/p>\n<p data-start=\"1020\" data-end=\"1261\">Mientras tanto, la Llar Cabanellas acoge una programaci\u00f3n variada con espect\u00e1culos como \u201cCajas para explicar\u201d (18:15 h), \u201cArtilusi\u00f3\u201d (19 h), \u201c\u00a1Bigotes! \u00a1Menuda fiesta!\u201d (20:15 h) y \u201cEmpaque\u201d (21 h), para disfrutar en familia.<\/p>\n<p data-start=\"1263\" data-end=\"1450\">La noche brilla con los espectaculares fuegos artificiales (23 h), seguidos del tradicional Baix a Mar y la Sandiada con sardanas en la plaza Santa Anna (ambos a las 23:45 h).<\/p>\n<p data-start=\"1452\" data-end=\"1753\">Y la m\u00fasica no se detiene: a las 23:59 h, se reparten los ritmos por toda la ciudad con el concierto de la Big Band Jazz Maresme (Llar Cabanellas), la energ\u00eda de Mushka + Llum + DJ Maki (Parque Central Nuevo) y la propuesta art\u00edstica de Marc Salicr\u00fa en el M|A|C Prisi\u00f3n (entrada gratuita).<\/p>\n<p data-start=\"1755\" data-end=\"1834\">Un domingo vibrante y completo, donde se respira toda la esencia de Les Santes.<\/p>","protected":false},"excerpt":{"rendered":"<p>El domingo arranca con fuerza y tradici\u00f3n. A las 7 h suenan las Madrugadas, despertando la ciudad al ritmo festivo de Les Santes. A las 9 h, el Toque de Oficio desde la bas\u00edlica de Santa Mar\u00eda marca el inicio de los actos m\u00e1s solemnes. Desde el Ayuntamiento, a las 9:30 h, parte la Ida &hellip; <\/p>","protected":false},"author":11,"featured_media":17714,"parent":0,"menu_order":0,"comment_status":"open","ping_status":"closed","template":"","class_list":["post-17702","listing","type-listing","status-publish","has-post-thumbnail","hentry","listing_cat-les-santes-2025","listing_feature-agenda-cultural","listing_feature-ideal-ninos","listing_location-cataluna","listing_location-centro","listing_location-mataro","listing_tag-fiesta-local","listing_tag-fiesta-mayor"],"_links":{"self":[{"href":"https:\/\/mataroactiva.net\/cat\/wp-json\/wp\/v2\/listing\/17702","targetHints":{"allow":["GET"]}}],"collection":[{"href":"https:\/\/mataroactiva.net\/cat\/wp-json\/wp\/v2\/listing"}],"about":[{"href":"https:\/\/mataroactiva.net\/cat\/wp-json\/wp\/v2\/types\/listing"}],"author":[{"embeddable":true,"href":"https:\/\/mataroactiva.net\/cat\/wp-json\/wp\/v2\/users\/11"}],"replies":[{"embeddable":true,"href":"https:\/\/mataroactiva.net\/cat\/wp-json\/wp\/v2\/comments?post=17702"}],"wp:featuredmedia":[{"embeddable":true,"href":"https:\/\/mataroactiva.net\/cat\/wp-json\/wp\/v2\/media\/17714"}],"wp:attachment":[{"href":"https:\/\/mataroactiva.net\/cat\/wp-json\/wp\/v2\/media?parent=17702"}],"curies":[{"name":"wp","href":"https:\/\/api.w.org\/{rel}","templated":true}]}}

<p data-start="222" data-end="635">El domingo arranca con fuerza y tradición. A las 7 h suenan las Madrugadas, despertando la ciudad al ritmo festivo de Les Santes. A las 9 h, el Toque de Oficio desde la basílica de Santa María marca el inicio de los actos más solemnes. Desde el Ayuntamiento, a las 9:30 h, parte la Ida a Oficio, seguida de la Misa de Les Santes a las 10 h, uno de los momentos más emblemáticos de la Fiesta Mayor.</p>
<p data-start="637" data-end="838">El mediodía se llena de música y tradición con el baile de sardanas en la calle Pujol (12 h), y a las 13 h, la ciudad se engalana para recibir el Desfile tradicional desde la plaza Santa María.</p>
<p data-start="840" data-end="1018">Por la tarde, a las 18 h, tiene lugar La Pasada, uno de los actos centrales de la jornada, con la participación de figuras, comparsas y todo el espíritu popular de la fiesta.</p>
<p data-start="1020" data-end="1261">Mientras tanto, la Llar Cabanellas acoge una programación variada con espectáculos como “Cajas para explicar” (18:15 h), “Artilusió” (19 h), “¡Bigotes! ¡Menuda fiesta!” (20:15 h) y “Empaque” (21 h), para disfrutar en familia.</p>
<p data-start="1263" data-end="1450">La noche brilla con los espectaculares fuegos artificiales (23 h), seguidos del tradicional Baix a Mar y la Sandiada con sardanas en la plaza Santa Anna (ambos a las 23:45 h).</p>
<p data-start="1452" data-end="1753">Y la música no se detiene: a las 23:59 h, se reparten los ritmos por toda la ciudad con el concierto de la Big Band Jazz Maresme (Llar Cabanellas), la energía de Mushka + Llum + DJ Maki (Parque Central Nuevo) y la propuesta artística de Marc Salicrú en el M|A|C Prisión (entrada gratuita).</p>
<p data-start="1755" data-end="1834">Un domingo vibrante y completo, donde se respira toda la esencia de Les Santes.</p>

<p>El domingo arranca con fuerza y tradición. A las 7 h suenan las Madrugadas, despertando la ciudad al ritmo festivo de Les Santes. A las 9 h, el Toque de Oficio desde la basílica de Santa María marca el inicio de los actos más solemnes. Desde el Ayuntamiento, a las 9:30 h, parte la Ida &hellip; </p>
