{"id":17653,"date":"2025-07-06T22:47:37","date_gmt":"2025-07-06T20:47:37","guid":{"rendered":"https:\/\/mataroactiva.net\/?post_type=listing&#038;p=17653"},"modified":"2025-07-06T22:47:37","modified_gmt":"2025-07-06T20:47:37","slug":"santes2025-26-de-julio","status":"publish","type":"listing","link":"https:\/\/mataroactiva.net\/cat\/negocio\/santes2025-26-de-julio\/","title":{"rendered":"Programa &#8211; 26 de Julio"},"content":{"rendered":"<p data-start=\"240\" data-end=\"685\">El d\u00eda empieza con alegr\u00eda pasada por agua en el M|A|C Prisi\u00f3n, donde los gigantes y enanos se sumergen en una ma\u00f1ana refrescante (de 10 h a 14 h). A las 12 h, el ambiente se anima con un doble concierto vermut: MuchaLaka en Les Esmandies y Barram.Tr\u00e8vol en la Residencia Sant Josep. A las 14 h, el estruendo tradicional de la barram i repicada (repique festivo de campanas) marca el pulso de la jornada desde la Llar Cabanellas.<\/p>\n<p data-start=\"687\" data-end=\"1005\">Por la tarde, a las 17 h, el Ayuntamiento recibe oficialmente a Julianes y Sempronianas, y poco despu\u00e9s, a las 18 h, la familia Robafaves sale &#8220;de parranda&#8221; en un pasacalle lleno de m\u00fasica. Los m\u00e1s peque\u00f1os tienen cita a las 18:30 h en la plaza Santa Anna para bailar con Zum y La Tresca i la Verdesca.<\/p>\n<p data-start=\"1007\" data-end=\"1275\">La Llar Cabanellas vuelve a ser epicentro de espect\u00e1culos con cuentos, teatro y m\u00fasica durante toda la tarde y noche, destacando propuestas como \u201cR\u00fastica\u201d (19 h), \u201cMi gran amigo\u201d (20:15 h), \u201cCicatrices\u201d (21 h) y el concierto de Carola Ortiz a las 23 h.<\/p>\n<p data-start=\"1277\" data-end=\"1535\">La noche se llena de ritmo con el Correfoc Infantil (20 h), el baile de sardanas en Santa Anna (22 h), la Subida al ritmo del tambor infantil (22 h) y la esperada \u201cRuixadeta\u201d (22:30 h), la versi\u00f3n familiar y refrescante de la cl\u00e1sica ruixada.<\/p>\n<p data-start=\"1537\" data-end=\"1697\">A la misma hora, el Casal La Alian\u00e7a ofrece una cita bajo las estrellas con \u201cEl cielo de Les Santes\u201d, una observaci\u00f3n astron\u00f3mica para todas las edades.<\/p>\n<p data-start=\"1699\" data-end=\"1865\">Y como broche final, a las 23:30 h, el Parque Central Nuevo vibra con la gran Verbena de Fiesta Mayor, una noche de m\u00fasica, baile y celebraci\u00f3n colectiva.<\/p>","protected":false},"excerpt":{"rendered":"<p>El d\u00eda empieza con alegr\u00eda pasada por agua en el M|A|C Prisi\u00f3n, donde los gigantes y enanos se sumergen en una ma\u00f1ana refrescante (de 10 h a 14 h). A las 12 h, el ambiente se anima con un doble concierto vermut: MuchaLaka en Les Esmandies y Barram.Tr\u00e8vol en la Residencia Sant Josep. A las &hellip; <\/p>","protected":false},"author":11,"featured_media":17654,"parent":0,"menu_order":0,"comment_status":"open","ping_status":"closed","template":"","class_list":["post-17653","listing","type-listing","status-publish","has-post-thumbnail","hentry","listing_cat-les-santes-2025","listing_feature-agenda-cultural","listing_feature-ideal-ninos","listing_location-cataluna","listing_location-centro","listing_location-mataro","listing_tag-fiesta-local","listing_tag-fiesta-mayor"],"_links":{"self":[{"href":"https:\/\/mataroactiva.net\/cat\/wp-json\/wp\/v2\/listing\/17653","targetHints":{"allow":["GET"]}}],"collection":[{"href":"https:\/\/mataroactiva.net\/cat\/wp-json\/wp\/v2\/listing"}],"about":[{"href":"https:\/\/mataroactiva.net\/cat\/wp-json\/wp\/v2\/types\/listing"}],"author":[{"embeddable":true,"href":"https:\/\/mataroactiva.net\/cat\/wp-json\/wp\/v2\/users\/11"}],"replies":[{"embeddable":true,"href":"https:\/\/mataroactiva.net\/cat\/wp-json\/wp\/v2\/comments?post=17653"}],"wp:featuredmedia":[{"embeddable":true,"href":"https:\/\/mataroactiva.net\/cat\/wp-json\/wp\/v2\/media\/17654"}],"wp:attachment":[{"href":"https:\/\/mataroactiva.net\/cat\/wp-json\/wp\/v2\/media?parent=17653"}],"curies":[{"name":"wp","href":"https:\/\/api.w.org\/{rel}","templated":true}]}}

<p data-start="240" data-end="685">El día empieza con alegría pasada por agua en el M|A|C Prisión, donde los gigantes y enanos se sumergen en una mañana refrescante (de 10 h a 14 h). A las 12 h, el ambiente se anima con un doble concierto vermut: MuchaLaka en Les Esmandies y Barram.Trèvol en la Residencia Sant Josep. A las 14 h, el estruendo tradicional de la barram i repicada (repique festivo de campanas) marca el pulso de la jornada desde la Llar Cabanellas.</p>
<p data-start="687" data-end="1005">Por la tarde, a las 17 h, el Ayuntamiento recibe oficialmente a Julianes y Sempronianas, y poco después, a las 18 h, la familia Robafaves sale &#8220;de parranda&#8221; en un pasacalle lleno de música. Los más pequeños tienen cita a las 18:30 h en la plaza Santa Anna para bailar con Zum y La Tresca i la Verdesca.</p>
<p data-start="1007" data-end="1275">La Llar Cabanellas vuelve a ser epicentro de espectáculos con cuentos, teatro y música durante toda la tarde y noche, destacando propuestas como “Rústica” (19 h), “Mi gran amigo” (20:15 h), “Cicatrices” (21 h) y el concierto de Carola Ortiz a las 23 h.</p>
<p data-start="1277" data-end="1535">La noche se llena de ritmo con el Correfoc Infantil (20 h), el baile de sardanas en Santa Anna (22 h), la Subida al ritmo del tambor infantil (22 h) y la esperada “Ruixadeta” (22:30 h), la versión familiar y refrescante de la clásica ruixada.</p>
<p data-start="1537" data-end="1697">A la misma hora, el Casal La Aliança ofrece una cita bajo las estrellas con “El cielo de Les Santes”, una observación astronómica para todas las edades.</p>
<p data-start="1699" data-end="1865">Y como broche final, a las 23:30 h, el Parque Central Nuevo vibra con la gran Verbena de Fiesta Mayor, una noche de música, baile y celebración colectiva.</p>

<p>El día empieza con alegría pasada por agua en el M|A|C Prisión, donde los gigantes y enanos se sumergen en una mañana refrescante (de 10 h a 14 h). A las 12 h, el ambiente se anima con un doble concierto vermut: MuchaLaka en Les Esmandies y Barram.Trèvol en la Residencia Sant Josep. A las &hellip; </p>
