{"id":17626,"date":"2025-07-06T21:16:06","date_gmt":"2025-07-06T19:16:06","guid":{"rendered":"https:\/\/mataroactiva.net\/?post_type=listing&#038;p=17626"},"modified":"2025-07-06T21:16:06","modified_gmt":"2025-07-06T19:16:06","slug":"santes2025-25-de-julio","status":"publish","type":"listing","link":"https:\/\/mataroactiva.net\/cat\/negocio\/santes2025-25-de-julio\/","title":{"rendered":"Programa &#8211; 25 de Julio"},"content":{"rendered":"<p data-start=\"96\" data-end=\"211\">Les Santes ofrece un d\u00eda lleno de m\u00fasica, tradici\u00f3n y espect\u00e1culos para todos los p\u00fablicos.<\/p>\n<p data-start=\"213\" data-end=\"501\">La jornada empieza con un concierto de la Banda de la Agrupaci\u00f3n Musical del Maresme en la Residencia Sant Josep (18h), mientras en la Llar Cabanellas se podr\u00e1 disfrutar de la actividad familiar \u201cLa magia de los colores\u201d y el espect\u00e1culo de circo \u201cCuando vuelva la primavera\u201d.<\/p>\n<p data-start=\"503\" data-end=\"639\">En el Parque Central Nuevo, desde las 18:30h, llega Catalunya Freestyle, un show de deportes urbanos que se extiende hasta la noche.<\/p>\n<p data-start=\"641\" data-end=\"880\">A las 20h, la Proclama de Fiesta Mayor se celebrar\u00e1 en el Ayuntamiento, tras el pasacalle \u201cHacia la Proclama\u201d. La Llar Cabanellas acoge por la tarde noche varios espect\u00e1culos, como \u201cEl elefante Main\u00fa y la amistad\u201d y \u201cHarreman\u201d.<\/p>\n<p data-start=\"882\" data-end=\"988\">A las 21:30h, en el M|A|C, la Hora del Patio ofrecer\u00e1 videoarte y m\u00fasica en vivo con entrada gratuita.<\/p>\n<p data-start=\"990\" data-end=\"1193\">La noche contin\u00faa con el concierto de Los Aurora en la Llar Cabanellas (23h) y, a partir de las 23:30h, la Familia Robafaves y Germ\u00e0 Negre animan las calles con pasacalles y m\u00fasica en Santa Anna.<\/p>\n<p data-start=\"1195\" data-end=\"1380\">El Parque Central Nuevo acoge conciertos de Citto y DJ \u00d3scar, adem\u00e1s de los espect\u00e1culos nocturnos de fuego y percusi\u00f3n y la tradicional \u201cRuixada\u201d que cierra la fiesta a las 4h.<\/p>","protected":false},"excerpt":{"rendered":"<p>Les Santes ofrece un d\u00eda lleno de m\u00fasica, tradici\u00f3n y espect\u00e1culos para todos los p\u00fablicos. La jornada empieza con un concierto de la Banda de la Agrupaci\u00f3n Musical del Maresme en la Residencia Sant Josep (18h), mientras en la Llar Cabanellas se podr\u00e1 disfrutar de la actividad familiar \u201cLa magia de los colores\u201d y el &hellip; <\/p>","protected":false},"author":11,"featured_media":17627,"parent":0,"menu_order":0,"comment_status":"open","ping_status":"closed","template":"","class_list":["post-17626","listing","type-listing","status-publish","has-post-thumbnail","hentry","listing_cat-les-santes-2025","listing_feature-agenda-cultural","listing_feature-ideal-ninos","listing_location-cataluna","listing_location-centro","listing_location-mataro","listing_tag-fiesta-local","listing_tag-fiesta-mayor"],"_links":{"self":[{"href":"https:\/\/mataroactiva.net\/cat\/wp-json\/wp\/v2\/listing\/17626","targetHints":{"allow":["GET"]}}],"collection":[{"href":"https:\/\/mataroactiva.net\/cat\/wp-json\/wp\/v2\/listing"}],"about":[{"href":"https:\/\/mataroactiva.net\/cat\/wp-json\/wp\/v2\/types\/listing"}],"author":[{"embeddable":true,"href":"https:\/\/mataroactiva.net\/cat\/wp-json\/wp\/v2\/users\/11"}],"replies":[{"embeddable":true,"href":"https:\/\/mataroactiva.net\/cat\/wp-json\/wp\/v2\/comments?post=17626"}],"wp:featuredmedia":[{"embeddable":true,"href":"https:\/\/mataroactiva.net\/cat\/wp-json\/wp\/v2\/media\/17627"}],"wp:attachment":[{"href":"https:\/\/mataroactiva.net\/cat\/wp-json\/wp\/v2\/media?parent=17626"}],"curies":[{"name":"wp","href":"https:\/\/api.w.org\/{rel}","templated":true}]}}

<p data-start="96" data-end="211">Les Santes ofrece un día lleno de música, tradición y espectáculos para todos los públicos.</p>
<p data-start="213" data-end="501">La jornada empieza con un concierto de la Banda de la Agrupación Musical del Maresme en la Residencia Sant Josep (18h), mientras en la Llar Cabanellas se podrá disfrutar de la actividad familiar “La magia de los colores” y el espectáculo de circo “Cuando vuelva la primavera”.</p>
<p data-start="503" data-end="639">En el Parque Central Nuevo, desde las 18:30h, llega Catalunya Freestyle, un show de deportes urbanos que se extiende hasta la noche.</p>
<p data-start="641" data-end="880">A las 20h, la Proclama de Fiesta Mayor se celebrará en el Ayuntamiento, tras el pasacalle “Hacia la Proclama”. La Llar Cabanellas acoge por la tarde noche varios espectáculos, como “El elefante Mainú y la amistad” y “Harreman”.</p>
<p data-start="882" data-end="988">A las 21:30h, en el M|A|C, la Hora del Patio ofrecerá videoarte y música en vivo con entrada gratuita.</p>
<p data-start="990" data-end="1193">La noche continúa con el concierto de Los Aurora en la Llar Cabanellas (23h) y, a partir de las 23:30h, la Familia Robafaves y Germà Negre animan las calles con pasacalles y música en Santa Anna.</p>
<p data-start="1195" data-end="1380">El Parque Central Nuevo acoge conciertos de Citto y DJ Óscar, además de los espectáculos nocturnos de fuego y percusión y la tradicional “Ruixada” que cierra la fiesta a las 4h.</p>

<p>Les Santes ofrece un día lleno de música, tradición y espectáculos para todos los públicos. La jornada empieza con un concierto de la Banda de la Agrupación Musical del Maresme en la Residencia Sant Josep (18h), mientras en la Llar Cabanellas se podrá disfrutar de la actividad familiar “La magia de los colores” y el &hellip; </p>
