{"id":17613,"date":"2025-07-02T23:21:35","date_gmt":"2025-07-02T21:21:35","guid":{"rendered":"https:\/\/mataroactiva.net\/?post_type=listing&#038;p=17613"},"modified":"2025-07-13T21:57:58","modified_gmt":"2025-07-13T19:57:58","slug":"santes2025-23-de-julio","status":"publish","type":"listing","link":"https:\/\/mataroactiva.net\/cat\/negocio\/santes2025-23-de-julio\/","title":{"rendered":"Programa &#8211; 23 de Julio"},"content":{"rendered":"<p data-start=\"44\" data-end=\"486\">Mi\u00e9rcoles 23 de julio, la gran cita teatral de Les Santes regresa al Teatre Monumental. A las 19:00\u202fh y las 21:15\u202fh, Matar\u00f3 acoge Broadway Santes, el musical participativo que ya marc\u00f3 un hito el a\u00f1o pasado. Liderado por el reconocido actor y director Marc Flynn, el espect\u00e1culo re\u00fane talento local e internacional, con la energ\u00eda de las escuelas de danza y artes esc\u00e9nicas de la comarca.<\/p>\n<p data-start=\"488\" data-end=\"641\"><span class=\"relative -mx-px my-[-0.2rem] rounded px-px py-[0.2rem] transition-colors duration-100 ease-in-out\">El repertorio abarca grandes cl\u00e1sicos de Broadway: desde \u201cOne Day More\u201d de <em data-start=\"75\" data-end=\"91\">Les Mis\u00e9rables<\/em> hasta himnos como \u201cThis is the Greatest Show\u201d y joyas menos frecuentes como canciones de <em data-start=\"181\" data-end=\"199\" data-is-last-node=\"\">Dear Evan Hansen<\/em><\/span> \u00a0<span class=\"relative -mx-px my-[-0.2rem] rounded px-px py-[0.2rem] transition-colors duration-100 ease-in-out\">Entre los protagonistas, destacan figuras del musical catal\u00e1n como Jordi Coll, Lu Fabr\u00e9s, Mar\u00eda Santallusia y la joven promesa Mireia Federico, que vuelve este a\u00f1o para enamorar al p\u00fablico.<\/span><\/p>\n<p data-start=\"643\" data-end=\"837\">Una velada vibrante de 75 minutos, pensada para todos los p\u00fablicos, que combina m\u00fasica en directo y montaje espectacular con la esencia participativa de la ciudad. Las entradas est\u00e1n a <strong data-start=\"828\" data-end=\"836\">18\u202f\u20ac<\/strong><\/p>\n","protected":false},"excerpt":{"rendered":"<p>Mi\u00e9rcoles 23 de julio, la gran cita teatral de Les Santes regresa al Teatre Monumental. A las 19:00\u202fh y las 21:15\u202fh, Matar\u00f3 acoge Broadway Santes, el musical participativo que ya marc\u00f3 un hito el a\u00f1o pasado. Liderado por el reconocido actor y director Marc Flynn, el espect\u00e1culo re\u00fane talento local e internacional, con la energ\u00eda &hellip; <\/p>","protected":false},"author":11,"featured_media":17614,"parent":0,"menu_order":0,"comment_status":"open","ping_status":"closed","template":"","class_list":["post-17613","listing","type-listing","status-publish","has-post-thumbnail","hentry","listing_cat-les-santes-2025","listing_feature-agenda-cultural","listing_feature-ideal-ninos","listing_location-cataluna","listing_location-centro","listing_location-mataro","listing_tag-fiesta-local","listing_tag-fiesta-mayor"],"_links":{"self":[{"href":"https:\/\/mataroactiva.net\/cat\/wp-json\/wp\/v2\/listing\/17613","targetHints":{"allow":["GET"]}}],"collection":[{"href":"https:\/\/mataroactiva.net\/cat\/wp-json\/wp\/v2\/listing"}],"about":[{"href":"https:\/\/mataroactiva.net\/cat\/wp-json\/wp\/v2\/types\/listing"}],"author":[{"embeddable":true,"href":"https:\/\/mataroactiva.net\/cat\/wp-json\/wp\/v2\/users\/11"}],"replies":[{"embeddable":true,"href":"https:\/\/mataroactiva.net\/cat\/wp-json\/wp\/v2\/comments?post=17613"}],"wp:featuredmedia":[{"embeddable":true,"href":"https:\/\/mataroactiva.net\/cat\/wp-json\/wp\/v2\/media\/17614"}],"wp:attachment":[{"href":"https:\/\/mataroactiva.net\/cat\/wp-json\/wp\/v2\/media?parent=17613"}],"curies":[{"name":"wp","href":"https:\/\/api.w.org\/{rel}","templated":true}]}}

<p data-start="44" data-end="486">Miércoles 23 de julio, la gran cita teatral de Les Santes regresa al Teatre Monumental. A las 19:00 h y las 21:15 h, Mataró acoge Broadway Santes, el musical participativo que ya marcó un hito el año pasado. Liderado por el reconocido actor y director Marc Flynn, el espectáculo reúne talento local e internacional, con la energía de las escuelas de danza y artes escénicas de la comarca.</p>
<p data-start="488" data-end="641"><span class="relative -mx-px my-[-0.2rem] rounded px-px py-[0.2rem] transition-colors duration-100 ease-in-out">El repertorio abarca grandes clásicos de Broadway: desde “One Day More” de <em data-start="75" data-end="91">Les Misérables</em> hasta himnos como “This is the Greatest Show” y joyas menos frecuentes como canciones de <em data-start="181" data-end="199" data-is-last-node="">Dear Evan Hansen</em></span>  <span class="relative -mx-px my-[-0.2rem] rounded px-px py-[0.2rem] transition-colors duration-100 ease-in-out">Entre los protagonistas, destacan figuras del musical catalán como Jordi Coll, Lu Fabrés, María Santallusia y la joven promesa Mireia Federico, que vuelve este año para enamorar al público.</span></p>
<p data-start="643" data-end="837">Una velada vibrante de 75 minutos, pensada para todos los públicos, que combina música en directo y montaje espectacular con la esencia participativa de la ciudad. Las entradas están a <strong data-start="828" data-end="836">18 €</strong></p>

<p>Miércoles 23 de julio, la gran cita teatral de Les Santes regresa al Teatre Monumental. A las 19:00 h y las 21:15 h, Mataró acoge Broadway Santes, el musical participativo que ya marcó un hito el año pasado. Liderado por el reconocido actor y director Marc Flynn, el espectáculo reúne talento local e internacional, con la energía &hellip; </p>
