{"id":17610,"date":"2025-07-02T22:59:21","date_gmt":"2025-07-02T20:59:21","guid":{"rendered":"https:\/\/mataroactiva.net\/?post_type=listing&#038;p=17610"},"modified":"2025-07-13T21:37:17","modified_gmt":"2025-07-13T19:37:17","slug":"santes2025-22-de-julio","status":"publish","type":"listing","link":"https:\/\/mataroactiva.net\/cat\/negocio\/santes2025-22-de-julio\/","title":{"rendered":"Programa &#8211; 22 de Julio"},"content":{"rendered":"<p data-start=\"44\" data-end=\"490\">Martes 22 de julio, Matar\u00f3 sigue viva con una tarde pensada para los m\u00e1s peque\u00f1os\u2026 \u00a1y para quienes quieran sumarse! A las 18\u202fh arranca en la Biblioteca Pompeu Fabra (Pla\u00e7a d\u2019Occit\u00e0nia, s\/n) la actividad familiar \u201c\u00a1Oh! Qu\u00e9 d\u00eda en la granja!\u201d, protagonizada por Clara y los animales de su granja que vivir\u00e1n una aventura divertida y llena de encanto, de la mano de la compa\u00f1\u00eda <em data-start=\"435\" data-end=\"451\">Anima Theatrum.<\/em><\/p>\n<p data-start=\"492\" data-end=\"673\">Se trata de una sesi\u00f3n de cuentos especial en su formato y en su puesta en escena, ideal para ni\u00f1os (y adultos) que quieran disfrutar de un momento de lectura m\u00e1gica y en comunidad.<\/p>\n<p data-start=\"675\" data-end=\"977\">Y si te apetece completar la jornada, puedes sumarte a otras propuestas del d\u00eda: desde exposiciones hasta talleres sorpresa que se vayan incorporando a \u00faltima hora.<\/p>","protected":false},"excerpt":{"rendered":"<p>Martes 22 de julio, Matar\u00f3 sigue viva con una tarde pensada para los m\u00e1s peque\u00f1os\u2026 \u00a1y para quienes quieran sumarse! A las 18\u202fh arranca en la Biblioteca Pompeu Fabra (Pla\u00e7a d\u2019Occit\u00e0nia, s\/n) la actividad familiar \u201c\u00a1Oh! Qu\u00e9 d\u00eda en la granja!\u201d, protagonizada por Clara y los animales de su granja que vivir\u00e1n una aventura divertida &hellip; <\/p>","protected":false},"author":11,"featured_media":17611,"parent":0,"menu_order":0,"comment_status":"open","ping_status":"closed","template":"","class_list":["post-17610","listing","type-listing","status-publish","has-post-thumbnail","hentry","listing_cat-les-santes-2025","listing_feature-agenda-cultural","listing_feature-ideal-ninos","listing_location-cataluna","listing_location-centro","listing_location-mataro","listing_tag-fiesta-local","listing_tag-fiesta-mayor"],"_links":{"self":[{"href":"https:\/\/mataroactiva.net\/cat\/wp-json\/wp\/v2\/listing\/17610","targetHints":{"allow":["GET"]}}],"collection":[{"href":"https:\/\/mataroactiva.net\/cat\/wp-json\/wp\/v2\/listing"}],"about":[{"href":"https:\/\/mataroactiva.net\/cat\/wp-json\/wp\/v2\/types\/listing"}],"author":[{"embeddable":true,"href":"https:\/\/mataroactiva.net\/cat\/wp-json\/wp\/v2\/users\/11"}],"replies":[{"embeddable":true,"href":"https:\/\/mataroactiva.net\/cat\/wp-json\/wp\/v2\/comments?post=17610"}],"wp:featuredmedia":[{"embeddable":true,"href":"https:\/\/mataroactiva.net\/cat\/wp-json\/wp\/v2\/media\/17611"}],"wp:attachment":[{"href":"https:\/\/mataroactiva.net\/cat\/wp-json\/wp\/v2\/media?parent=17610"}],"curies":[{"name":"wp","href":"https:\/\/api.w.org\/{rel}","templated":true}]}}

<p data-start="44" data-end="490">Martes 22 de julio, Mataró sigue viva con una tarde pensada para los más pequeños… ¡y para quienes quieran sumarse! A las 18 h arranca en la Biblioteca Pompeu Fabra (Plaça d’Occitània, s/n) la actividad familiar “¡Oh! Qué día en la granja!”, protagonizada por Clara y los animales de su granja que vivirán una aventura divertida y llena de encanto, de la mano de la compañía <em data-start="435" data-end="451">Anima Theatrum.</em></p>
<p data-start="492" data-end="673">Se trata de una sesión de cuentos especial en su formato y en su puesta en escena, ideal para niños (y adultos) que quieran disfrutar de un momento de lectura mágica y en comunidad.</p>
<p data-start="675" data-end="977">Y si te apetece completar la jornada, puedes sumarte a otras propuestas del día: desde exposiciones hasta talleres sorpresa que se vayan incorporando a última hora.</p>

<p>Martes 22 de julio, Mataró sigue viva con una tarde pensada para los más pequeños… ¡y para quienes quieran sumarse! A las 18 h arranca en la Biblioteca Pompeu Fabra (Plaça d’Occitània, s/n) la actividad familiar “¡Oh! Qué día en la granja!”, protagonizada por Clara y los animales de su granja que vivirán una aventura divertida &hellip; </p>
