{"id":17604,"date":"2025-07-02T22:30:10","date_gmt":"2025-07-02T20:30:10","guid":{"rendered":"https:\/\/mataroactiva.net\/?post_type=listing&#038;p=17604"},"modified":"2025-07-13T21:16:47","modified_gmt":"2025-07-13T19:16:47","slug":"santes2025-20-de-julio","status":"publish","type":"listing","link":"https:\/\/mataroactiva.net\/cat\/negocio\/santes2025-20-de-julio\/","title":{"rendered":"Programa &#8211; 20 de Julio"},"content":{"rendered":"<p data-start=\"44\" data-end=\"153\">Domingo 20 de julio, Matar\u00f3 se despierta con deporte, emoci\u00f3n teatral y una explosi\u00f3n de cultura popular.<\/p>\n<p data-start=\"155\" data-end=\"231\"><span class=\"relative -mx-px my-[-0.2rem] rounded px-px py-[0.2rem] transition-colors duration-100 ease-in-out\">La ma\u00f1ana arranca a las 9:15\u202fy a las 10:00\u202fh con la 32\u00aa Traves\u00eda nadando en el Puerto de Matar\u00f3, un evento deportivo emblem\u00e1tico con inscripci\u00f3n gratuita, que re\u00fane a nadadores de diversas edades y niveles en un entorno festivo y saludable.<\/span><\/p>\n<p data-start=\"233\" data-end=\"309\"><span class=\"relative -mx-px my-[-0.2rem] rounded px-px py-[0.2rem] transition-colors duration-100 ease-in-out\">A mediod\u00eda y por la tarde, el Teatro Monumental acoge dos funciones (11:30\u202fy 19:00\u202fh) del magno concierto Les Mis\u00e9rables, amenizado por la Orquesta de Matar\u00f3. Una experiencia musical de gran nivel a un precio \u00fanico (12\u202f\u20ac).<\/span><\/p>\n<p data-start=\"311\" data-end=\"387\"><span class=\"relative -mx-px my-[-0.2rem] rounded px-px py-[0.2rem] transition-colors duration-100 ease-in-out\">Y al caer la tarde, a partir de las 18:30\u202fh, llega \u201cL\u2019encesa\u201d, un acto de cultura popular protagonizado por el Ball de Diables de Matar\u00f3 junto con otros grupos de fuego invitados como los de Tarragona y Reus. El ritual incluye plantada de figuras en el Ayuntamiento, una cercana cercavila infantil y la impresionante representaci\u00f3n del &#8220;Ball parlat&#8221; seguida de m\u00fasica y un espectacular pasacalles de fuego nocturno por las calles del centro, recomendamos protecci\u00f3n auditiva y calzado c\u00f3modo.<\/span><\/p>\n","protected":false},"excerpt":{"rendered":"<p>Domingo 20 de julio, Matar\u00f3 se despierta con deporte, emoci\u00f3n teatral y una explosi\u00f3n de cultura popular. La ma\u00f1ana arranca a las 9:15\u202fy a las 10:00\u202fh con la 32\u00aa Traves\u00eda nadando en el Puerto de Matar\u00f3, un evento deportivo emblem\u00e1tico con inscripci\u00f3n gratuita, que re\u00fane a nadadores de diversas edades y niveles en un entorno &hellip; <\/p>","protected":false},"author":11,"featured_media":13095,"parent":0,"menu_order":0,"comment_status":"open","ping_status":"closed","template":"","class_list":["post-17604","listing","type-listing","status-publish","has-post-thumbnail","hentry","listing_cat-les-santes-2025","listing_feature-agenda-cultural","listing_feature-ideal-ninos","listing_location-cataluna","listing_location-centro","listing_location-mataro","listing_tag-fiesta-local","listing_tag-fiesta-mayor"],"_links":{"self":[{"href":"https:\/\/mataroactiva.net\/cat\/wp-json\/wp\/v2\/listing\/17604","targetHints":{"allow":["GET"]}}],"collection":[{"href":"https:\/\/mataroactiva.net\/cat\/wp-json\/wp\/v2\/listing"}],"about":[{"href":"https:\/\/mataroactiva.net\/cat\/wp-json\/wp\/v2\/types\/listing"}],"author":[{"embeddable":true,"href":"https:\/\/mataroactiva.net\/cat\/wp-json\/wp\/v2\/users\/11"}],"replies":[{"embeddable":true,"href":"https:\/\/mataroactiva.net\/cat\/wp-json\/wp\/v2\/comments?post=17604"}],"wp:featuredmedia":[{"embeddable":true,"href":"https:\/\/mataroactiva.net\/cat\/wp-json\/wp\/v2\/media\/13095"}],"wp:attachment":[{"href":"https:\/\/mataroactiva.net\/cat\/wp-json\/wp\/v2\/media?parent=17604"}],"curies":[{"name":"wp","href":"https:\/\/api.w.org\/{rel}","templated":true}]}}

<p data-start="44" data-end="153">Domingo 20 de julio, Mataró se despierta con deporte, emoción teatral y una explosión de cultura popular.</p>
<p data-start="155" data-end="231"><span class="relative -mx-px my-[-0.2rem] rounded px-px py-[0.2rem] transition-colors duration-100 ease-in-out">La mañana arranca a las 9:15 y a las 10:00 h con la 32ª Travesía nadando en el Puerto de Mataró, un evento deportivo emblemático con inscripción gratuita, que reúne a nadadores de diversas edades y niveles en un entorno festivo y saludable.</span></p>
<p data-start="233" data-end="309"><span class="relative -mx-px my-[-0.2rem] rounded px-px py-[0.2rem] transition-colors duration-100 ease-in-out">A mediodía y por la tarde, el Teatro Monumental acoge dos funciones (11:30 y 19:00 h) del magno concierto Les Misérables, amenizado por la Orquesta de Mataró. Una experiencia musical de gran nivel a un precio único (12 €).</span></p>
<p data-start="311" data-end="387"><span class="relative -mx-px my-[-0.2rem] rounded px-px py-[0.2rem] transition-colors duration-100 ease-in-out">Y al caer la tarde, a partir de las 18:30 h, llega “L’encesa”, un acto de cultura popular protagonizado por el Ball de Diables de Mataró junto con otros grupos de fuego invitados como los de Tarragona y Reus. El ritual incluye plantada de figuras en el Ayuntamiento, una cercana cercavila infantil y la impresionante representación del &#8220;Ball parlat&#8221; seguida de música y un espectacular pasacalles de fuego nocturno por las calles del centro, recomendamos protección auditiva y calzado cómodo.</span></p>

<p>Domingo 20 de julio, Mataró se despierta con deporte, emoción teatral y una explosión de cultura popular. La mañana arranca a las 9:15 y a las 10:00 h con la 32ª Travesía nadando en el Puerto de Mataró, un evento deportivo emblemático con inscripción gratuita, que reúne a nadadores de diversas edades y niveles en un entorno &hellip; </p>
