{"id":17518,"date":"2025-07-01T21:40:47","date_gmt":"2025-07-01T19:40:47","guid":{"rendered":"https:\/\/mataroactiva.net\/?post_type=listing&#038;p=17518"},"modified":"2025-07-13T20:55:13","modified_gmt":"2025-07-13T18:55:13","slug":"santes2025-19-de-julio","status":"publish","type":"listing","link":"https:\/\/mataroactiva.net\/cat\/negocio\/santes2025-19-de-julio\/","title":{"rendered":"Programa \u2013 19 de Juliol"},"content":{"rendered":"<p data-start=\"177\" data-end=\"463\">El divendres 19 de juliol, Matar\u00f3 viu un dels dies m\u00e9s intensos i variats de la pr\u00e8via de Les Santes. Des de primera hora, la ciutat s'omple d'activitats per a tots els p\u00fablics: jocs infantils, exposicions, mercats i propostes musicals repartides per diferents espais.<\/p>\n<p data-start=\"465\" data-end=\"918\">La jornada arrenca amb el tradicional acte de la <em data-start=\"514\" data-end=\"540\">Proclama de Festa Major<\/em> des de l'Ajuntament, mentre que a la pla\u00e7a de Santa Mar\u00eda el <em data-start=\"607\" data-end=\"624\">Mercat Santero<\/em> i altres mostres art\u00edstiques ofereixen un ambient \u00fanic. Els m\u00e9s petits podran gaudir de <em data-start=\"717\" data-end=\"738\">Els jocs d'en Santi<\/em> al Parc Central, mentre que els amants de la tradici\u00f3 no voldran perdre's la <em data-start=\"825\" data-end=\"843\">Diada Castellera<\/em> a la pla\u00e7a de Santa Anna ni la xerrada sobre la tenora a l'Ajuntament.<\/p>\n<p data-start=\"920\" data-end=\"1278\">Durant tot el dia, les <em data-start=\"944\" data-end=\"955\">Dissantes<\/em> omplir\u00e0n la ciutat de m\u00fasica, tallers i sorpreses. A la tarda, el bon humor arriba al Caf\u00e8 Nou amb un <em data-start=\"1060\" data-end=\"1075\">bingo musical<\/em> i, ja al vespre, la festa continua amb un <em data-start=\"1122\" data-end=\"1132\">flashmob<\/em> i una gran nit de concerts al Parc Central, amb <em data-start=\"1190\" data-end=\"1203\">Mama Dousha<\/em>, <em data-start=\"1205\" data-end=\"1222\">Hotel Cochambre<\/em> i <em data-start=\"1225\" data-end=\"1233\">DJ Lin<\/em> per a animar fins a ben entrada la matinada.<\/p>\n<p data-start=\"1280\" data-end=\"1364\">Una jornada per a submergir-se de ple en l'ambient festiu que ja ho impregna tot.<\/p>","protected":false},"excerpt":{"rendered":"<p>El viernes 19 de julio, Matar\u00f3 vive uno de los d\u00edas m\u00e1s intensos y variados de la previa de Les Santes. Desde primera hora, la ciudad se llena de actividades para todos los p\u00fablicos: juegos infantiles, exposiciones, mercados y propuestas musicales repartidas por distintos espacios. La jornada arranca con el tradicional acto de la Proclama &hellip; <\/p>","protected":false},"author":11,"featured_media":17520,"parent":0,"menu_order":0,"comment_status":"open","ping_status":"closed","template":"","class_list":["post-17518","listing","type-listing","status-publish","has-post-thumbnail","hentry","listing_cat-les-santes-2025","listing_feature-agenda-cultural","listing_feature-ideal-ninos","listing_location-cataluna","listing_location-centro","listing_location-mataro","listing_tag-fiesta-local","listing_tag-fiesta-mayor"],"_links":{"self":[{"href":"https:\/\/mataroactiva.net\/cat\/wp-json\/wp\/v2\/listing\/17518","targetHints":{"allow":["GET"]}}],"collection":[{"href":"https:\/\/mataroactiva.net\/cat\/wp-json\/wp\/v2\/listing"}],"about":[{"href":"https:\/\/mataroactiva.net\/cat\/wp-json\/wp\/v2\/types\/listing"}],"author":[{"embeddable":true,"href":"https:\/\/mataroactiva.net\/cat\/wp-json\/wp\/v2\/users\/11"}],"replies":[{"embeddable":true,"href":"https:\/\/mataroactiva.net\/cat\/wp-json\/wp\/v2\/comments?post=17518"}],"wp:featuredmedia":[{"embeddable":true,"href":"https:\/\/mataroactiva.net\/cat\/wp-json\/wp\/v2\/media\/17520"}],"wp:attachment":[{"href":"https:\/\/mataroactiva.net\/cat\/wp-json\/wp\/v2\/media?parent=17518"}],"curies":[{"name":"wp","href":"https:\/\/api.w.org\/{rel}","templated":true}]}}

<p data-start="177" data-end="463">El divendres 19 de juliol, Mataró viu un dels dies més intensos i variats de la prèvia de Les Santes. Des de primera hora, la ciutat s'omple d'activitats per a tots els públics: jocs infantils, exposicions, mercats i propostes musicals repartides per diferents espais.</p>
<p data-start="465" data-end="918">La jornada arrenca amb el tradicional acte de la <em data-start="514" data-end="540">Proclama de Festa Major</em> des de l'Ajuntament, mentre que a la plaça de Santa María el <em data-start="607" data-end="624">Mercat Santero</em> i altres mostres artístiques ofereixen un ambient únic. Els més petits podran gaudir de <em data-start="717" data-end="738">Els jocs d'en Santi</em> al Parc Central, mentre que els amants de la tradició no voldran perdre's la <em data-start="825" data-end="843">Diada Castellera</em> a la plaça de Santa Anna ni la xerrada sobre la tenora a l'Ajuntament.</p>
<p data-start="920" data-end="1278">Durant tot el dia, les <em data-start="944" data-end="955">Dissantes</em> ompliràn la ciutat de música, tallers i sorpreses. A la tarda, el bon humor arriba al Cafè Nou amb un <em data-start="1060" data-end="1075">bingo musical</em> i, ja al vespre, la festa continua amb un <em data-start="1122" data-end="1132">flashmob</em> i una gran nit de concerts al Parc Central, amb <em data-start="1190" data-end="1203">Mama Dousha</em>, <em data-start="1205" data-end="1222">Hotel Cochambre</em> i <em data-start="1225" data-end="1233">DJ Lin</em> per a animar fins a ben entrada la matinada.</p>
<p data-start="1280" data-end="1364">Una jornada per a submergir-se de ple en l'ambient festiu que ja ho impregna tot.</p>

<p>El viernes 19 de julio, Mataró vive uno de los días más intensos y variados de la previa de Les Santes. Desde primera hora, la ciudad se llena de actividades para todos los públicos: juegos infantiles, exposiciones, mercados y propuestas musicales repartidas por distintos espacios. La jornada arranca con el tradicional acto de la Proclama &hellip; </p>
