{"id":17487,"date":"2025-06-30T21:34:22","date_gmt":"2025-06-30T19:34:22","guid":{"rendered":"https:\/\/mataroactiva.net\/?post_type=listing&#038;p=17487"},"modified":"2025-07-13T00:50:11","modified_gmt":"2025-07-12T22:50:11","slug":"santes2025-18-de-julio","status":"publish","type":"listing","link":"https:\/\/mataroactiva.net\/cat\/negocio\/santes2025-18-de-julio\/","title":{"rendered":"Programa \u2013 18 de Juliol"},"content":{"rendered":"<p data-start=\"85\" data-end=\"410\">El dijous 18 de juliol, Matar\u00f3 comen\u00e7a a omplir-se de vida amb una programaci\u00f3 pensada per a tots els p\u00fablics. Des de la tarda, la pla\u00e7a de Santa Anna ser\u00e0 punt de trobada amb la signatura de cartells dels Santes i l'assaig dels Capgrossos, donant el tret de sortida a l'ambient festiu en el centre de la ciutat.<\/p>\n<p data-start=\"412\" data-end=\"712\">El dia tamb\u00e9 convida a gaudir de l'art i la m\u00fasica: s'inaugura una nova exposici\u00f3 en el M|A|C, mentre que el Cor Madrigalista celebra els seus 50 anys amb un concert especial en el Teatre Monumental. Tampoc faltaran els actes tradicionals, com el Toc de Novena en la Bas\u00edlica de Santa Mar\u00eda.<\/p>\n<p data-start=\"714\" data-end=\"949\">I per a tancar la jornada, la nit s'anima amb concerts a l'aire lliure en la pla\u00e7a i una sessi\u00f3 familiar en la Muralla de la Pres\u00f3. Una combinaci\u00f3 perfecta d'art, tradici\u00f3 i festa per a comen\u00e7ar a viure l'esperit dels Santes.<\/p>","protected":false},"excerpt":{"rendered":"<p>El jueves 18 de julio, Matar\u00f3 empieza a llenarse de vida con una programaci\u00f3n pensada para todos los p\u00fablicos. Desde la tarde, la plaza de Santa Anna ser\u00e1 punto de encuentro con la firma de carteles de Les Santes y el ensayo de los Capgrossos, dando el pistoletazo de salida al ambiente festivo en el &hellip; <\/p>","protected":false},"author":11,"featured_media":17509,"parent":0,"menu_order":0,"comment_status":"open","ping_status":"closed","template":"","class_list":["post-17487","listing","type-listing","status-publish","has-post-thumbnail","hentry","listing_cat-les-santes-2025","listing_feature-agenda-cultural","listing_feature-ideal-ninos","listing_location-cataluna","listing_location-centro","listing_location-mataro","listing_tag-fiesta-local","listing_tag-fiesta-mayor"],"_links":{"self":[{"href":"https:\/\/mataroactiva.net\/cat\/wp-json\/wp\/v2\/listing\/17487","targetHints":{"allow":["GET"]}}],"collection":[{"href":"https:\/\/mataroactiva.net\/cat\/wp-json\/wp\/v2\/listing"}],"about":[{"href":"https:\/\/mataroactiva.net\/cat\/wp-json\/wp\/v2\/types\/listing"}],"author":[{"embeddable":true,"href":"https:\/\/mataroactiva.net\/cat\/wp-json\/wp\/v2\/users\/11"}],"replies":[{"embeddable":true,"href":"https:\/\/mataroactiva.net\/cat\/wp-json\/wp\/v2\/comments?post=17487"}],"wp:featuredmedia":[{"embeddable":true,"href":"https:\/\/mataroactiva.net\/cat\/wp-json\/wp\/v2\/media\/17509"}],"wp:attachment":[{"href":"https:\/\/mataroactiva.net\/cat\/wp-json\/wp\/v2\/media?parent=17487"}],"curies":[{"name":"wp","href":"https:\/\/api.w.org\/{rel}","templated":true}]}}

<p data-start="85" data-end="410">El dijous 18 de juliol, Mataró comença a omplir-se de vida amb una programació pensada per a tots els públics. Des de la tarda, la plaça de Santa Anna serà punt de trobada amb la signatura de cartells dels Santes i l'assaig dels Capgrossos, donant el tret de sortida a l'ambient festiu en el centre de la ciutat.</p>
<p data-start="412" data-end="712">El dia també convida a gaudir de l'art i la música: s'inaugura una nova exposició en el M|A|C, mentre que el Cor Madrigalista celebra els seus 50 anys amb un concert especial en el Teatre Monumental. Tampoc faltaran els actes tradicionals, com el Toc de Novena en la Basílica de Santa María.</p>
<p data-start="714" data-end="949">I per a tancar la jornada, la nit s'anima amb concerts a l'aire lliure en la plaça i una sessió familiar en la Muralla de la Presó. Una combinació perfecta d'art, tradició i festa per a començar a viure l'esperit dels Santes.</p>

<p>El jueves 18 de julio, Mataró empieza a llenarse de vida con una programación pensada para todos los públicos. Desde la tarde, la plaza de Santa Anna será punto de encuentro con la firma de carteles de Les Santes y el ensayo de los Capgrossos, dando el pistoletazo de salida al ambiente festivo en el &hellip; </p>
