{"id":14658,"date":"2024-12-12T16:04:44","date_gmt":"2024-12-12T15:04:44","guid":{"rendered":"https:\/?post_type=listing&#038;p=14658"},"modified":"2024-12-12T16:04:44","modified_gmt":"2024-12-12T15:04:44","slug":"viena-mataro-parc","status":"publish","type":"listing","link":"https:\/\/mataroactiva.net\/cat\/negocio\/viena-mataro-parc\/","title":{"rendered":"Viena Matar\u00f3 Parc"},"content":{"rendered":"<p>Viena Matar\u00f3 Parc \u00e9s un espai acollidor que combina tradici\u00f3 i qualitat en la seva oferta gastron\u00f2mica. Especialitzat en entrepans artesanals, amanides fresques i plats inspirats en la cuina centreeuropea, \u00e9s el lloc perfecte per a gaudir d'un menjar equilibrat en un entorn relaxat.<\/p>\n<p>L'establiment destaca pel seu servei eficient i la seva proposta de productes elaborats amb ingredients seleccionats, la qual cosa garanteix una experi\u00e8ncia deliciosa i aut\u00e8ntica. \u00c9s una opci\u00f3 ideal per als qui busquen una pausa de qualitat durant la seva visita al centre comercial.<\/p>\n<p>A m\u00e9s, Viena Matar\u00f3 Parc ofereix opcions variades que s'adapten a tots els gustos, des de esmorzars lleugers fins a menjars complets, en un ambient c\u00f2mode que convida a gaudir en companyia.<\/p>","protected":false},"excerpt":{"rendered":"<p>Viena Matar\u00f3 Parc es un espacio acogedor que combina tradici\u00f3n y calidad en su oferta gastron\u00f3mica. Especializado en bocadillos artesanales, ensaladas frescas y platos inspirados en la cocina centroeuropea, es el lugar perfecto para disfrutar de una comida equilibrada en un entorno relajado. El establecimiento destaca por su servicio eficiente y su propuesta de productos &hellip; <\/p>","protected":false},"author":1,"featured_media":15427,"parent":0,"menu_order":0,"comment_status":"open","ping_status":"closed","template":"","class_list":["post-14658","listing","type-listing","status-publish","has-post-thumbnail","hentry","listing_cat-mediterranea","listing_feature-accesibles-para-minusvalidos","listing_feature-almuerzos-en-mataro","listing_feature-restaurantes-aptos-para-celiacos","listing_feature-restaurantes-aptos-para-vegetarianos-en-mataro","listing_feature-cafe","listing_feature-cenas","listing_feature-comidas","listing_feature-mejores-desayunos-en-mataro","listing_feature-recogida-en-local","listing_location-cc-mataro-parc","listing_location-cataluna","listing_location-mataro","listing_tag-bocadillos","listing_tag-bocata","listing_tag-bocateria","listing_tag-cafeteria"],"_links":{"self":[{"href":"https:\/\/mataroactiva.net\/cat\/wp-json\/wp\/v2\/listing\/14658","targetHints":{"allow":["GET"]}}],"collection":[{"href":"https:\/\/mataroactiva.net\/cat\/wp-json\/wp\/v2\/listing"}],"about":[{"href":"https:\/\/mataroactiva.net\/cat\/wp-json\/wp\/v2\/types\/listing"}],"author":[{"embeddable":true,"href":"https:\/\/mataroactiva.net\/cat\/wp-json\/wp\/v2\/users\/1"}],"replies":[{"embeddable":true,"href":"https:\/\/mataroactiva.net\/cat\/wp-json\/wp\/v2\/comments?post=14658"}],"wp:featuredmedia":[{"embeddable":true,"href":"https:\/\/mataroactiva.net\/cat\/wp-json\/wp\/v2\/media\/15427"}],"wp:attachment":[{"href":"https:\/\/mataroactiva.net\/cat\/wp-json\/wp\/v2\/media?parent=14658"}],"curies":[{"name":"wp","href":"https:\/\/api.w.org\/{rel}","templated":true}]}}

Viena Mataró Parc

<p>Viena Mataró Parc és un espai acollidor que combina tradició i qualitat en la seva oferta gastronòmica. Especialitzat en entrepans artesanals, amanides fresques i plats inspirats en la cuina centreeuropea, és el lloc perfecte per a gaudir d'un menjar equilibrat en un entorn relaxat.</p>
<p>L'establiment destaca pel seu servei eficient i la seva proposta de productes elaborats amb ingredients seleccionats, la qual cosa garanteix una experiència deliciosa i autèntica. És una opció ideal per als qui busquen una pausa de qualitat durant la seva visita al centre comercial.</p>
<p>A més, Viena Mataró Parc ofereix opcions variades que s'adapten a tots els gustos, des de esmorzars lleugers fins a menjars complets, en un ambient còmode que convida a gaudir en companyia.</p>

<p>Viena Mataró Parc es un espacio acogedor que combina tradición y calidad en su oferta gastronómica. Especializado en bocadillos artesanales, ensaladas frescas y platos inspirados en la cocina centroeuropea, es el lugar perfecto para disfrutar de una comida equilibrada en un entorno relajado. El establecimiento destaca por su servicio eficiente y su propuesta de productos &hellip; </p>
