{"id":14653,"date":"2024-12-16T19:10:56","date_gmt":"2024-12-16T18:10:56","guid":{"rendered":"https:\/?post_type=listing&#038;p=14653"},"modified":"2024-12-16T19:10:56","modified_gmt":"2024-12-16T18:10:56","slug":"wapatu-mataro-parc","status":"publish","type":"listing","link":"https:\/\/mataroactiva.net\/cat\/negocio\/wapatu-mataro-parc\/","title":{"rendered":"Wapatu Matar\u00f3 Parc"},"content":{"rendered":"<p>Wapatu Matar\u00f3 Parc \u00e9s una perruqueria situada en el reconegut centre comercial de Matar\u00f3 Parc. Aquest sal\u00f3 destaca per oferir serveis d'alta qualitat adaptats a les \u00faltimes tend\u00e8ncies en perruqueria i est\u00e8tica, en un ambient professional i pr\u00f2xim.<\/p>\n<p>L'equip de Wapatu Matar\u00f3 Parc es compon d'estilistes experimentats que brinden una atenci\u00f3 personalitzada a cada client, garantint resultats que superen expectatives. Entre els serveis m\u00e9s destacats s'inclouen tallades de cabells, tints, metxes i tractaments capil\u00b7lars com la queratina. A m\u00e9s, tamb\u00e9 compten amb serveis de bellesa complementaris, com a maquillatge i manicures, la qual cosa ho converteix en un espai integral per a la cura personal.<\/p>\n<p>Utilitzen productes d'alta gamma, assegurant resultats duradors i saludables per al cabell. Gr\u00e0cies al seu enfocament professional i el seu comprom\u00eds amb la satisfacci\u00f3 del client, Wapatu Matar\u00f3 Parc s'ha convertit en una refer\u00e8ncia a Matar\u00f3 per als qui busquen renovar la seva imatge o gaudir d'una cura especial.<\/p>","protected":false},"excerpt":{"rendered":"<p>Wapatu Matar\u00f3 Parc es una peluquer\u00eda ubicada en el reconocido centro comercial de Matar\u00f3 Parc. Este sal\u00f3n destaca por ofrecer servicios de alta calidad adaptados a las \u00faltimas tendencias en peluquer\u00eda y est\u00e9tica, en un ambiente profesional y cercano. El equipo de Wapatu Matar\u00f3 Parc se compone de estilistas experimentados que brindan una atenci\u00f3n personalizada &hellip; <\/p>","protected":false},"author":1,"featured_media":15523,"parent":0,"menu_order":0,"comment_status":"open","ping_status":"closed","template":"","class_list":["post-14653","listing","type-listing","status-publish","has-post-thumbnail","hentry","listing_cat-peluqueria","listing_feature-accesibles-para-minusvalidos","listing_feature-coloracion","listing_feature-corte-de-pelo-en-mataro","listing_feature-lavado","listing_feature-peinados","listing_feature-tratamientos-de-peluqueria-en-mataro","listing_location-cc-mataro-parc","listing_location-cataluna","listing_location-mataro","listing_tag-coloracion","listing_tag-corte","listing_tag-cuidado-capilar","listing_tag-peinados","listing_tag-peluqueria","listing_tag-tinte"],"_links":{"self":[{"href":"https:\/\/mataroactiva.net\/cat\/wp-json\/wp\/v2\/listing\/14653","targetHints":{"allow":["GET"]}}],"collection":[{"href":"https:\/\/mataroactiva.net\/cat\/wp-json\/wp\/v2\/listing"}],"about":[{"href":"https:\/\/mataroactiva.net\/cat\/wp-json\/wp\/v2\/types\/listing"}],"author":[{"embeddable":true,"href":"https:\/\/mataroactiva.net\/cat\/wp-json\/wp\/v2\/users\/1"}],"replies":[{"embeddable":true,"href":"https:\/\/mataroactiva.net\/cat\/wp-json\/wp\/v2\/comments?post=14653"}],"wp:featuredmedia":[{"embeddable":true,"href":"https:\/\/mataroactiva.net\/cat\/wp-json\/wp\/v2\/media\/15523"}],"wp:attachment":[{"href":"https:\/\/mataroactiva.net\/cat\/wp-json\/wp\/v2\/media?parent=14653"}],"curies":[{"name":"wp","href":"https:\/\/api.w.org\/{rel}","templated":true}]}}

Wapatu Mataró Parc

<p>Wapatu Mataró Parc és una perruqueria situada en el reconegut centre comercial de Mataró Parc. Aquest saló destaca per oferir serveis d'alta qualitat adaptats a les últimes tendències en perruqueria i estètica, en un ambient professional i pròxim.</p>
<p>L'equip de Wapatu Mataró Parc es compon d'estilistes experimentats que brinden una atenció personalitzada a cada client, garantint resultats que superen expectatives. Entre els serveis més destacats s'inclouen tallades de cabells, tints, metxes i tractaments capil·lars com la queratina. A més, també compten amb serveis de bellesa complementaris, com a maquillatge i manicures, la qual cosa ho converteix en un espai integral per a la cura personal.</p>
<p>Utilitzen productes d'alta gamma, assegurant resultats duradors i saludables per al cabell. Gràcies al seu enfocament professional i el seu compromís amb la satisfacció del client, Wapatu Mataró Parc s'ha convertit en una referència a Mataró per als qui busquen renovar la seva imatge o gaudir d'una cura especial.</p>

<p>Wapatu Mataró Parc es una peluquería ubicada en el reconocido centro comercial de Mataró Parc. Este salón destaca por ofrecer servicios de alta calidad adaptados a las últimas tendencias en peluquería y estética, en un ambiente profesional y cercano. El equipo de Wapatu Mataró Parc se compone de estilistas experimentados que brindan una atención personalizada &hellip; </p>
