{"id":14651,"date":"2024-12-16T16:42:31","date_gmt":"2024-12-16T15:42:31","guid":{"rendered":"https:\/?post_type=listing&#038;p=14651"},"modified":"2025-02-12T11:46:37","modified_gmt":"2025-02-12T10:46:37","slug":"rks-mataro-parc","status":"publish","type":"listing","link":"https:\/\/mataroactiva.net\/cat\/negocio\/rks-mataro-parc\/","title":{"rendered":"RKS Matar\u00f3 Parc"},"content":{"rendered":"<p>RKS Matar\u00f3 Parc \u00e9s el dest\u00ed ideal per als qui busquen cal\u00e7at de moda i alta qualitat a Matar\u00f3. Situada dins del concorregut centre comercial Matar\u00f3 Parc, aquesta botiga ofereix una \u00e0mplia selecci\u00f3 de cal\u00e7at per a home, dona i nens, sempre apostant per les \u00faltimes tend\u00e8ncies i combinant comoditat amb estil.<\/p>\n<p>RKS destaca per la seva atenci\u00f3 personalitzada i un cat\u00e0leg que abasta des d'opcions casuals i esportives fins a cal\u00e7at formal i de temporada. A m\u00e9s, les seves col\u00b7leccions inclouen marques reconegudes que garanteixen durabilitat i disseny, adaptant-se a totes les edats i necessitats.<\/p>\n<p>Si visites RKS Matar\u00f3 Parc, descobrir\u00e0s un espai modern i organitzat on trobar els teus pr\u00f2xims imprescindibles en cal\u00e7at ser\u00e0 una experi\u00e8ncia agradable. La combinaci\u00f3 de qualitat, varietat i un entorn amigable el converteixen en una parada obligat\u00f2ria per als amants de la moda a Matar\u00f3 Parc.<\/p>","protected":false},"excerpt":{"rendered":"<p>RKS Matar\u00f3 Parc es el destino ideal para quienes buscan calzado de moda y alta calidad en Matar\u00f3. Ubicada dentro del concurrido centro comercial Matar\u00f3 Parc, esta tienda ofrece una amplia selecci\u00f3n de calzado para hombre, mujer y ni\u00f1os, siempre apostando por las \u00faltimas tendencias y combinando comodidad con estilo. RKS destaca por su atenci\u00f3n &hellip; <\/p>","protected":false},"author":1,"featured_media":15519,"parent":0,"menu_order":0,"comment_status":"open","ping_status":"closed","template":"","class_list":["post-14651","listing","type-listing","status-publish","has-post-thumbnail","hentry","listing_cat-zapaterias","listing_feature-accesibles-para-minusvalidos","listing_feature-botas","listing_feature-complementos","listing_feature-zapatos","listing_location-cc-mataro-parc","listing_location-cataluna","listing_location-mataro","listing_tag-bambas","listing_tag-botas","listing_tag-mocasines","listing_tag-zapateria","listing_tag-zapatillas","listing_tag-zapatos"],"_links":{"self":[{"href":"https:\/\/mataroactiva.net\/cat\/wp-json\/wp\/v2\/listing\/14651","targetHints":{"allow":["GET"]}}],"collection":[{"href":"https:\/\/mataroactiva.net\/cat\/wp-json\/wp\/v2\/listing"}],"about":[{"href":"https:\/\/mataroactiva.net\/cat\/wp-json\/wp\/v2\/types\/listing"}],"author":[{"embeddable":true,"href":"https:\/\/mataroactiva.net\/cat\/wp-json\/wp\/v2\/users\/1"}],"replies":[{"embeddable":true,"href":"https:\/\/mataroactiva.net\/cat\/wp-json\/wp\/v2\/comments?post=14651"}],"wp:featuredmedia":[{"embeddable":true,"href":"https:\/\/mataroactiva.net\/cat\/wp-json\/wp\/v2\/media\/15519"}],"wp:attachment":[{"href":"https:\/\/mataroactiva.net\/cat\/wp-json\/wp\/v2\/media?parent=14651"}],"curies":[{"name":"wp","href":"https:\/\/api.w.org\/{rel}","templated":true}]}}

RKS Mataró Parc

<p>RKS Mataró Parc és el destí ideal per als qui busquen calçat de moda i alta qualitat a Mataró. Situada dins del concorregut centre comercial Mataró Parc, aquesta botiga ofereix una àmplia selecció de calçat per a home, dona i nens, sempre apostant per les últimes tendències i combinant comoditat amb estil.</p>
<p>RKS destaca per la seva atenció personalitzada i un catàleg que abasta des d'opcions casuals i esportives fins a calçat formal i de temporada. A més, les seves col·leccions inclouen marques reconegudes que garanteixen durabilitat i disseny, adaptant-se a totes les edats i necessitats.</p>
<p>Si visites RKS Mataró Parc, descobriràs un espai modern i organitzat on trobar els teus pròxims imprescindibles en calçat serà una experiència agradable. La combinació de qualitat, varietat i un entorn amigable el converteixen en una parada obligatòria per als amants de la moda a Mataró Parc.</p>

<p>RKS Mataró Parc es el destino ideal para quienes buscan calzado de moda y alta calidad en Mataró. Ubicada dentro del concurrido centro comercial Mataró Parc, esta tienda ofrece una amplia selección de calzado para hombre, mujer y niños, siempre apostando por las últimas tendencias y combinando comodidad con estilo. RKS destaca por su atención &hellip; </p>
