{"id":14643,"date":"2024-12-12T10:04:10","date_gmt":"2024-12-12T09:04:10","guid":{"rendered":"https:\/?post_type=listing&#038;p=14643"},"modified":"2025-02-12T10:40:54","modified_gmt":"2025-02-12T09:40:54","slug":"okaidi-mataro-parc","status":"publish","type":"listing","link":"https:\/\/mataroactiva.net\/cat\/negocio\/okaidi-mataro-parc\/","title":{"rendered":"Oka\u00efdi Matar\u00f3 Parc"},"content":{"rendered":"<p>Oka\u00efdi Matar\u00f3 Parc ofereix una \u00e0mplia gamma de roba infantil dissenyada per a acompanyar als nens des del naixement fins als 14 anys. Amb una forta aposta per dissenys moderns i funcionals, la marca es centra en crear col\u00b7leccions vers\u00e0tils que combinen estil i comoditat. Cada pe\u00e7a reflecteix el seu comprom\u00eds amb els valors universals i el respecte per les etapes de creixement dels petits.<\/p>\n<p>En Oka\u00efdi Matar\u00f3 Parc trobar\u00e0s peces que destaquen pel seu colorit i varietat, des de b\u00e0sics imprescindibles fins a accessoris i cal\u00e7at. El seu cat\u00e0leg inclou opcions ideals per al dia a dia i ocasions especials, sempre amb materials d'alta qualitat que asseguren durabilitat i confort. A m\u00e9s, compten amb productes pensats per a ajustar-se a les necessitats i gustos de cada nen, independentment de la seva edat.<\/p>\n<p>L'equip de la botiga es distingeix per la seva atenci\u00f3 personalitzada, ajudant-te a trobar el que necessites per als petits de casa. Ja sigui que busquis renovar l'armari dels teus fills o triar un regal especial, Oka\u00efdi Matar\u00f3 Parc combina moda, funcionalitat i preus competitius per a brindar-te una experi\u00e8ncia de compra completa i agradable\u200b<\/p>\n<div class=\"relative inline-flex items-center\"><\/div>","protected":false},"excerpt":{"rendered":"<p>Oka\u00efdi Matar\u00f3 Parc ofrece una amplia gama de ropa infantil dise\u00f1ada para acompa\u00f1ar a los ni\u00f1os desde el nacimiento hasta los 14 a\u00f1os. Con una fuerte apuesta por dise\u00f1os modernos y funcionales, la marca se centra en crear colecciones vers\u00e1tiles que combinan estilo y comodidad. Cada pieza refleja su compromiso con los valores universales y &hellip; <\/p>","protected":false},"author":1,"featured_media":15404,"parent":0,"menu_order":0,"comment_status":"open","ping_status":"closed","template":"","class_list":["post-14643","listing","type-listing","status-publish","has-post-thumbnail","hentry","listing_cat-moda-infantil","listing_feature-accesibles-para-minusvalidos","listing_feature-ropa-infantil","listing_location-cc-mataro-parc","listing_location-cataluna","listing_location-mataro","listing_tag-moda-infantil"],"_links":{"self":[{"href":"https:\/\/mataroactiva.net\/cat\/wp-json\/wp\/v2\/listing\/14643","targetHints":{"allow":["GET"]}}],"collection":[{"href":"https:\/\/mataroactiva.net\/cat\/wp-json\/wp\/v2\/listing"}],"about":[{"href":"https:\/\/mataroactiva.net\/cat\/wp-json\/wp\/v2\/types\/listing"}],"author":[{"embeddable":true,"href":"https:\/\/mataroactiva.net\/cat\/wp-json\/wp\/v2\/users\/1"}],"replies":[{"embeddable":true,"href":"https:\/\/mataroactiva.net\/cat\/wp-json\/wp\/v2\/comments?post=14643"}],"wp:featuredmedia":[{"embeddable":true,"href":"https:\/\/mataroactiva.net\/cat\/wp-json\/wp\/v2\/media\/15404"}],"wp:attachment":[{"href":"https:\/\/mataroactiva.net\/cat\/wp-json\/wp\/v2\/media?parent=14643"}],"curies":[{"name":"wp","href":"https:\/\/api.w.org\/{rel}","templated":true}]}}

Okaïdi Mataró Parc

<p>Okaïdi Mataró Parc ofereix una àmplia gamma de roba infantil dissenyada per a acompanyar als nens des del naixement fins als 14 anys. Amb una forta aposta per dissenys moderns i funcionals, la marca es centra en crear col·leccions versàtils que combinen estil i comoditat. Cada peça reflecteix el seu compromís amb els valors universals i el respecte per les etapes de creixement dels petits.</p>
<p>En Okaïdi Mataró Parc trobaràs peces que destaquen pel seu colorit i varietat, des de bàsics imprescindibles fins a accessoris i calçat. El seu catàleg inclou opcions ideals per al dia a dia i ocasions especials, sempre amb materials d'alta qualitat que asseguren durabilitat i confort. A més, compten amb productes pensats per a ajustar-se a les necessitats i gustos de cada nen, independentment de la seva edat.</p>
<p>L'equip de la botiga es distingeix per la seva atenció personalitzada, ajudant-te a trobar el que necessites per als petits de casa. Ja sigui que busquis renovar l'armari dels teus fills o triar un regal especial, Okaïdi Mataró Parc combina moda, funcionalitat i preus competitius per a brindar-te una experiència de compra completa i agradable​</p>
<div class="relative inline-flex items-center"></div>

<p>Okaïdi Mataró Parc ofrece una amplia gama de ropa infantil diseñada para acompañar a los niños desde el nacimiento hasta los 14 años. Con una fuerte apuesta por diseños modernos y funcionales, la marca se centra en crear colecciones versátiles que combinan estilo y comodidad. Cada pieza refleja su compromiso con los valores universales y &hellip; </p>
