{"id":14642,"date":"2024-12-13T10:38:38","date_gmt":"2024-12-13T09:38:38","guid":{"rendered":"https:\/?post_type=listing&#038;p=14642"},"modified":"2025-02-12T00:43:02","modified_gmt":"2025-02-11T23:43:02","slug":"mayoral-mataro-parc","status":"publish","type":"listing","link":"https:\/\/mataroactiva.net\/cat\/negocio\/mayoral-mataro-parc\/","title":{"rendered":"Mayoral Matar\u00f3 Parc"},"content":{"rendered":"<p>Mayoral Matar\u00f3 Parc \u00e9s la botiga ideal per a trobar roba infantil que combina estil, qualitat i comoditat. Les seves col\u00b7leccions estan dissenyades per a vestir els m\u00e9s petits des de nounats fins a adolescents, amb peces adaptades a totes les etapes i necessitats. Cada temporada, presenten propostes fresques que destaquen pels seus detalls i acabats \u00fanics.<\/p>\n<p>L'espai de la botiga est\u00e0 organitzat de manera intu\u00eftiva, facilitant l'experi\u00e8ncia de compra per a fam\u00edlies. Des de conjunts elegants fins a roba casual per al dia a dia, Mayoral ofereix opcions variades i pr\u00e0ctiques, sempre amb dissenys atractius.<\/p>\n<p>A m\u00e9s del seu enfocament en la moda, Mayoral Matar\u00f3 Parc es compromet amb la durabilitat i sostenibilitat en els seus productes. Amb preus competitius i un cat\u00e0leg constantment renovat, \u00e9s una parada obligada per als qui busquen vestir els nens amb estil i confort, garantint qualitat en cada detall.<\/p>","protected":false},"excerpt":{"rendered":"<p>Mayoral Matar\u00f3 Parc es la tienda ideal para encontrar ropa infantil que combina estilo, calidad y comodidad. Sus colecciones est\u00e1n dise\u00f1adas para vestir a los m\u00e1s peque\u00f1os desde reci\u00e9n nacidos hasta adolescentes, con prendas adaptadas a todas las etapas y necesidades. Cada temporada, presentan propuestas frescas que destacan por sus detalles y acabados \u00fanicos. El &hellip; <\/p>","protected":false},"author":1,"featured_media":15482,"parent":0,"menu_order":0,"comment_status":"open","ping_status":"closed","template":"","class_list":["post-14642","listing","type-listing","status-publish","has-post-thumbnail","hentry","listing_cat-moda-infantil","listing_feature-accesibles-para-minusvalidos","listing_feature-ropa-infantil","listing_location-cc-mataro-parc","listing_location-cataluna","listing_location-mataro","listing_tag-camiseta-nino","listing_tag-moda-bebe","listing_tag-moda-infantil","listing_tag-pantalones-nino","listing_tag-pijama-nino","listing_tag-ropa-infantil"],"_links":{"self":[{"href":"https:\/\/mataroactiva.net\/cat\/wp-json\/wp\/v2\/listing\/14642","targetHints":{"allow":["GET"]}}],"collection":[{"href":"https:\/\/mataroactiva.net\/cat\/wp-json\/wp\/v2\/listing"}],"about":[{"href":"https:\/\/mataroactiva.net\/cat\/wp-json\/wp\/v2\/types\/listing"}],"author":[{"embeddable":true,"href":"https:\/\/mataroactiva.net\/cat\/wp-json\/wp\/v2\/users\/1"}],"replies":[{"embeddable":true,"href":"https:\/\/mataroactiva.net\/cat\/wp-json\/wp\/v2\/comments?post=14642"}],"wp:featuredmedia":[{"embeddable":true,"href":"https:\/\/mataroactiva.net\/cat\/wp-json\/wp\/v2\/media\/15482"}],"wp:attachment":[{"href":"https:\/\/mataroactiva.net\/cat\/wp-json\/wp\/v2\/media?parent=14642"}],"curies":[{"name":"wp","href":"https:\/\/api.w.org\/{rel}","templated":true}]}}

Mayoral Mataró Parc

<p>Mayoral Mataró Parc és la botiga ideal per a trobar roba infantil que combina estil, qualitat i comoditat. Les seves col·leccions estan dissenyades per a vestir els més petits des de nounats fins a adolescents, amb peces adaptades a totes les etapes i necessitats. Cada temporada, presenten propostes fresques que destaquen pels seus detalls i acabats únics.</p>
<p>L'espai de la botiga està organitzat de manera intuïtiva, facilitant l'experiència de compra per a famílies. Des de conjunts elegants fins a roba casual per al dia a dia, Mayoral ofereix opcions variades i pràctiques, sempre amb dissenys atractius.</p>
<p>A més del seu enfocament en la moda, Mayoral Mataró Parc es compromet amb la durabilitat i sostenibilitat en els seus productes. Amb preus competitius i un catàleg constantment renovat, és una parada obligada per als qui busquen vestir els nens amb estil i confort, garantint qualitat en cada detall.</p>

<p>Mayoral Mataró Parc es la tienda ideal para encontrar ropa infantil que combina estilo, calidad y comodidad. Sus colecciones están diseñadas para vestir a los más pequeños desde recién nacidos hasta adolescentes, con prendas adaptadas a todas las etapas y necesidades. Cada temporada, presentan propuestas frescas que destacan por sus detalles y acabados únicos. El &hellip; </p>
