{"id":14638,"date":"2024-12-16T14:47:05","date_gmt":"2024-12-16T13:47:05","guid":{"rendered":"https:\/?post_type=listing&#038;p=14638"},"modified":"2025-02-11T20:07:17","modified_gmt":"2025-02-11T19:07:17","slug":"zara-mataro-parc","status":"publish","type":"listing","link":"https:\/\/mataroactiva.net\/cat\/negocio\/zara-mataro-parc\/","title":{"rendered":"Zara Matar\u00f3 Parc"},"content":{"rendered":"<p>Zara Matar\u00f3 Parc \u00e9s el dest\u00ed perfecte per als amants de la moda que busquen les \u00faltimes tend\u00e8ncies en un espai modern i c\u00f2mode. Situada en el reconegut centre comercial Matar\u00f3 Parc, aquesta botiga ofereix una \u00e0mplia selecci\u00f3 de roba, cal\u00e7at i complements per a dona, home i nens, adaptant-se a tots els estils i necessitats.<\/p>\n<p>Amb una aposta pel disseny avantguardista, Zara Matar\u00f3 Parc destaca per renovar constantment les seves col\u00b7leccions, capturant el millor de la moda internacional a preus accessibles. La botiga mant\u00e9 un equilibri perfecte entre peces cl\u00e0ssiques, peces b\u00e0siques i propostes m\u00e9s atrevides, ideals per als qui desitgen estar a l'\u00faltima en qualsevol ocasi\u00f3.<\/p>\n<p>A m\u00e9s de la seva atractiva oferta, Zara Matar\u00f3 Parc garanteix una experi\u00e8ncia de compra agradable gr\u00e0cies a la seva organitzaci\u00f3 intu\u00eftiva i un servei al client atent. Ja sigui per a un canvi d'armari, un look especial o simplement per a descobrir les novetats de la temporada, aquesta botiga s'ha convertit en un imprescindible del centre comercial<\/p>","protected":false},"excerpt":{"rendered":"<p>Zara Matar\u00f3 Parc es el destino perfecto para los amantes de la moda que buscan las \u00faltimas tendencias en un espacio moderno y c\u00f3modo. Ubicada en el reconocido centro comercial Matar\u00f3 Parc, esta tienda ofrece una amplia selecci\u00f3n de ropa, calzado y complementos para mujer, hombre y ni\u00f1os, adapt\u00e1ndose a todos los estilos y necesidades. &hellip; <\/p>","protected":false},"author":1,"featured_media":15513,"parent":0,"menu_order":0,"comment_status":"open","ping_status":"closed","template":"","class_list":["post-14638","listing","type-listing","status-publish","has-post-thumbnail","hentry","listing_cat-tiendas-de-ropa","listing_feature-accesibles-para-minusvalidos","listing_feature-botas","listing_feature-ropa-hombre","listing_feature-ropa-infantil","listing_feature-ropa-mujer","listing_feature-zapatos","listing_location-cc-mataro-parc","listing_location-cataluna","listing_location-mataro","listing_tag-camisetas","listing_tag-moda","listing_tag-moda-hombre","listing_tag-moda-mujer","listing_tag-moda-nino","listing_tag-pantalones","listing_tag-tejanos"],"_links":{"self":[{"href":"https:\/\/mataroactiva.net\/cat\/wp-json\/wp\/v2\/listing\/14638","targetHints":{"allow":["GET"]}}],"collection":[{"href":"https:\/\/mataroactiva.net\/cat\/wp-json\/wp\/v2\/listing"}],"about":[{"href":"https:\/\/mataroactiva.net\/cat\/wp-json\/wp\/v2\/types\/listing"}],"author":[{"embeddable":true,"href":"https:\/\/mataroactiva.net\/cat\/wp-json\/wp\/v2\/users\/1"}],"replies":[{"embeddable":true,"href":"https:\/\/mataroactiva.net\/cat\/wp-json\/wp\/v2\/comments?post=14638"}],"wp:featuredmedia":[{"embeddable":true,"href":"https:\/\/mataroactiva.net\/cat\/wp-json\/wp\/v2\/media\/15513"}],"wp:attachment":[{"href":"https:\/\/mataroactiva.net\/cat\/wp-json\/wp\/v2\/media?parent=14638"}],"curies":[{"name":"wp","href":"https:\/\/api.w.org\/{rel}","templated":true}]}}

Zara Mataró Parc

<p>Zara Mataró Parc és el destí perfecte per als amants de la moda que busquen les últimes tendències en un espai modern i còmode. Situada en el reconegut centre comercial Mataró Parc, aquesta botiga ofereix una àmplia selecció de roba, calçat i complements per a dona, home i nens, adaptant-se a tots els estils i necessitats.</p>
<p>Amb una aposta pel disseny avantguardista, Zara Mataró Parc destaca per renovar constantment les seves col·leccions, capturant el millor de la moda internacional a preus accessibles. La botiga manté un equilibri perfecte entre peces clàssiques, peces bàsiques i propostes més atrevides, ideals per als qui desitgen estar a l'última en qualsevol ocasió.</p>
<p>A més de la seva atractiva oferta, Zara Mataró Parc garanteix una experiència de compra agradable gràcies a la seva organització intuïtiva i un servei al client atent. Ja sigui per a un canvi d'armari, un look especial o simplement per a descobrir les novetats de la temporada, aquesta botiga s'ha convertit en un imprescindible del centre comercial</p>

<p>Zara Mataró Parc es el destino perfecto para los amantes de la moda que buscan las últimas tendencias en un espacio moderno y cómodo. Ubicada en el reconocido centro comercial Mataró Parc, esta tienda ofrece una amplia selección de ropa, calzado y complementos para mujer, hombre y niños, adaptándose a todos los estilos y necesidades. &hellip; </p>
