{"id":14633,"date":"2024-12-16T20:03:53","date_gmt":"2024-12-16T19:03:53","guid":{"rendered":"https:\/?post_type=listing&#038;p=14633"},"modified":"2025-02-12T13:48:40","modified_gmt":"2025-02-12T12:48:40","slug":"sephora-mataro-parc","status":"publish","type":"listing","link":"https:\/\/mataroactiva.net\/cat\/negocio\/sephora-mataro-parc\/","title":{"rendered":"Sephora Matar\u00f3 Parc"},"content":{"rendered":"<p>Sephora Matar\u00f3 Parc \u00e9s el dest\u00ed ideal a Matar\u00f3 per als qui busquen una experi\u00e8ncia de bellesa premium i personalitzada. Amb una \u00e0mplia gamma de productes de maquillatge, tractaments per a la cura de la pell i frag\u00e0ncies, Sephora ofereix un espai modern i acollidor on la innovaci\u00f3 i la qualitat es troben en cada detall.<\/p>\n<p>L'equip de Beauty Advisors de Sephora Matar\u00f3 Parc est\u00e0 altament capacitat per a brindar assessorament especialitzat, ajudant-te a descobrir els productes m\u00e9s adequats per a les teves necessitats. Des d'an\u00e0lisi de la pell fins a classes magistrals de maquillatge, l'objectiu \u00e9s elevar la teva rutina de bellesa a un altre nivell amb un toc professional i pr\u00f2xim.<\/p>\n<p>A m\u00e9s, Sephora \u00e9s coneguda per la seva variada selecci\u00f3 de marques exclusives i els seus serveis de demostraci\u00f3 personalitzats. Ja sigui que busquis la teva frag\u00e0ncia favorita o un regal especial, en Sephora Matar\u00f3 Parc trobar\u00e0s opcions \u00faniques i experi\u00e8ncies que superen les expectatives.<\/p>","protected":false},"excerpt":{"rendered":"<p>Sephora Matar\u00f3 Parc es el destino ideal en Matar\u00f3 para quienes buscan una experiencia de belleza premium y personalizada. Con una amplia gama de productos de maquillaje, tratamientos para el cuidado de la piel y fragancias, Sephora ofrece un espacio moderno y acogedor donde la innovaci\u00f3n y la calidad se encuentran en cada detalle. El &hellip; <\/p>","protected":false},"author":1,"featured_media":15529,"parent":0,"menu_order":0,"comment_status":"open","ping_status":"closed","template":"","class_list":["post-14633","listing","type-listing","status-publish","has-post-thumbnail","hentry","listing_cat-cosmetica","listing_feature-accesibles-para-minusvalidos","listing_feature-colonias","listing_feature-cremas","listing_feature-maquillaje","listing_feature-perfumes","listing_location-cc-mataro-parc","listing_location-cataluna","listing_location-mataro","listing_tag-champu","listing_tag-colonias","listing_tag-cremas","listing_tag-gel-de-ducha","listing_tag-maquillaje","listing_tag-mascarillas","listing_tag-perfumeria","listing_tag-perfumes"],"_links":{"self":[{"href":"https:\/\/mataroactiva.net\/cat\/wp-json\/wp\/v2\/listing\/14633","targetHints":{"allow":["GET"]}}],"collection":[{"href":"https:\/\/mataroactiva.net\/cat\/wp-json\/wp\/v2\/listing"}],"about":[{"href":"https:\/\/mataroactiva.net\/cat\/wp-json\/wp\/v2\/types\/listing"}],"author":[{"embeddable":true,"href":"https:\/\/mataroactiva.net\/cat\/wp-json\/wp\/v2\/users\/1"}],"replies":[{"embeddable":true,"href":"https:\/\/mataroactiva.net\/cat\/wp-json\/wp\/v2\/comments?post=14633"}],"wp:featuredmedia":[{"embeddable":true,"href":"https:\/\/mataroactiva.net\/cat\/wp-json\/wp\/v2\/media\/15529"}],"wp:attachment":[{"href":"https:\/\/mataroactiva.net\/cat\/wp-json\/wp\/v2\/media?parent=14633"}],"curies":[{"name":"wp","href":"https:\/\/api.w.org\/{rel}","templated":true}]}}

Sephora Mataró Parc

<p>Sephora Mataró Parc és el destí ideal a Mataró per als qui busquen una experiència de bellesa premium i personalitzada. Amb una àmplia gamma de productes de maquillatge, tractaments per a la cura de la pell i fragàncies, Sephora ofereix un espai modern i acollidor on la innovació i la qualitat es troben en cada detall.</p>
<p>L'equip de Beauty Advisors de Sephora Mataró Parc està altament capacitat per a brindar assessorament especialitzat, ajudant-te a descobrir els productes més adequats per a les teves necessitats. Des d'anàlisi de la pell fins a classes magistrals de maquillatge, l'objectiu és elevar la teva rutina de bellesa a un altre nivell amb un toc professional i pròxim.</p>
<p>A més, Sephora és coneguda per la seva variada selecció de marques exclusives i els seus serveis de demostració personalitzats. Ja sigui que busquis la teva fragància favorita o un regal especial, en Sephora Mataró Parc trobaràs opcions úniques i experiències que superen les expectatives.</p>

<p>Sephora Mataró Parc es el destino ideal en Mataró para quienes buscan una experiencia de belleza premium y personalizada. Con una amplia gama de productos de maquillaje, tratamientos para el cuidado de la piel y fragancias, Sephora ofrece un espacio moderno y acogedor donde la innovación y la calidad se encuentran en cada detalle. El &hellip; </p>
