{"id":14627,"date":"2025-01-15T22:10:56","date_gmt":"2025-01-15T21:10:56","guid":{"rendered":"https:\/?post_type=listing&#038;p=14627"},"modified":"2025-02-12T11:10:30","modified_gmt":"2025-02-12T10:10:30","slug":"pasarela-roja-mataro-parc","status":"publish","type":"listing","link":"https:\/\/mataroactiva.net\/cat\/negocio\/pasarela-roja-mataro-parc\/","title":{"rendered":"Pasarela Roja Matar\u00f3 Parc"},"content":{"rendered":"<p>Pasarela Roja Matar\u00f3 Parc \u00e9s una botiga especialitzada en moda urbana i streetwear, situada en el Centre Comercial Matar\u00f3 Parc. Ofereix una \u00e0mplia selecci\u00f3 de peces per a homes i dones, incloent-hi roba casual, sabatilles de moda i accessoris moderns com a gorres, ronyoneres, bandoleres i bosses.<\/p>\n<p>La botiga es destaca per comptar amb les \u00faltimes novetats i les millors marques del moment, permetent als clients mantenir-se a l'avantguarda de les tend\u00e8ncies en moda urbana. El seu enfocament a oferir productes de qualitat i estil contemporani la converteix en un dest\u00ed ideal per als qui busquen renovar el seu guarda-roba amb peces actuals i d'alta demanda.<\/p>\n<p>La ubicaci\u00f3 de Pasarela Roja Matar\u00f3 Parc proporciona als clients un entorn c\u00f2mode i accessible per a realitzar les seves compres. La botiga ofereix un horari ampli que s'adapta a les necessitats dels visitants, facilitant una experi\u00e8ncia de compra convenient i satisfact\u00f2ria<\/p>","protected":false},"excerpt":{"rendered":"<p>Pasarela Roja Matar\u00f3 Parc es una tienda especializada en moda urbana y streetwear, ubicada en el Centro Comercial Matar\u00f3 Parc. Ofrece una amplia selecci\u00f3n de prendas para hombres y mujeres, incluyendo ropa casual, zapatillas de moda y accesorios modernos como gorras, ri\u00f1oneras, bandoleras y bolsos. La tienda se destaca por contar con las \u00faltimas novedades &hellip; <\/p>","protected":false},"author":1,"featured_media":16008,"parent":0,"menu_order":0,"comment_status":"open","ping_status":"closed","template":"","class_list":["post-14627","listing","type-listing","status-publish","has-post-thumbnail","hentry","listing_cat-tiendas-de-ropa","listing_feature-accesibles-para-minusvalidos","listing_feature-botas","listing_feature-complementos","listing_feature-ropa-hombre","listing_feature-ropa-mujer","listing_feature-zapatos","listing_location-cc-mataro-parc","listing_location-cataluna","listing_location-mataro","listing_tag-deportivas","listing_tag-marca","listing_tag-moda","listing_tag-ropa-hombre","listing_tag-ropa-mujer"],"_links":{"self":[{"href":"https:\/\/mataroactiva.net\/cat\/wp-json\/wp\/v2\/listing\/14627","targetHints":{"allow":["GET"]}}],"collection":[{"href":"https:\/\/mataroactiva.net\/cat\/wp-json\/wp\/v2\/listing"}],"about":[{"href":"https:\/\/mataroactiva.net\/cat\/wp-json\/wp\/v2\/types\/listing"}],"author":[{"embeddable":true,"href":"https:\/\/mataroactiva.net\/cat\/wp-json\/wp\/v2\/users\/1"}],"replies":[{"embeddable":true,"href":"https:\/\/mataroactiva.net\/cat\/wp-json\/wp\/v2\/comments?post=14627"}],"wp:featuredmedia":[{"embeddable":true,"href":"https:\/\/mataroactiva.net\/cat\/wp-json\/wp\/v2\/media\/16008"}],"wp:attachment":[{"href":"https:\/\/mataroactiva.net\/cat\/wp-json\/wp\/v2\/media?parent=14627"}],"curies":[{"name":"wp","href":"https:\/\/api.w.org\/{rel}","templated":true}]}}

Pasarela Roja Mataró Parc

<p>Pasarela Roja Mataró Parc és una botiga especialitzada en moda urbana i streetwear, situada en el Centre Comercial Mataró Parc. Ofereix una àmplia selecció de peces per a homes i dones, incloent-hi roba casual, sabatilles de moda i accessoris moderns com a gorres, ronyoneres, bandoleres i bosses.</p>
<p>La botiga es destaca per comptar amb les últimes novetats i les millors marques del moment, permetent als clients mantenir-se a l'avantguarda de les tendències en moda urbana. El seu enfocament a oferir productes de qualitat i estil contemporani la converteix en un destí ideal per als qui busquen renovar el seu guarda-roba amb peces actuals i d'alta demanda.</p>
<p>La ubicació de Pasarela Roja Mataró Parc proporciona als clients un entorn còmode i accessible per a realitzar les seves compres. La botiga ofereix un horari ampli que s'adapta a les necessitats dels visitants, facilitant una experiència de compra convenient i satisfactòria</p>

<p>Pasarela Roja Mataró Parc es una tienda especializada en moda urbana y streetwear, ubicada en el Centro Comercial Mataró Parc. Ofrece una amplia selección de prendas para hombres y mujeres, incluyendo ropa casual, zapatillas de moda y accesorios modernos como gorras, riñoneras, bandoleras y bolsos. La tienda se destaca por contar con las últimas novedades &hellip; </p>
