{"id":14617,"date":"2024-12-18T16:51:25","date_gmt":"2024-12-18T15:51:25","guid":{"rendered":"https:\/?post_type=listing&#038;p=14617"},"modified":"2025-02-12T00:02:42","modified_gmt":"2025-02-11T23:02:42","slug":"kiko-mataro-parc","status":"publish","type":"listing","link":"https:\/\/mataroactiva.net\/cat\/negocio\/kiko-mataro-parc\/","title":{"rendered":"Kiko Matar\u00f3 Parc"},"content":{"rendered":"<p>Kiko Matar\u00f3 Parc \u00e9s una botiga de cosm\u00e8tica situada en el Centre Comercial Matar\u00f3 Parc, que ofereix una \u00e0mplia gamma de productes de maquillatge i tractaments innovadors per a la cura de la pell. La marca es distingeix per les seves f\u00f3rmules eficaces, segures i de f\u00e0cil aplicaci\u00f3, adaptant-se a les \u00faltimes tend\u00e8ncies i necessitats del mercat.<\/p>\n<p>Els clients que visiten Kiko Matar\u00f3 Parc poden explorar una varietat de productes que inclouen bases de maquillatge, ombres d'ulls, labials i esmalts d'ungles, entre altres. El personal de la botiga est\u00e0 disponible per a oferir assessorament personalitzat, ajudant cada client a trobar els productes que millor s'adaptin al seu estil i tipus de pell.<\/p>\n<p>A m\u00e9s, Kiko Matar\u00f3 Parc es compromet a brindar una experi\u00e8ncia de compra satisfact\u00f2ria, oferint productes d'alta qualitat a preus competitius. La botiga es mant\u00e9 actualitzada amb les \u00faltimes novetats en cosm\u00e8tica, assegurant que els clients tinguin acc\u00e9s a les tend\u00e8ncies m\u00e9s recents en bellesa i cura personal.<\/p>","protected":false},"excerpt":{"rendered":"<p>Kiko Matar\u00f3 Parc es una tienda de cosm\u00e9tica ubicada en el Centro Comercial Matar\u00f3 Parc, que ofrece una amplia gama de productos de maquillaje y tratamientos innovadores para el cuidado de la piel. La marca se distingue por sus f\u00f3rmulas eficaces, seguras y de f\u00e1cil aplicaci\u00f3n, adapt\u00e1ndose a las \u00faltimas tendencias y necesidades del mercado. &hellip; <\/p>","protected":false},"author":1,"featured_media":15576,"parent":0,"menu_order":0,"comment_status":"open","ping_status":"closed","template":"","class_list":["post-14617","listing","type-listing","status-publish","has-post-thumbnail","hentry","listing_cat-cosmetica","listing_feature-accesibles-para-minusvalidos","listing_feature-maquillaje","listing_location-cc-mataro-parc","listing_location-cataluna","listing_location-mataro","listing_tag-maquillaje"],"_links":{"self":[{"href":"https:\/\/mataroactiva.net\/cat\/wp-json\/wp\/v2\/listing\/14617","targetHints":{"allow":["GET"]}}],"collection":[{"href":"https:\/\/mataroactiva.net\/cat\/wp-json\/wp\/v2\/listing"}],"about":[{"href":"https:\/\/mataroactiva.net\/cat\/wp-json\/wp\/v2\/types\/listing"}],"author":[{"embeddable":true,"href":"https:\/\/mataroactiva.net\/cat\/wp-json\/wp\/v2\/users\/1"}],"replies":[{"embeddable":true,"href":"https:\/\/mataroactiva.net\/cat\/wp-json\/wp\/v2\/comments?post=14617"}],"wp:featuredmedia":[{"embeddable":true,"href":"https:\/\/mataroactiva.net\/cat\/wp-json\/wp\/v2\/media\/15576"}],"wp:attachment":[{"href":"https:\/\/mataroactiva.net\/cat\/wp-json\/wp\/v2\/media?parent=14617"}],"curies":[{"name":"wp","href":"https:\/\/api.w.org\/{rel}","templated":true}]}}

Kiko Mataró Parc

<p>Kiko Mataró Parc és una botiga de cosmètica situada en el Centre Comercial Mataró Parc, que ofereix una àmplia gamma de productes de maquillatge i tractaments innovadors per a la cura de la pell. La marca es distingeix per les seves fórmules eficaces, segures i de fàcil aplicació, adaptant-se a les últimes tendències i necessitats del mercat.</p>
<p>Els clients que visiten Kiko Mataró Parc poden explorar una varietat de productes que inclouen bases de maquillatge, ombres d'ulls, labials i esmalts d'ungles, entre altres. El personal de la botiga està disponible per a oferir assessorament personalitzat, ajudant cada client a trobar els productes que millor s'adaptin al seu estil i tipus de pell.</p>
<p>A més, Kiko Mataró Parc es compromet a brindar una experiència de compra satisfactòria, oferint productes d'alta qualitat a preus competitius. La botiga es manté actualitzada amb les últimes novetats en cosmètica, assegurant que els clients tinguin accés a les tendències més recents en bellesa i cura personal.</p>

<p>Kiko Mataró Parc es una tienda de cosmética ubicada en el Centro Comercial Mataró Parc, que ofrece una amplia gama de productos de maquillaje y tratamientos innovadores para el cuidado de la piel. La marca se distingue por sus fórmulas eficaces, seguras y de fácil aplicación, adaptándose a las últimas tendencias y necesidades del mercado. &hellip; </p>
