{"id":14616,"date":"2024-12-16T23:19:26","date_gmt":"2024-12-16T22:19:26","guid":{"rendered":"https:\/?post_type=listing&#038;p=14616"},"modified":"2025-02-11T21:42:02","modified_gmt":"2025-02-11T20:42:02","slug":"biba-mataro-parc","status":"publish","type":"listing","link":"https:\/\/mataroactiva.net\/cat\/negocio\/biba-mataro-parc\/","title":{"rendered":"Biba Matar\u00f3 Parc"},"content":{"rendered":"<p>Biba Matar\u00f3 Parc \u00e9s una botiga especialitzada en bosses, motxilles, complements i maletes de disseny urb\u00e0 i funcional. Biba ofereix productes d'alta qualitat que combinen estil i practicitat per al dia a dia.<\/p>\n<p>A la botiga de Matar\u00f3 Parc, els clients poden explorar una \u00e0mplia varietat d'articles que inclouen des de bosses de m\u00e0 i motxilles fins a maletes i accessoris de viatge. Cada pe\u00e7a est\u00e0 dissenyada per a satisfer les necessitats dels qui busquen funcionalitat sense sacrificar el disseny.<\/p>\n<p>La botiga Biba Matar\u00f3 Parc proporciona una experi\u00e8ncia de compra agradable, amb un ambient modern i organitzat que facilita la cerca del complement perfecte. Ja sigui que busquis una bossa per al treball, una motxilla per al dia a dia o una maleta per als teus viatges, Biba Matar\u00f3 \u00e9s el lloc ideal per a trobar productes que combinen qualitat, disseny i funcionalitat.<\/p>","protected":false},"excerpt":{"rendered":"<p>Biba Matar\u00f3 Parc es una tienda especializada en bolsos, mochilas, complementos y maletas de dise\u00f1o urbano y funcional. Biba ofrece productos de alta calidad que combinan estilo y practicidad para el d\u00eda a d\u00eda. En la tienda de Matar\u00f3 Parc, los clientes pueden explorar una amplia variedad de art\u00edculos que incluyen desde bolsos de mano &hellip; <\/p>","protected":false},"author":1,"featured_media":15539,"parent":0,"menu_order":0,"comment_status":"open","ping_status":"closed","template":"","class_list":["post-14616","listing","type-listing","status-publish","has-post-thumbnail","hentry","listing_cat-complementos","listing_feature-accesibles-para-minusvalidos","listing_feature-bolsos","listing_feature-carteras","listing_feature-maletas","listing_feature-marroquineria","listing_feature-mochilas","listing_location-cc-mataro-parc","listing_location-cataluna","listing_location-mataro","listing_tag-bolsos","listing_tag-complementos","listing_tag-maletas","listing_tag-mochilas"],"_links":{"self":[{"href":"https:\/\/mataroactiva.net\/cat\/wp-json\/wp\/v2\/listing\/14616","targetHints":{"allow":["GET"]}}],"collection":[{"href":"https:\/\/mataroactiva.net\/cat\/wp-json\/wp\/v2\/listing"}],"about":[{"href":"https:\/\/mataroactiva.net\/cat\/wp-json\/wp\/v2\/types\/listing"}],"author":[{"embeddable":true,"href":"https:\/\/mataroactiva.net\/cat\/wp-json\/wp\/v2\/users\/1"}],"replies":[{"embeddable":true,"href":"https:\/\/mataroactiva.net\/cat\/wp-json\/wp\/v2\/comments?post=14616"}],"wp:featuredmedia":[{"embeddable":true,"href":"https:\/\/mataroactiva.net\/cat\/wp-json\/wp\/v2\/media\/15539"}],"wp:attachment":[{"href":"https:\/\/mataroactiva.net\/cat\/wp-json\/wp\/v2\/media?parent=14616"}],"curies":[{"name":"wp","href":"https:\/\/api.w.org\/{rel}","templated":true}]}}

Biba Mataró Parc

<p>Biba Mataró Parc és una botiga especialitzada en bosses, motxilles, complements i maletes de disseny urbà i funcional. Biba ofereix productes d'alta qualitat que combinen estil i practicitat per al dia a dia.</p>
<p>A la botiga de Mataró Parc, els clients poden explorar una àmplia varietat d'articles que inclouen des de bosses de mà i motxilles fins a maletes i accessoris de viatge. Cada peça està dissenyada per a satisfer les necessitats dels qui busquen funcionalitat sense sacrificar el disseny.</p>
<p>La botiga Biba Mataró Parc proporciona una experiència de compra agradable, amb un ambient modern i organitzat que facilita la cerca del complement perfecte. Ja sigui que busquis una bossa per al treball, una motxilla per al dia a dia o una maleta per als teus viatges, Biba Mataró és el lloc ideal per a trobar productes que combinen qualitat, disseny i funcionalitat.</p>

<p>Biba Mataró Parc es una tienda especializada en bolsos, mochilas, complementos y maletas de diseño urbano y funcional. Biba ofrece productos de alta calidad que combinan estilo y practicidad para el día a día. En la tienda de Mataró Parc, los clientes pueden explorar una amplia variedad de artículos que incluyen desde bolsos de mano &hellip; </p>
