{"id":14611,"date":"2024-12-18T21:07:50","date_gmt":"2024-12-18T20:07:50","guid":{"rendered":"https:\/?post_type=listing&#038;p=14611"},"modified":"2024-12-18T21:07:50","modified_gmt":"2024-12-18T20:07:50","slug":"sunglass-hut-mataro-parc","status":"publish","type":"listing","link":"https:\/\/mataroactiva.net\/cat\/negocio\/sunglass-hut-mataro-parc\/","title":{"rendered":"Sunglass Hut Matar\u00f3 Parc"},"content":{"rendered":"<p>Sunglass Hut Matar\u00f3 \u00e9s la botiga ideal per als amants de les ulleres de sol que busquen estil i qualitat. Especialitzada a oferir una \u00e0mplia gamma de marques premium, aquesta botiga s'ha convertit en un referent per als qui valoren el disseny i la funcionalitat en els seus accessoris. Des de models cl\u00e0ssics fins a les \u00faltimes tend\u00e8ncies, Sunglass Hut Matar\u00f3 compta amb una selecci\u00f3 que s'adapta a tots els gustos i necessitats.<\/p>\n<p>L'equip de Sunglass Hut Matar\u00f3 est\u00e0 compost per experts en moda i \u00f2ptica que assessoren cada client en l'elecci\u00f3 del model perfecte. Ja sigui per a un look casual o un estil m\u00e9s sofisticat, la seva atenci\u00f3 personalitzada assegura que trobis les ulleres ideals que complementin la teva imatge i t'ofereixin la m\u00e0xima protecci\u00f3 contra els raigs UV.<\/p>\n<p>A m\u00e9s, en Sunglass Hut Matar\u00f3 destaquen per treballar amb marques de renom internacional com Ray-Ban, Oakley, Prada i m\u00e9s, garantint productes de qualitat i disseny exclusiu. \u00c9s un espai on la moda i la funcionalitat es troben, pensat per als qui busquen afegir un toc de distinci\u00f3 al seu dia a dia.<\/p>","protected":false},"excerpt":{"rendered":"<p>Sunglass Hut Matar\u00f3 es la tienda ideal para los amantes de las gafas de sol que buscan estilo y calidad. Especializada en ofrecer una amplia gama de marcas premium, esta tienda se ha convertido en un referente para quienes valoran el dise\u00f1o y la funcionalidad en sus accesorios. Desde modelos cl\u00e1sicos hasta las \u00faltimas tendencias, &hellip; <\/p>","protected":false},"author":1,"featured_media":15581,"parent":0,"menu_order":0,"comment_status":"open","ping_status":"closed","template":"","class_list":["post-14611","listing","type-listing","status-publish","has-post-thumbnail","hentry","listing_cat-gafas-de-sol","listing_feature-accesibles-para-minusvalidos","listing_feature-gafas-de-sol","listing_location-cc-mataro-parc","listing_location-cataluna","listing_location-mataro","listing_tag-gafas","listing_tag-gafas-de-marca","listing_tag-gafas-de-sol"],"_links":{"self":[{"href":"https:\/\/mataroactiva.net\/cat\/wp-json\/wp\/v2\/listing\/14611","targetHints":{"allow":["GET"]}}],"collection":[{"href":"https:\/\/mataroactiva.net\/cat\/wp-json\/wp\/v2\/listing"}],"about":[{"href":"https:\/\/mataroactiva.net\/cat\/wp-json\/wp\/v2\/types\/listing"}],"author":[{"embeddable":true,"href":"https:\/\/mataroactiva.net\/cat\/wp-json\/wp\/v2\/users\/1"}],"replies":[{"embeddable":true,"href":"https:\/\/mataroactiva.net\/cat\/wp-json\/wp\/v2\/comments?post=14611"}],"wp:featuredmedia":[{"embeddable":true,"href":"https:\/\/mataroactiva.net\/cat\/wp-json\/wp\/v2\/media\/15581"}],"wp:attachment":[{"href":"https:\/\/mataroactiva.net\/cat\/wp-json\/wp\/v2\/media?parent=14611"}],"curies":[{"name":"wp","href":"https:\/\/api.w.org\/{rel}","templated":true}]}}

Sunglass Hut Mataró Parc

<p>Sunglass Hut Mataró és la botiga ideal per als amants de les ulleres de sol que busquen estil i qualitat. Especialitzada a oferir una àmplia gamma de marques premium, aquesta botiga s'ha convertit en un referent per als qui valoren el disseny i la funcionalitat en els seus accessoris. Des de models clàssics fins a les últimes tendències, Sunglass Hut Mataró compta amb una selecció que s'adapta a tots els gustos i necessitats.</p>
<p>L'equip de Sunglass Hut Mataró està compost per experts en moda i òptica que assessoren cada client en l'elecció del model perfecte. Ja sigui per a un look casual o un estil més sofisticat, la seva atenció personalitzada assegura que trobis les ulleres ideals que complementin la teva imatge i t'ofereixin la màxima protecció contra els raigs UV.</p>
<p>A més, en Sunglass Hut Mataró destaquen per treballar amb marques de renom internacional com Ray-Ban, Oakley, Prada i més, garantint productes de qualitat i disseny exclusiu. És un espai on la moda i la funcionalitat es troben, pensat per als qui busquen afegir un toc de distinció al seu dia a dia.</p>

<p>Sunglass Hut Mataró es la tienda ideal para los amantes de las gafas de sol que buscan estilo y calidad. Especializada en ofrecer una amplia gama de marcas premium, esta tienda se ha convertido en un referente para quienes valoran el diseño y la funcionalidad en sus accesorios. Desde modelos clásicos hasta las últimas tendencias, &hellip; </p>
