{"id":14604,"date":"2024-12-18T21:48:07","date_gmt":"2024-12-18T20:48:07","guid":{"rendered":"https:\/?post_type=listing&#038;p=14604"},"modified":"2025-02-11T20:11:08","modified_gmt":"2025-02-11T19:11:08","slug":"mango-mataro-parc","status":"publish","type":"listing","link":"https:\/\/mataroactiva.net\/cat\/negocio\/mango-mataro-parc\/","title":{"rendered":"Mango Matar\u00f3 Parc"},"content":{"rendered":"<p>Mango Matar\u00f3 Parc \u00e9s una botiga dedicada a la moda femenina, dissenyada per a aquelles dones que busquen estil, eleg\u00e0ncia i versatilitat en el seu dia a dia. Amb una \u00e0mplia col\u00b7lecci\u00f3 de roba i accessoris, la botiga ofereix peces pensades per a qualsevol ocasi\u00f3, des de looks casuals per al dia a dia fins a opcions m\u00e9s sofisticades per a esdeveniments especials.<\/p>\n<p>Les col\u00b7leccions de Mango Matar\u00f3 Parc destaquen pel seu disseny contemporani i atenci\u00f3 al detall, reflectint sempre les \u00faltimes tend\u00e8ncies en moda. A m\u00e9s de roba, l'espai inclou una selecci\u00f3 de complements com a bosses, sabates i joies, ideals per a completar qualsevol conjunt amb un toc personal i distintiu.<\/p>\n<p>Amb un equip de professionals sempre disposat a assessorar, Mango Matar\u00f3 Parc garanteix una experi\u00e8ncia de compra c\u00f2moda i personalitzada. El seu comprom\u00eds amb la qualitat i el disseny fan d'aquesta botiga el dest\u00ed ideal per a renovar l'armari amb peces que combinen funcionalitat i estil.<\/p>","protected":false},"excerpt":{"rendered":"<p>Mango Matar\u00f3 Parc es una tienda dedicada a la moda femenina, dise\u00f1ada para aquellas mujeres que buscan estilo, elegancia y versatilidad en su d\u00eda a d\u00eda. Con una amplia colecci\u00f3n de ropa y accesorios, la tienda ofrece prendas pensadas para cualquier ocasi\u00f3n, desde looks casuales para el d\u00eda a d\u00eda hasta opciones m\u00e1s sofisticadas para &hellip; <\/p>","protected":false},"author":1,"featured_media":15585,"parent":0,"menu_order":0,"comment_status":"open","ping_status":"closed","template":"","class_list":["post-14604","listing","type-listing","status-publish","has-post-thumbnail","hentry","listing_cat-moda-mujer","listing_feature-accesibles-para-minusvalidos","listing_feature-botas","listing_feature-complementos","listing_feature-ropa-mujer","listing_feature-vestidos","listing_feature-zapatos","listing_location-cc-mataro-parc","listing_location-cataluna","listing_location-mataro","listing_tag-moda-mujer"],"_links":{"self":[{"href":"https:\/\/mataroactiva.net\/cat\/wp-json\/wp\/v2\/listing\/14604","targetHints":{"allow":["GET"]}}],"collection":[{"href":"https:\/\/mataroactiva.net\/cat\/wp-json\/wp\/v2\/listing"}],"about":[{"href":"https:\/\/mataroactiva.net\/cat\/wp-json\/wp\/v2\/types\/listing"}],"author":[{"embeddable":true,"href":"https:\/\/mataroactiva.net\/cat\/wp-json\/wp\/v2\/users\/1"}],"replies":[{"embeddable":true,"href":"https:\/\/mataroactiva.net\/cat\/wp-json\/wp\/v2\/comments?post=14604"}],"wp:featuredmedia":[{"embeddable":true,"href":"https:\/\/mataroactiva.net\/cat\/wp-json\/wp\/v2\/media\/15585"}],"wp:attachment":[{"href":"https:\/\/mataroactiva.net\/cat\/wp-json\/wp\/v2\/media?parent=14604"}],"curies":[{"name":"wp","href":"https:\/\/api.w.org\/{rel}","templated":true}]}}

Mango Mataró Parc

<p>Mango Mataró Parc és una botiga dedicada a la moda femenina, dissenyada per a aquelles dones que busquen estil, elegància i versatilitat en el seu dia a dia. Amb una àmplia col·lecció de roba i accessoris, la botiga ofereix peces pensades per a qualsevol ocasió, des de looks casuals per al dia a dia fins a opcions més sofisticades per a esdeveniments especials.</p>
<p>Les col·leccions de Mango Mataró Parc destaquen pel seu disseny contemporani i atenció al detall, reflectint sempre les últimes tendències en moda. A més de roba, l'espai inclou una selecció de complements com a bosses, sabates i joies, ideals per a completar qualsevol conjunt amb un toc personal i distintiu.</p>
<p>Amb un equip de professionals sempre disposat a assessorar, Mango Mataró Parc garanteix una experiència de compra còmoda i personalitzada. El seu compromís amb la qualitat i el disseny fan d'aquesta botiga el destí ideal per a renovar l'armari amb peces que combinen funcionalitat i estil.</p>

<p>Mango Mataró Parc es una tienda dedicada a la moda femenina, diseñada para aquellas mujeres que buscan estilo, elegancia y versatilidad en su día a día. Con una amplia colección de ropa y accesorios, la tienda ofrece prendas pensadas para cualquier ocasión, desde looks casuales para el día a día hasta opciones más sofisticadas para &hellip; </p>
