{"id":14602,"date":"2024-12-16T16:25:31","date_gmt":"2024-12-16T15:25:31","guid":{"rendered":"https:\/?post_type=listing&#038;p=14602"},"modified":"2025-02-12T00:42:10","modified_gmt":"2025-02-11T23:42:10","slug":"massimo-dutti-mataro-parc","status":"publish","type":"listing","link":"https:\/\/mataroactiva.net\/cat\/negocio\/massimo-dutti-mataro-parc\/","title":{"rendered":"Massimo Dutti Matar\u00f3 Parc"},"content":{"rendered":"<p>Massimo Dutti Matar\u00f3 Parc ofereix una experi\u00e8ncia de moda exclusiva en el centre comercial m\u00e9s emblem\u00e0tic de la ciutat. Amb una \u00e0mplia gamma de peces elegants i sofisticades, la botiga est\u00e0 pensada per a homes i dones que busquen un estil cl\u00e0ssic i contemporani alhora. Des de vestits i camises fins a vestits, abrics i complements, cada col\u00b7lecci\u00f3 reflecteix l'atenci\u00f3 al detall i la qualitat que caracteritzen a la marca.<\/p>\n<p>La botiga destaca pel seu disseny minimalista, creant un ambient acollidor que permet descobrir les \u00faltimes tend\u00e8ncies en moda. A m\u00e9s, el personal ofereix una atenci\u00f3 pr\u00f2xima i professional, ajudant els clients a trobar les peces que millor s'ajustin al seu estil personal.<\/p>\n<p>Massimo Dutti Matar\u00f3 Parc \u00e9s un referent en moda premium, combinant l'eleg\u00e0ncia atemporal amb les tend\u00e8ncies actuals. Perfecte per als qui busquen qualitat, disseny i versatilitat en les seves outfits, tant per al dia a dia com per a ocasions especials.<\/p>","protected":false},"excerpt":{"rendered":"<p>Massimo Dutti Matar\u00f3 Parc ofrece una experiencia de moda exclusiva en el centro comercial m\u00e1s emblem\u00e1tico de la ciudad. Con una amplia gama de prendas elegantes y sofisticadas, la tienda est\u00e1 pensada para hombres y mujeres que buscan un estilo cl\u00e1sico y contempor\u00e1neo a la vez. Desde trajes y camisas hasta vestidos, abrigos y complementos, &hellip; <\/p>","protected":false},"author":1,"featured_media":15517,"parent":0,"menu_order":0,"comment_status":"open","ping_status":"closed","template":"","class_list":["post-14602","listing","type-listing","status-publish","has-post-thumbnail","hentry","listing_cat-tiendas-de-ropa","listing_feature-accesibles-para-minusvalidos","listing_feature-botas","listing_feature-complementos","listing_feature-ropa-hombre","listing_feature-ropa-mujer","listing_feature-zapatos","listing_location-cc-mataro-parc","listing_location-cataluna","listing_location-mataro","listing_tag-moda-hombre","listing_tag-moda-mujer"],"_links":{"self":[{"href":"https:\/\/mataroactiva.net\/cat\/wp-json\/wp\/v2\/listing\/14602","targetHints":{"allow":["GET"]}}],"collection":[{"href":"https:\/\/mataroactiva.net\/cat\/wp-json\/wp\/v2\/listing"}],"about":[{"href":"https:\/\/mataroactiva.net\/cat\/wp-json\/wp\/v2\/types\/listing"}],"author":[{"embeddable":true,"href":"https:\/\/mataroactiva.net\/cat\/wp-json\/wp\/v2\/users\/1"}],"replies":[{"embeddable":true,"href":"https:\/\/mataroactiva.net\/cat\/wp-json\/wp\/v2\/comments?post=14602"}],"wp:featuredmedia":[{"embeddable":true,"href":"https:\/\/mataroactiva.net\/cat\/wp-json\/wp\/v2\/media\/15517"}],"wp:attachment":[{"href":"https:\/\/mataroactiva.net\/cat\/wp-json\/wp\/v2\/media?parent=14602"}],"curies":[{"name":"wp","href":"https:\/\/api.w.org\/{rel}","templated":true}]}}

Massimo Dutti Mataró Parc

<p>Massimo Dutti Mataró Parc ofereix una experiència de moda exclusiva en el centre comercial més emblemàtic de la ciutat. Amb una àmplia gamma de peces elegants i sofisticades, la botiga està pensada per a homes i dones que busquen un estil clàssic i contemporani alhora. Des de vestits i camises fins a vestits, abrics i complements, cada col·lecció reflecteix l'atenció al detall i la qualitat que caracteritzen a la marca.</p>
<p>La botiga destaca pel seu disseny minimalista, creant un ambient acollidor que permet descobrir les últimes tendències en moda. A més, el personal ofereix una atenció pròxima i professional, ajudant els clients a trobar les peces que millor s'ajustin al seu estil personal.</p>
<p>Massimo Dutti Mataró Parc és un referent en moda premium, combinant l'elegància atemporal amb les tendències actuals. Perfecte per als qui busquen qualitat, disseny i versatilitat en les seves outfits, tant per al dia a dia com per a ocasions especials.</p>

<p>Massimo Dutti Mataró Parc ofrece una experiencia de moda exclusiva en el centro comercial más emblemático de la ciudad. Con una amplia gama de prendas elegantes y sofisticadas, la tienda está pensada para hombres y mujeres que buscan un estilo clásico y contemporáneo a la vez. Desde trajes y camisas hasta vestidos, abrigos y complementos, &hellip; </p>
