{"id":14599,"date":"2024-12-16T22:52:35","date_gmt":"2024-12-16T21:52:35","guid":{"rendered":"https:\/?post_type=listing&#038;p=14599"},"modified":"2025-02-11T22:17:02","modified_gmt":"2025-02-11T21:17:02","slug":"ca-mataro","status":"publish","type":"listing","link":"https:\/\/mataroactiva.net\/cat\/negocio\/ca-mataro\/","title":{"rendered":"C&amp;A Matar\u00f3"},"content":{"rendered":"<p>C&amp;A Matar\u00f3 \u00e9s una botiga de moda que ofereix una \u00e0mplia gamma de peces per a dones, homes i nens, adaptant-se a les \u00faltimes tend\u00e8ncies i estils. Amb m\u00e9s de 170 anys d'hist\u00f2ria, la marca s'ha consolidat com un referent en el sector de la moda assequible i sostenible. A la seva botiga de Matar\u00f3, els clients poden trobar col\u00b7leccions que combinen qualitat i disseny a preus competitius.<\/p>\n<p>La botiga C&amp;A Matar\u00f3 ofereix una experi\u00e8ncia de compra c\u00f2moda i agradable, amb un ambient modern i organitzat que facilita la cerca de les peces ideals. A m\u00e9s de la seva \u00e0mplia oferta de roba, la botiga compta amb serveis com el pagament per targeta de cr\u00e8dit, assessorament d'estil i l'opci\u00f3 de Clic &amp; Collect, permetent als clients recollir les seves compres a la botiga.<\/p>\n<p>Situada al centre comercial Matar\u00f3 Parc, la botiga C&amp;A Matar\u00f3 compta amb estacionament gratu\u00eft i Wi-Fi, brindant comoditat addicional als clients durant la seva visita. Ja sigui que busquis renovar el teu guarda-roba o trobar una pe\u00e7a especial, C&amp;A Matar\u00f3 \u00e9s el lloc ideal per a gaudir de la moda accessible i de qualitat.<\/p>","protected":false},"excerpt":{"rendered":"<p>C&amp;A Matar\u00f3 es una tienda de moda que ofrece una amplia gama de prendas para mujeres, hombres y ni\u00f1os, adapt\u00e1ndose a las \u00faltimas tendencias y estilos. Con m\u00e1s de 170 a\u00f1os de historia, la marca se ha consolidado como un referente en el sector de la moda asequible y sostenible. En su tienda de Matar\u00f3, &hellip; <\/p>","protected":false},"author":1,"featured_media":15537,"parent":0,"menu_order":0,"comment_status":"open","ping_status":"closed","template":"","class_list":["post-14599","listing","type-listing","status-publish","has-post-thumbnail","hentry","listing_cat-tiendas-de-ropa","listing_feature-accesibles-para-minusvalidos","listing_feature-botas","listing_feature-complementos","listing_feature-foulards","listing_feature-ropa-hombre","listing_feature-ropa-infantil","listing_feature-ropa-interior","listing_feature-ropa-mujer","listing_feature-trajes","listing_feature-zapatos","listing_location-cc-mataro-parc","listing_location-cataluna","listing_location-mataro","listing_tag-camisas","listing_tag-camisetas","listing_tag-moda","listing_tag-moda-hombre","listing_tag-moda-infantil","listing_tag-moda-mujer","listing_tag-pantalones","listing_tag-ropa-hombre","listing_tag-ropa-nino","listing_tag-sudaderas","listing_tag-tejanos","listing_tag-trajes"],"_links":{"self":[{"href":"https:\/\/mataroactiva.net\/cat\/wp-json\/wp\/v2\/listing\/14599","targetHints":{"allow":["GET"]}}],"collection":[{"href":"https:\/\/mataroactiva.net\/cat\/wp-json\/wp\/v2\/listing"}],"about":[{"href":"https:\/\/mataroactiva.net\/cat\/wp-json\/wp\/v2\/types\/listing"}],"author":[{"embeddable":true,"href":"https:\/\/mataroactiva.net\/cat\/wp-json\/wp\/v2\/users\/1"}],"replies":[{"embeddable":true,"href":"https:\/\/mataroactiva.net\/cat\/wp-json\/wp\/v2\/comments?post=14599"}],"wp:featuredmedia":[{"embeddable":true,"href":"https:\/\/mataroactiva.net\/cat\/wp-json\/wp\/v2\/media\/15537"}],"wp:attachment":[{"href":"https:\/\/mataroactiva.net\/cat\/wp-json\/wp\/v2\/media?parent=14599"}],"curies":[{"name":"wp","href":"https:\/\/api.w.org\/{rel}","templated":true}]}}

C&amp;A Mataró

<p>C&amp;A Mataró és una botiga de moda que ofereix una àmplia gamma de peces per a dones, homes i nens, adaptant-se a les últimes tendències i estils. Amb més de 170 anys d'història, la marca s'ha consolidat com un referent en el sector de la moda assequible i sostenible. A la seva botiga de Mataró, els clients poden trobar col·leccions que combinen qualitat i disseny a preus competitius.</p>
<p>La botiga C&amp;A Mataró ofereix una experiència de compra còmoda i agradable, amb un ambient modern i organitzat que facilita la cerca de les peces ideals. A més de la seva àmplia oferta de roba, la botiga compta amb serveis com el pagament per targeta de crèdit, assessorament d'estil i l'opció de Clic &amp; Collect, permetent als clients recollir les seves compres a la botiga.</p>
<p>Situada al centre comercial Mataró Parc, la botiga C&amp;A Mataró compta amb estacionament gratuït i Wi-Fi, brindant comoditat addicional als clients durant la seva visita. Ja sigui que busquis renovar el teu guarda-roba o trobar una peça especial, C&amp;A Mataró és el lloc ideal per a gaudir de la moda accessible i de qualitat.</p>

<p>C&amp;A Mataró es una tienda de moda que ofrece una amplia gama de prendas para mujeres, hombres y niños, adaptándose a las últimas tendencias y estilos. Con más de 170 años de historia, la marca se ha consolidado como un referente en el sector de la moda asequible y sostenible. En su tienda de Mataró, &hellip; </p>
