{"id":14597,"date":"2024-12-12T00:14:27","date_gmt":"2024-12-11T23:14:27","guid":{"rendered":"https:\/?post_type=listing&#038;p=14597"},"modified":"2025-02-12T13:54:24","modified_gmt":"2025-02-12T12:54:24","slug":"sfera-mataro-parc","status":"publish","type":"listing","link":"https:\/\/mataroactiva.net\/cat\/negocio\/sfera-mataro-parc\/","title":{"rendered":"Sfera Matar\u00f3 Parc"},"content":{"rendered":"<p>Sfera Matar\u00f3 Parc \u00e9s la botiga ideal per als qui busquen renovar el seu armari amb peces actuals i a preus competitius. Amb un estil fresc i vers\u00e0til, la marca ofereix col\u00b7leccions tant per a homes com per a dones, adaptant-se a les tend\u00e8ncies de cada temporada sense perdre de vista la comoditat i la qualitat. La seva variada oferta de roba casual, de treball i d'ocasions especials converteix a Sfera en un dest\u00ed de moda per a tota la fam\u00edlia.<\/p>\n<p>Situada en el Centre Comercial Matar\u00f3 Parc, aquesta botiga permet als clients gaudir d'una experi\u00e8ncia de compra agradable, envoltats d'una \u00e0mplia oferta comercial. Amb un disseny modern i accessible, Sfera Matar\u00f3 Parc destaca pel seu excel\u00b7lent servei i la possibilitat de trobar peces de qualitat a preus assequibles, perfectes per a tots els estils.<\/p>\n<p>Ja sigui per a una sortida informal o per a actualitzar el teu vestuari d'oficina, Sfera Matar\u00f3 Parc t\u00e9 el que necessites. A m\u00e9s, en estar situada en un centre comercial tan concorregut, \u00e9s un lloc perfecte per a combinar compres de moda amb altres activitats d'oci, assegurant que cada visita sigui una experi\u00e8ncia completa.<\/p>","protected":false},"excerpt":{"rendered":"<p>Sfera Matar\u00f3 Parc es la tienda ideal para quienes buscan renovar su armario con prendas actuales y a precios competitivos. Con un estilo fresco y vers\u00e1til, la marca ofrece colecciones tanto para hombres como para mujeres, adapt\u00e1ndose a las tendencias de cada temporada sin perder de vista la comodidad y la calidad. Su variada oferta &hellip; <\/p>","protected":false},"author":1,"featured_media":15402,"parent":0,"menu_order":0,"comment_status":"open","ping_status":"closed","template":"","class_list":["post-14597","listing","type-listing","status-publish","has-post-thumbnail","hentry","listing_cat-tiendas-de-ropa","listing_feature-accesibles-para-minusvalidos","listing_feature-complementos","listing_feature-ropa-hombre","listing_feature-ropa-infantil","listing_feature-ropa-mujer","listing_location-cc-mataro-parc","listing_location-cataluna","listing_location-mataro","listing_tag-camisas","listing_tag-camisetas","listing_tag-chaquetas","listing_tag-jersey","listing_tag-moda-hombre","listing_tag-moda-infantil","listing_tag-moda-mujer","listing_tag-pantalones","listing_tag-ropa"],"_links":{"self":[{"href":"https:\/\/mataroactiva.net\/cat\/wp-json\/wp\/v2\/listing\/14597","targetHints":{"allow":["GET"]}}],"collection":[{"href":"https:\/\/mataroactiva.net\/cat\/wp-json\/wp\/v2\/listing"}],"about":[{"href":"https:\/\/mataroactiva.net\/cat\/wp-json\/wp\/v2\/types\/listing"}],"author":[{"embeddable":true,"href":"https:\/\/mataroactiva.net\/cat\/wp-json\/wp\/v2\/users\/1"}],"replies":[{"embeddable":true,"href":"https:\/\/mataroactiva.net\/cat\/wp-json\/wp\/v2\/comments?post=14597"}],"wp:featuredmedia":[{"embeddable":true,"href":"https:\/\/mataroactiva.net\/cat\/wp-json\/wp\/v2\/media\/15402"}],"wp:attachment":[{"href":"https:\/\/mataroactiva.net\/cat\/wp-json\/wp\/v2\/media?parent=14597"}],"curies":[{"name":"wp","href":"https:\/\/api.w.org\/{rel}","templated":true}]}}

Sfera Mataró Parc

<p>Sfera Mataró Parc és la botiga ideal per als qui busquen renovar el seu armari amb peces actuals i a preus competitius. Amb un estil fresc i versàtil, la marca ofereix col·leccions tant per a homes com per a dones, adaptant-se a les tendències de cada temporada sense perdre de vista la comoditat i la qualitat. La seva variada oferta de roba casual, de treball i d'ocasions especials converteix a Sfera en un destí de moda per a tota la família.</p>
<p>Situada en el Centre Comercial Mataró Parc, aquesta botiga permet als clients gaudir d'una experiència de compra agradable, envoltats d'una àmplia oferta comercial. Amb un disseny modern i accessible, Sfera Mataró Parc destaca pel seu excel·lent servei i la possibilitat de trobar peces de qualitat a preus assequibles, perfectes per a tots els estils.</p>
<p>Ja sigui per a una sortida informal o per a actualitzar el teu vestuari d'oficina, Sfera Mataró Parc té el que necessites. A més, en estar situada en un centre comercial tan concorregut, és un lloc perfecte per a combinar compres de moda amb altres activitats d'oci, assegurant que cada visita sigui una experiència completa.</p>

<p>Sfera Mataró Parc es la tienda ideal para quienes buscan renovar su armario con prendas actuales y a precios competitivos. Con un estilo fresco y versátil, la marca ofrece colecciones tanto para hombres como para mujeres, adaptándose a las tendencias de cada temporada sin perder de vista la comodidad y la calidad. Su variada oferta &hellip; </p>
