{"id":14596,"date":"2024-12-11T23:56:50","date_gmt":"2024-12-11T22:56:50","guid":{"rendered":"https:\/?post_type=listing&#038;p=14596"},"modified":"2025-02-12T11:29:36","modified_gmt":"2025-02-12T10:29:36","slug":"primadonna-mataro-parc","status":"publish","type":"listing","link":"https:\/\/mataroactiva.net\/cat\/negocio\/primadonna-mataro-parc\/","title":{"rendered":"Primadonna Matar\u00f3 Parc"},"content":{"rendered":"<p>Primadonna Matar\u00f3 Parc \u00e9s una botiga que destaca per la seva proposta de cal\u00e7at i complements de moda, orientada a dones que busquen dissenys elegants i contemporanis. Situada dins del reconegut Centre Comercial Matar\u00f3 Parc, aquesta botiga \u00e9s ideal per als qui desitgen incorporar un toc distintiu al seu estil personal, amb productes que combinen qualitat i tend\u00e8ncies actuals.<\/p>\n<p>L'establiment forma part d'una \u00e0mplia xarxa de marques de moda presents en el centre comercial, la qual cosa permet als visitants gaudir d'una experi\u00e8ncia de compres diversa i completa. Primadonna Matar\u00f3 Parc sobresurt pel seu enfocament a oferir una selecci\u00f3 acuradament curada de sabates i accessoris que reflecteixen les \u00faltimes modes i tend\u00e8ncies internacionals.<\/p>\n<p>A l'entorn del Centre Comercial Matar\u00f3 Parc, els clients de Primadonna poden gaudir d'instal\u00b7lacions modernes, serveis addicionals com a estacionament gratu\u00eft, i una oferta complement\u00e0ria de botigues, oci i gastronomia. Aix\u00f2 converteix a Primadonna en un dest\u00ed accessible i atractiu per als qui busquen renovar el seu guarda-roba o trobar peces \u00faniques que expressin el seu estil<\/p>","protected":false},"excerpt":{"rendered":"<p>Primadonna Matar\u00f3 Parc es una tienda que destaca por su propuesta de calzado y complementos de moda, orientada a mujeres que buscan dise\u00f1os elegantes y contempor\u00e1neos. Ubicada dentro del reconocido Centro Comercial Matar\u00f3 Parc, esta tienda es ideal para quienes desean incorporar un toque distintivo a su estilo personal, con productos que combinan calidad y &hellip; <\/p>","protected":false},"author":1,"featured_media":15400,"parent":0,"menu_order":0,"comment_status":"open","ping_status":"closed","template":"","class_list":["post-14596","listing","type-listing","status-publish","has-post-thumbnail","hentry","listing_cat-zapaterias","listing_feature-accesibles-para-minusvalidos","listing_feature-botas","listing_feature-zapatos","listing_location-cc-mataro-parc","listing_location-cataluna","listing_location-mataro","listing_tag-zapateria"],"_links":{"self":[{"href":"https:\/\/mataroactiva.net\/cat\/wp-json\/wp\/v2\/listing\/14596","targetHints":{"allow":["GET"]}}],"collection":[{"href":"https:\/\/mataroactiva.net\/cat\/wp-json\/wp\/v2\/listing"}],"about":[{"href":"https:\/\/mataroactiva.net\/cat\/wp-json\/wp\/v2\/types\/listing"}],"author":[{"embeddable":true,"href":"https:\/\/mataroactiva.net\/cat\/wp-json\/wp\/v2\/users\/1"}],"replies":[{"embeddable":true,"href":"https:\/\/mataroactiva.net\/cat\/wp-json\/wp\/v2\/comments?post=14596"}],"wp:featuredmedia":[{"embeddable":true,"href":"https:\/\/mataroactiva.net\/cat\/wp-json\/wp\/v2\/media\/15400"}],"wp:attachment":[{"href":"https:\/\/mataroactiva.net\/cat\/wp-json\/wp\/v2\/media?parent=14596"}],"curies":[{"name":"wp","href":"https:\/\/api.w.org\/{rel}","templated":true}]}}

Primadonna Mataró Parc

<p>Primadonna Mataró Parc és una botiga que destaca per la seva proposta de calçat i complements de moda, orientada a dones que busquen dissenys elegants i contemporanis. Situada dins del reconegut Centre Comercial Mataró Parc, aquesta botiga és ideal per als qui desitgen incorporar un toc distintiu al seu estil personal, amb productes que combinen qualitat i tendències actuals.</p>
<p>L'establiment forma part d'una àmplia xarxa de marques de moda presents en el centre comercial, la qual cosa permet als visitants gaudir d'una experiència de compres diversa i completa. Primadonna Mataró Parc sobresurt pel seu enfocament a oferir una selecció acuradament curada de sabates i accessoris que reflecteixen les últimes modes i tendències internacionals.</p>
<p>A l'entorn del Centre Comercial Mataró Parc, els clients de Primadonna poden gaudir d'instal·lacions modernes, serveis addicionals com a estacionament gratuït, i una oferta complementària de botigues, oci i gastronomia. Això converteix a Primadonna en un destí accessible i atractiu per als qui busquen renovar el seu guarda-roba o trobar peces úniques que expressin el seu estil</p>

<p>Primadonna Mataró Parc es una tienda que destaca por su propuesta de calzado y complementos de moda, orientada a mujeres que buscan diseños elegantes y contemporáneos. Ubicada dentro del reconocido Centro Comercial Mataró Parc, esta tienda es ideal para quienes desean incorporar un toque distintivo a su estilo personal, con productos que combinan calidad y &hellip; </p>
