{"id":14595,"date":"2024-12-11T23:41:38","date_gmt":"2024-12-11T22:41:38","guid":{"rendered":"https:\/?post_type=listing&#038;p=14595"},"modified":"2025-02-11T22:49:31","modified_gmt":"2025-02-11T21:49:31","slug":"cortefiel-mataro-parc","status":"publish","type":"listing","link":"https:\/\/mataroactiva.net\/cat\/negocio\/cortefiel-mataro-parc\/","title":{"rendered":"Cortefiel Matar\u00f3 Parc"},"content":{"rendered":"<p>Cortefiel Matar\u00f3 Parc \u00e9s una botiga que destaca per oferir una \u00e0mplia selecci\u00f3 de moda per a home i dona amb un estil cl\u00e0ssic i elegant, adaptat a les \u00faltimes tend\u00e8ncies. Les seves col\u00b7leccions inclouen peces d'alta qualitat dissenyades per a combinar sofisticaci\u00f3 i comoditat, ideals per a ocasions casuals o formals.<\/p>\n<p>La botiga, situada en el reconegut centre comercial Matar\u00f3 Parc, permet als clients gaudir d'una experi\u00e8ncia de compra completa, amb acc\u00e9s a promocions exclusives i un ambient acollidor. A m\u00e9s, la marca es caracteritza pel seu comprom\u00eds amb la sostenibilitat, integrant materials responsables i pr\u00e0ctiques \u00e8tiques en els seus processos de producci\u00f3.<\/p>\n<p>A m\u00e9s de roba, Cortefiel Matar\u00f3 Parc ofereix una varietat de complements que ajuden a crear looks complets i moderns. Els clients tamb\u00e9 poden explorar cat\u00e0legs actualitzats amb descomptes especials, la qual cosa fa que cada visita sigui una oportunitat per a renovar l'armari amb peces essencials a preus competitius\u200b<\/p>\n<div class=\"relative inline-flex items-center\"><\/div>","protected":false},"excerpt":{"rendered":"<p>Cortefiel Matar\u00f3 Parc es una tienda que destaca por ofrecer una amplia selecci\u00f3n de moda para hombre y mujer con un estilo cl\u00e1sico y elegante, adaptado a las \u00faltimas tendencias. Sus colecciones incluyen prendas de alta calidad dise\u00f1adas para combinar sofisticaci\u00f3n y comodidad, ideales para ocasiones casuales o formales. La tienda, situada en el reconocido &hellip; <\/p>","protected":false},"author":1,"featured_media":15397,"parent":0,"menu_order":0,"comment_status":"open","ping_status":"closed","template":"","class_list":["post-14595","listing","type-listing","status-publish","has-post-thumbnail","hentry","listing_cat-tiendas-de-ropa","listing_feature-accesibles-para-minusvalidos","listing_feature-complementos","listing_feature-ropa-hombre","listing_feature-ropa-mujer","listing_feature-zapatos","listing_location-cc-mataro-parc","listing_location-cataluna","listing_location-mataro","listing_tag-cortefiel","listing_tag-moda-hombre","listing_tag-moda-mujer","listing_tag-pedro-del-hierro"],"_links":{"self":[{"href":"https:\/\/mataroactiva.net\/cat\/wp-json\/wp\/v2\/listing\/14595","targetHints":{"allow":["GET"]}}],"collection":[{"href":"https:\/\/mataroactiva.net\/cat\/wp-json\/wp\/v2\/listing"}],"about":[{"href":"https:\/\/mataroactiva.net\/cat\/wp-json\/wp\/v2\/types\/listing"}],"author":[{"embeddable":true,"href":"https:\/\/mataroactiva.net\/cat\/wp-json\/wp\/v2\/users\/1"}],"replies":[{"embeddable":true,"href":"https:\/\/mataroactiva.net\/cat\/wp-json\/wp\/v2\/comments?post=14595"}],"wp:featuredmedia":[{"embeddable":true,"href":"https:\/\/mataroactiva.net\/cat\/wp-json\/wp\/v2\/media\/15397"}],"wp:attachment":[{"href":"https:\/\/mataroactiva.net\/cat\/wp-json\/wp\/v2\/media?parent=14595"}],"curies":[{"name":"wp","href":"https:\/\/api.w.org\/{rel}","templated":true}]}}

Cortefiel Mataró Parc

<p>Cortefiel Mataró Parc és una botiga que destaca per oferir una àmplia selecció de moda per a home i dona amb un estil clàssic i elegant, adaptat a les últimes tendències. Les seves col·leccions inclouen peces d'alta qualitat dissenyades per a combinar sofisticació i comoditat, ideals per a ocasions casuals o formals.</p>
<p>La botiga, situada en el reconegut centre comercial Mataró Parc, permet als clients gaudir d'una experiència de compra completa, amb accés a promocions exclusives i un ambient acollidor. A més, la marca es caracteritza pel seu compromís amb la sostenibilitat, integrant materials responsables i pràctiques ètiques en els seus processos de producció.</p>
<p>A més de roba, Cortefiel Mataró Parc ofereix una varietat de complements que ajuden a crear looks complets i moderns. Els clients també poden explorar catàlegs actualitzats amb descomptes especials, la qual cosa fa que cada visita sigui una oportunitat per a renovar l'armari amb peces essencials a preus competitius​</p>
<div class="relative inline-flex items-center"></div>

<p>Cortefiel Mataró Parc es una tienda que destaca por ofrecer una amplia selección de moda para hombre y mujer con un estilo clásico y elegante, adaptado a las últimas tendencias. Sus colecciones incluyen prendas de alta calidad diseñadas para combinar sofisticación y comodidad, ideales para ocasiones casuales o formales. La tienda, situada en el reconocido &hellip; </p>
