{"id":14231,"date":"2024-12-11T22:58:14","date_gmt":"2024-12-11T21:58:14","guid":{"rendered":"https:\/?post_type=listing&#038;p=14231"},"modified":"2024-12-11T22:58:14","modified_gmt":"2024-12-11T21:58:14","slug":"el-mossec-mataro","status":"publish","type":"listing","link":"https:\/\/mataroactiva.net\/cat\/negocio\/el-mossec-mataro\/","title":{"rendered":"El Mossec Matar\u00f3"},"content":{"rendered":"<p>El Mossec Matar\u00f3 \u00e9s conegut pel seu excel\u00b7lent caf\u00e8, el veritable protagonista del lloc. Aquest establiment senzill per\u00f2 aut\u00e8ntic s'ha guanyat una clientela fidel gr\u00e0cies a la qualitat dels seus productes i el seu enfocament a preparar un bon caf\u00e8 com a pocs a la ciutat. Aqu\u00ed no hi ha floritures, sol sabor real i un servei eficient.<\/p>\n<p>Encara que la seva especialitat s\u00f3n els desdejunis i berenars, El Mossec tamb\u00e9 ofereix opcions cl\u00e0ssiques com a entrepans i dol\u00e7os que complementen perfectament el seu caf\u00e8 estrella. \u00c9s un lloc ideal per a fer una pausa r\u00e0pida durant el dia o carregar energies abans de comen\u00e7ar la jornada.<\/p>\n<p>El Mossec Matar\u00f3 \u00e9s una cafeteria pr\u00e0ctica, sense pretensions, que destaca per centrar-se en el que realment importa: un caf\u00e8 impecable i un tracte pr\u00f2xim. Si est\u00e0s per la zona i cerques una cosa directa, bo i sense complicacions, aquest \u00e9s el teu lloc.<\/p>","protected":false},"excerpt":{"rendered":"<p>El Mossec Matar\u00f3 es conocido por su excelente caf\u00e9, el verdadero protagonista del lugar. Este establecimiento sencillo pero aut\u00e9ntico se ha ganado una clientela fiel gracias a la calidad de sus productos y su enfoque en preparar un buen caf\u00e9 como pocos en la ciudad. Aqu\u00ed no hay florituras, solo sabor real y un servicio &hellip; <\/p>","protected":false},"author":1,"featured_media":14230,"parent":0,"menu_order":0,"comment_status":"open","ping_status":"closed","template":"","class_list":["post-14231","listing","type-listing","status-publish","has-post-thumbnail","hentry","listing_cat-cafetarias","listing_feature-accesibles-para-minusvalidos","listing_feature-almuerzos-en-mataro","listing_feature-cafe","listing_feature-mejores-desayunos-en-mataro","listing_location-cataluna","listing_location-centro","listing_location-mataro","listing_tag-cafeteria"],"_links":{"self":[{"href":"https:\/\/mataroactiva.net\/cat\/wp-json\/wp\/v2\/listing\/14231","targetHints":{"allow":["GET"]}}],"collection":[{"href":"https:\/\/mataroactiva.net\/cat\/wp-json\/wp\/v2\/listing"}],"about":[{"href":"https:\/\/mataroactiva.net\/cat\/wp-json\/wp\/v2\/types\/listing"}],"author":[{"embeddable":true,"href":"https:\/\/mataroactiva.net\/cat\/wp-json\/wp\/v2\/users\/1"}],"replies":[{"embeddable":true,"href":"https:\/\/mataroactiva.net\/cat\/wp-json\/wp\/v2\/comments?post=14231"}],"wp:featuredmedia":[{"embeddable":true,"href":"https:\/\/mataroactiva.net\/cat\/wp-json\/wp\/v2\/media\/14230"}],"wp:attachment":[{"href":"https:\/\/mataroactiva.net\/cat\/wp-json\/wp\/v2\/media?parent=14231"}],"curies":[{"name":"wp","href":"https:\/\/api.w.org\/{rel}","templated":true}]}}

El Mossec Mataró

<p>El Mossec Mataró és conegut pel seu excel·lent cafè, el veritable protagonista del lloc. Aquest establiment senzill però autèntic s'ha guanyat una clientela fidel gràcies a la qualitat dels seus productes i el seu enfocament a preparar un bon cafè com a pocs a la ciutat. Aquí no hi ha floritures, sol sabor real i un servei eficient.</p>
<p>Encara que la seva especialitat són els desdejunis i berenars, El Mossec també ofereix opcions clàssiques com a entrepans i dolços que complementen perfectament el seu cafè estrella. És un lloc ideal per a fer una pausa ràpida durant el dia o carregar energies abans de començar la jornada.</p>
<p>El Mossec Mataró és una cafeteria pràctica, sense pretensions, que destaca per centrar-se en el que realment importa: un cafè impecable i un tracte pròxim. Si estàs per la zona i cerques una cosa directa, bo i sense complicacions, aquest és el teu lloc.</p>

<p>El Mossec Mataró es conocido por su excelente café, el verdadero protagonista del lugar. Este establecimiento sencillo pero auténtico se ha ganado una clientela fiel gracias a la calidad de sus productos y su enfoque en preparar un buen café como pocos en la ciudad. Aquí no hay florituras, solo sabor real y un servicio &hellip; </p>
