{"id":14129,"date":"2024-12-09T20:09:47","date_gmt":"2024-12-09T19:09:47","guid":{"rendered":"https:\/?post_type=listing&#038;p=14129"},"modified":"2025-02-12T00:32:20","modified_gmt":"2025-02-11T23:32:20","slug":"maletas-darbra-mataro-centro","status":"publish","type":"listing","link":"https:\/\/mataroactiva.net\/cat\/negocio\/maletas-darbra-mataro-centro\/","title":{"rendered":"Maletes DARBRA Matar\u00f3 Centre"},"content":{"rendered":"<p>Maletes DARBRA Matar\u00f3 \u00e9s la botiga ideal a Matar\u00f3 per als qui busquen productes de qualitat dissenyats per a acompanyar-te en cada viatge. Especialitzats en maletes, bosses i accessoris de viatge, ofereixen una \u00e0mplia varietat d'opcions que combinen funcionalitat, durabilitat i estil. El seu objectiu \u00e9s proporcionar solucions pr\u00e0ctiques perqu\u00e8 cada aventura sigui m\u00e9s c\u00f2moda i segura.<\/p>\n<p>La selecci\u00f3 de productes a Maletes DARBRA Matar\u00f3 inclou marques reconegudes i opcions adaptades a tots els gustos i necessitats, des de maletes r\u00edgides i lleugeres fins a motxilles i complements indispensables per a viatgers freq\u00fcents. El seu comprom\u00eds amb la qualitat garanteix que cada client trobi l'article perfecte per a qualsevol tipus de despla\u00e7ament, ja sigui per treball, oci o vacances.<\/p>\n<p>L'excel\u00b7lent servei al client i el coneixement especialitzat de l'equip fan d'aquesta botiga un referent en el sector. A Maletes DARBRA Matar\u00f3 no sols trobar\u00e0s productes de primera categoria, sin\u00f3 tamb\u00e9 un assessorament personalitzat per a ajudar-te a triar la millor opci\u00f3 segons les teves prefer\u00e8ncies i estil de vida.<\/p>","protected":false},"excerpt":{"rendered":"<p>Maletas DARBRA Matar\u00f3 es la tienda ideal en Matar\u00f3 para quienes buscan productos de calidad dise\u00f1ados para acompa\u00f1arte en cada viaje. Especializados en maletas, bolsos y accesorios de viaje, ofrecen una amplia variedad de opciones que combinan funcionalidad, durabilidad y estilo. Su objetivo es proporcionar soluciones pr\u00e1cticas para que cada aventura sea m\u00e1s c\u00f3moda y &hellip; <\/p>","protected":false},"author":1,"featured_media":14128,"parent":0,"menu_order":0,"comment_status":"open","ping_status":"closed","template":"","class_list":["post-14129","listing","type-listing","status-publish","has-post-thumbnail","hentry","listing_cat-complementos","listing_feature-bolsos","listing_feature-carteras","listing_feature-maletas","listing_feature-marroquineria","listing_feature-mochilas","listing_location-cataluna","listing_location-centro","listing_location-mataro","listing_tag-bolsos","listing_tag-complementos","listing_tag-maletas","listing_tag-marroquineria","listing_tag-mochilas"],"_links":{"self":[{"href":"https:\/\/mataroactiva.net\/cat\/wp-json\/wp\/v2\/listing\/14129","targetHints":{"allow":["GET"]}}],"collection":[{"href":"https:\/\/mataroactiva.net\/cat\/wp-json\/wp\/v2\/listing"}],"about":[{"href":"https:\/\/mataroactiva.net\/cat\/wp-json\/wp\/v2\/types\/listing"}],"author":[{"embeddable":true,"href":"https:\/\/mataroactiva.net\/cat\/wp-json\/wp\/v2\/users\/1"}],"replies":[{"embeddable":true,"href":"https:\/\/mataroactiva.net\/cat\/wp-json\/wp\/v2\/comments?post=14129"}],"wp:featuredmedia":[{"embeddable":true,"href":"https:\/\/mataroactiva.net\/cat\/wp-json\/wp\/v2\/media\/14128"}],"wp:attachment":[{"href":"https:\/\/mataroactiva.net\/cat\/wp-json\/wp\/v2\/media?parent=14129"}],"curies":[{"name":"wp","href":"https:\/\/api.w.org\/{rel}","templated":true}]}}

Maletes DARBRA Mataró Centre

<p>Maletes DARBRA Mataró és la botiga ideal a Mataró per als qui busquen productes de qualitat dissenyats per a acompanyar-te en cada viatge. Especialitzats en maletes, bosses i accessoris de viatge, ofereixen una àmplia varietat d'opcions que combinen funcionalitat, durabilitat i estil. El seu objectiu és proporcionar solucions pràctiques perquè cada aventura sigui més còmoda i segura.</p>
<p>La selecció de productes a Maletes DARBRA Mataró inclou marques reconegudes i opcions adaptades a tots els gustos i necessitats, des de maletes rígides i lleugeres fins a motxilles i complements indispensables per a viatgers freqüents. El seu compromís amb la qualitat garanteix que cada client trobi l'article perfecte per a qualsevol tipus de desplaçament, ja sigui per treball, oci o vacances.</p>
<p>L'excel·lent servei al client i el coneixement especialitzat de l'equip fan d'aquesta botiga un referent en el sector. A Maletes DARBRA Mataró no sols trobaràs productes de primera categoria, sinó també un assessorament personalitzat per a ajudar-te a triar la millor opció segons les teves preferències i estil de vida.</p>

<p>Maletas DARBRA Mataró es la tienda ideal en Mataró para quienes buscan productos de calidad diseñados para acompañarte en cada viaje. Especializados en maletas, bolsos y accesorios de viaje, ofrecen una amplia variedad de opciones que combinan funcionalidad, durabilidad y estilo. Su objetivo es proporcionar soluciones prácticas para que cada aventura sea más cómoda y &hellip; </p>
