{"id":14112,"date":"2024-11-13T10:36:04","date_gmt":"2024-11-13T09:36:04","guid":{"rendered":"https:\/?post_type=listing&#038;p=14112"},"modified":"2024-11-13T10:36:04","modified_gmt":"2024-11-13T09:36:04","slug":"la-pausa-mataro","status":"publish","type":"listing","link":"https:\/\/mataroactiva.net\/cat\/negocio\/la-pausa-mataro\/","title":{"rendered":"La Pausa Matar\u00f3"},"content":{"rendered":"<p>La Pausa Matar\u00f3 \u00e9s una acollidora cafeteria on cada visita \u00e9s una oportunitat per a gaudir d'un ambient relaxat i un excel\u00b7lent servei. Amb un enfocament en la qualitat i la proximitat, aquest espai convida als seus clients a desconnectar, oferint una selecci\u00f3 de caf\u00e8s especials, tes, i opcions dolces i salades per a tots els gustos. L'ambient tranquil i la cura pels detalls fan de La Pausa un lloc ideal per a desdejunar, prendre un brunch o gaudir d'un berenar.<\/p>\n<p>La proposada culin\u00e0ria de La Pausa Matar\u00f3 destaca pel seu comprom\u00eds amb productes frescos i de proximitat, permetent als seus clients delectar-se amb sabors aut\u00e8ntics en un entorn agradable. Des de la seva selecci\u00f3 de rebosteria casolana fins als plats lleugers i saludables que ofereixen, cada mos busca reflectir la dedicaci\u00f3 per una experi\u00e8ncia de qualitat. La carta compta amb opcions variades que abasten des de torrades i bowls de fruites fins a deliciosos entrepans i croissants artesanals.<\/p>\n<p>La cafeteria \u00e9s un punt de trobada a Matar\u00f3 tant per als qui desitgen gaudir d'un bon caf\u00e8 com per a aquells que busquen una pausa en companyia. La Pausa Matar\u00f3 s'ha convertit en un lloc especial on gaudir d'un ambient c\u00e0lid i familiar, ideal per a desconnectar del ritme diari.<\/p>","protected":false},"excerpt":{"rendered":"<p>La Pausa Matar\u00f3 es una acogedora cafeter\u00eda donde cada visita es una oportunidad para disfrutar de un ambiente relajado y un excelente servicio. Con un enfoque en la calidad y la cercan\u00eda, este espacio invita a sus clientes a desconectar, ofreciendo una selecci\u00f3n de caf\u00e9s especiales, t\u00e9s, y opciones dulces y saladas para todos los &hellip; <\/p>","protected":false},"author":1,"featured_media":14111,"parent":0,"menu_order":0,"comment_status":"open","ping_status":"closed","template":"","class_list":["post-14112","listing","type-listing","status-publish","has-post-thumbnail","hentry","listing_cat-cafetarias","listing_feature-accesibles-para-minusvalidos","listing_feature-almuerzos-en-mataro","listing_feature-bano","listing_feature-cafe","listing_feature-mejores-desayunos-en-mataro","listing_location-cataluna","listing_location-centro","listing_location-mataro","listing_tag-bar","listing_tag-bocadillos","listing_tag-bolleria","listing_tag-cafeteria"],"_links":{"self":[{"href":"https:\/\/mataroactiva.net\/cat\/wp-json\/wp\/v2\/listing\/14112","targetHints":{"allow":["GET"]}}],"collection":[{"href":"https:\/\/mataroactiva.net\/cat\/wp-json\/wp\/v2\/listing"}],"about":[{"href":"https:\/\/mataroactiva.net\/cat\/wp-json\/wp\/v2\/types\/listing"}],"author":[{"embeddable":true,"href":"https:\/\/mataroactiva.net\/cat\/wp-json\/wp\/v2\/users\/1"}],"replies":[{"embeddable":true,"href":"https:\/\/mataroactiva.net\/cat\/wp-json\/wp\/v2\/comments?post=14112"}],"wp:featuredmedia":[{"embeddable":true,"href":"https:\/\/mataroactiva.net\/cat\/wp-json\/wp\/v2\/media\/14111"}],"wp:attachment":[{"href":"https:\/\/mataroactiva.net\/cat\/wp-json\/wp\/v2\/media?parent=14112"}],"curies":[{"name":"wp","href":"https:\/\/api.w.org\/{rel}","templated":true}]}}

La Pausa Mataró

<p>La Pausa Mataró és una acollidora cafeteria on cada visita és una oportunitat per a gaudir d'un ambient relaxat i un excel·lent servei. Amb un enfocament en la qualitat i la proximitat, aquest espai convida als seus clients a desconnectar, oferint una selecció de cafès especials, tes, i opcions dolces i salades per a tots els gustos. L'ambient tranquil i la cura pels detalls fan de La Pausa un lloc ideal per a desdejunar, prendre un brunch o gaudir d'un berenar.</p>
<p>La proposada culinària de La Pausa Mataró destaca pel seu compromís amb productes frescos i de proximitat, permetent als seus clients delectar-se amb sabors autèntics en un entorn agradable. Des de la seva selecció de rebosteria casolana fins als plats lleugers i saludables que ofereixen, cada mos busca reflectir la dedicació per una experiència de qualitat. La carta compta amb opcions variades que abasten des de torrades i bowls de fruites fins a deliciosos entrepans i croissants artesanals.</p>
<p>La cafeteria és un punt de trobada a Mataró tant per als qui desitgen gaudir d'un bon cafè com per a aquells que busquen una pausa en companyia. La Pausa Mataró s'ha convertit en un lloc especial on gaudir d'un ambient càlid i familiar, ideal per a desconnectar del ritme diari.</p>

<p>La Pausa Mataró es una acogedora cafetería donde cada visita es una oportunidad para disfrutar de un ambiente relajado y un excelente servicio. Con un enfoque en la calidad y la cercanía, este espacio invita a sus clientes a desconectar, ofreciendo una selección de cafés especiales, tés, y opciones dulces y saladas para todos los &hellip; </p>
