{"id":14086,"date":"2024-11-08T11:13:39","date_gmt":"2024-11-08T10:13:39","guid":{"rendered":"https:\/?post_type=listing&#038;p=14086"},"modified":"2025-02-12T00:30:42","modified_gmt":"2025-02-11T23:30:42","slug":"luz-violeta-mataro","status":"publish","type":"listing","link":"https:\/\/mataroactiva.net\/cat\/negocio\/luz-violeta-mataro\/","title":{"rendered":"Luz Violeta Matar\u00f3"},"content":{"rendered":"<p>Luz Violeta Matar\u00f3 \u00e9s una botiga \u00fanica en el centre de Matar\u00f3 dedicada a oferir una gran varietat de productes esot\u00e8rics i de benestar. En Luz Violeta, els clients poden trobar articles com a encens, pedres energ\u00e8tiques, espelmes, i altres productes orientats a promoure l'equilibri espiritual i el desenvolupament personal. Aquest espai s'ha convertit en un lloc de refer\u00e8ncia per als qui busquen connectar amb el seu costat m\u00e9s m\u00edstic o desitgen afegir un toc de serenitat i bona energia al seu entorn.<\/p>\n<p>El personal de Luz Violeta Matar\u00f3 compta amb un profund coneixement sobre els productes que ofereixen, brindant assessorament i recomanacions personalitzades segons les necessitats de cada client. Ja sigui per a trobar l'encens perfecte, triar una pedra per a meditar o descobrir el significat darrere d'uns certs objectes, l'equip s'esfor\u00e7a a fer de cada visita una experi\u00e8ncia enriquidora i acollidora.<\/p>\n<p>Situada en una zona accessible, Luz Violeta destaca pel seu ambient tranquil i c\u00e0lid que convida a explorar els misteris del benestar i l'espiritualitat.<\/p>","protected":false},"excerpt":{"rendered":"<p>Luz Violeta Matar\u00f3 es una tienda \u00fanica en el centro de Matar\u00f3 dedicada a ofrecer una gran variedad de productos esot\u00e9ricos y de bienestar. En Luz Violeta, los clientes pueden encontrar art\u00edculos como inciensos, piedras energ\u00e9ticas, velas, y otros productos orientados a promover el equilibrio espiritual y el desarrollo personal. Este espacio se ha convertido &hellip; <\/p>","protected":false},"author":1,"featured_media":14085,"parent":0,"menu_order":0,"comment_status":"open","ping_status":"closed","template":"","class_list":["post-14086","listing","type-listing","status-publish","has-post-thumbnail","hentry","listing_cat-esoterismo-y-bienestar","listing_feature-minerales-y-piedras-energeticas","listing_feature-velas-e-inciensos","listing_location-cataluna","listing_location-centro","listing_location-mataro","listing_tag-bienestar","listing_tag-esoterismo","listing_tag-incienso","listing_tag-minerales","listing_tag-piedras"],"_links":{"self":[{"href":"https:\/\/mataroactiva.net\/cat\/wp-json\/wp\/v2\/listing\/14086","targetHints":{"allow":["GET"]}}],"collection":[{"href":"https:\/\/mataroactiva.net\/cat\/wp-json\/wp\/v2\/listing"}],"about":[{"href":"https:\/\/mataroactiva.net\/cat\/wp-json\/wp\/v2\/types\/listing"}],"author":[{"embeddable":true,"href":"https:\/\/mataroactiva.net\/cat\/wp-json\/wp\/v2\/users\/1"}],"replies":[{"embeddable":true,"href":"https:\/\/mataroactiva.net\/cat\/wp-json\/wp\/v2\/comments?post=14086"}],"wp:featuredmedia":[{"embeddable":true,"href":"https:\/\/mataroactiva.net\/cat\/wp-json\/wp\/v2\/media\/14085"}],"wp:attachment":[{"href":"https:\/\/mataroactiva.net\/cat\/wp-json\/wp\/v2\/media?parent=14086"}],"curies":[{"name":"wp","href":"https:\/\/api.w.org\/{rel}","templated":true}]}}

Luz Violeta Mataró

<p>Luz Violeta Mataró és una botiga única en el centre de Mataró dedicada a oferir una gran varietat de productes esotèrics i de benestar. En Luz Violeta, els clients poden trobar articles com a encens, pedres energètiques, espelmes, i altres productes orientats a promoure l'equilibri espiritual i el desenvolupament personal. Aquest espai s'ha convertit en un lloc de referència per als qui busquen connectar amb el seu costat més místic o desitgen afegir un toc de serenitat i bona energia al seu entorn.</p>
<p>El personal de Luz Violeta Mataró compta amb un profund coneixement sobre els productes que ofereixen, brindant assessorament i recomanacions personalitzades segons les necessitats de cada client. Ja sigui per a trobar l'encens perfecte, triar una pedra per a meditar o descobrir el significat darrere d'uns certs objectes, l'equip s'esforça a fer de cada visita una experiència enriquidora i acollidora.</p>
<p>Situada en una zona accessible, Luz Violeta destaca pel seu ambient tranquil i càlid que convida a explorar els misteris del benestar i l'espiritualitat.</p>

<p>Luz Violeta Mataró es una tienda única en el centro de Mataró dedicada a ofrecer una gran variedad de productos esotéricos y de bienestar. En Luz Violeta, los clientes pueden encontrar artículos como inciensos, piedras energéticas, velas, y otros productos orientados a promover el equilibrio espiritual y el desarrollo personal. Este espacio se ha convertido &hellip; </p>
