{"id":14084,"date":"2024-11-07T23:13:45","date_gmt":"2024-11-07T22:13:45","guid":{"rendered":"https:\/?post_type=listing&#038;p=14084"},"modified":"2025-02-11T23:28:46","modified_gmt":"2025-02-11T22:28:46","slug":"fincas-santa-anna-mataro","status":"publish","type":"listing","link":"https:\/\/mataroactiva.net\/cat\/negocio\/fincas-santa-anna-mataro\/","title":{"rendered":"Finques Santa Anna Matar\u00f3"},"content":{"rendered":"<p>Finques Santa Anna Matar\u00f3 \u00e9s una ag\u00e8ncia immobili\u00e0ria destacada en la gesti\u00f3 de compravenda i lloguers d'immobles a la ciutat. Amb un equip expert en el mercat local, ofereix assessorament personalitzat per a trobar la propietat ideal, ja sigui per a resid\u00e8ncia o inversi\u00f3. Situada en el cor de Matar\u00f3, Finques Santa Anna Matar\u00f3 acompanya als seus clients en cada pas del proc\u00e9s, garantint confian\u00e7a i professionalisme.<\/p>\n<p>A m\u00e9s de la seva experi\u00e8ncia en propietats residencials, Finques Santa Anna Matar\u00f3 compta amb un ample cat\u00e0leg de locals comercials i ofereix una gesti\u00f3 integral per a propietaris que busquen llogar les seves propietats. L'ag\u00e8ncia es compromet a brindar un servei transparent i pr\u00f2xim, adaptant-se a les necessitats de cada client.<\/p>\n<p>Amb una s\u00f2lida traject\u00f2ria a Matar\u00f3, Finques Santa Anna Matar\u00f3 s'ha posicionat com un referent en el sector immobiliari local, on la dedicaci\u00f3 i el tracte professional s\u00f3n el seu segell distintiu. Aquesta combinaci\u00f3 d'experi\u00e8ncia i enfocament en el client assegura una experi\u00e8ncia immobili\u00e0ria satisfact\u00f2ria i segura.<\/p>","protected":false},"excerpt":{"rendered":"<p>Fincas Santa Anna Matar\u00f3 es una agencia inmobiliaria destacada en la gesti\u00f3n de compraventa y alquileres de inmuebles en la ciudad. Con un equipo experto en el mercado local, ofrece asesoramiento personalizado para encontrar la propiedad ideal, ya sea para residencia o inversi\u00f3n. Situada en el coraz\u00f3n de Matar\u00f3, Fincas Santa Anna Matar\u00f3 acompa\u00f1a a &hellip; <\/p>","protected":false},"author":1,"featured_media":14083,"parent":0,"menu_order":0,"comment_status":"open","ping_status":"closed","template":"","class_list":["post-14084","listing","type-listing","status-publish","has-post-thumbnail","hentry","listing_cat-inmobiliaria","listing_feature-administracion-de-fincas","listing_feature-alquileres","listing_feature-asesoria-consultoria","listing_feature-compra","listing_feature-hipoteca-en-mataro","listing_feature-tasaciones","listing_feature-venta-de-inmuebles-en-mataro","listing_location-cataluna","listing_location-centro","listing_location-mataro","listing_tag-alquiler","listing_tag-casas","listing_tag-compra-venta","listing_tag-inmobiliaria","listing_tag-locales","listing_tag-pisos"],"_links":{"self":[{"href":"https:\/\/mataroactiva.net\/cat\/wp-json\/wp\/v2\/listing\/14084","targetHints":{"allow":["GET"]}}],"collection":[{"href":"https:\/\/mataroactiva.net\/cat\/wp-json\/wp\/v2\/listing"}],"about":[{"href":"https:\/\/mataroactiva.net\/cat\/wp-json\/wp\/v2\/types\/listing"}],"author":[{"embeddable":true,"href":"https:\/\/mataroactiva.net\/cat\/wp-json\/wp\/v2\/users\/1"}],"replies":[{"embeddable":true,"href":"https:\/\/mataroactiva.net\/cat\/wp-json\/wp\/v2\/comments?post=14084"}],"wp:featuredmedia":[{"embeddable":true,"href":"https:\/\/mataroactiva.net\/cat\/wp-json\/wp\/v2\/media\/14083"}],"wp:attachment":[{"href":"https:\/\/mataroactiva.net\/cat\/wp-json\/wp\/v2\/media?parent=14084"}],"curies":[{"name":"wp","href":"https:\/\/api.w.org\/{rel}","templated":true}]}}

Finques Santa Anna Mataró

<p>Finques Santa Anna Mataró és una agència immobiliària destacada en la gestió de compravenda i lloguers d'immobles a la ciutat. Amb un equip expert en el mercat local, ofereix assessorament personalitzat per a trobar la propietat ideal, ja sigui per a residència o inversió. Situada en el cor de Mataró, Finques Santa Anna Mataró acompanya als seus clients en cada pas del procés, garantint confiança i professionalisme.</p>
<p>A més de la seva experiència en propietats residencials, Finques Santa Anna Mataró compta amb un ample catàleg de locals comercials i ofereix una gestió integral per a propietaris que busquen llogar les seves propietats. L'agència es compromet a brindar un servei transparent i pròxim, adaptant-se a les necessitats de cada client.</p>
<p>Amb una sòlida trajectòria a Mataró, Finques Santa Anna Mataró s'ha posicionat com un referent en el sector immobiliari local, on la dedicació i el tracte professional són el seu segell distintiu. Aquesta combinació d'experiència i enfocament en el client assegura una experiència immobiliària satisfactòria i segura.</p>

<p>Fincas Santa Anna Mataró es una agencia inmobiliaria destacada en la gestión de compraventa y alquileres de inmuebles en la ciudad. Con un equipo experto en el mercado local, ofrece asesoramiento personalizado para encontrar la propiedad ideal, ya sea para residencia o inversión. Situada en el corazón de Mataró, Fincas Santa Anna Mataró acompaña a &hellip; </p>
