{"id":14082,"date":"2024-11-07T18:08:37","date_gmt":"2024-11-07T17:08:37","guid":{"rendered":"https:\/?post_type=listing&#038;p=14082"},"modified":"2025-02-12T00:24:42","modified_gmt":"2025-02-11T23:24:42","slug":"lola-perruquers-mataro","status":"publish","type":"listing","link":"https:\/\/mataroactiva.net\/cat\/negocio\/lola-perruquers-mataro\/","title":{"rendered":"Lola Perruquers Matar\u00f3"},"content":{"rendered":"<p>Lola Perruquers Matar\u00f3 \u00e9s un sal\u00f3 de bellesa especialitzat en serveis de perruqueria i est\u00e8tica. Amb una dedicaci\u00f3 especial a la cura capil\u00b7lar, ofereixen corts, coloraci\u00f3 i tractaments d'hidrataci\u00f3 que s'adapten a cada tipus de cabell i estil. L'equip de professionals compta amb una \u00e0mplia experi\u00e8ncia, garantint resultats d'alta qualitat i un tracte pr\u00f2xim per a cada client.<\/p>\n<p>A Lola Perruquers, cada visita \u00e9s una experi\u00e8ncia personalitzada. Des de l'assessorament en tend\u00e8ncies fins als tractaments d'\u00faltima tecnologia, el sal\u00f3 busca real\u00e7ar la bellesa natural de cada client i mantenir el cabell saludable. La passi\u00f3 pel detall i la constant actualitzaci\u00f3 de t\u00e8cniques converteixen a aquest espai en un referent a Matar\u00f3 per a la cura del cabell.<\/p>\n<p>Situat en una zona c\u00e8ntrica i accessible, Lola Perruquers Matar\u00f3 ofereix un ambient modern i acollidor, ideal per als qui busquen un canvi de look o simplement un moment de relax.<\/p>","protected":false},"excerpt":{"rendered":"<p>Lola Perruquers Matar\u00f3 es un sal\u00f3n de belleza especializado en servicios de peluquer\u00eda y est\u00e9tica. Con una dedicaci\u00f3n especial al cuidado capilar, ofrecen cortes, coloraci\u00f3n y tratamientos de hidrataci\u00f3n que se adaptan a cada tipo de cabello y estilo. El equipo de profesionales cuenta con una amplia experiencia, garantizando resultados de alta calidad y un &hellip; <\/p>","protected":false},"author":1,"featured_media":14081,"parent":0,"menu_order":0,"comment_status":"open","ping_status":"closed","template":"","class_list":["post-14082","listing","type-listing","status-publish","has-post-thumbnail","hentry","listing_cat-peluqueria","listing_feature-accesibles-para-minusvalidos","listing_feature-coloracion","listing_feature-corte-de-pelo-en-mataro","listing_feature-lavado","listing_feature-peinados","listing_feature-tratamientos-de-peluqueria-en-mataro","listing_location-cataluna","listing_location-centro","listing_location-mataro","listing_tag-coloracion","listing_tag-cuidado-capilar","listing_tag-peluqueria","listing_tag-tratamientos"],"_links":{"self":[{"href":"https:\/\/mataroactiva.net\/cat\/wp-json\/wp\/v2\/listing\/14082","targetHints":{"allow":["GET"]}}],"collection":[{"href":"https:\/\/mataroactiva.net\/cat\/wp-json\/wp\/v2\/listing"}],"about":[{"href":"https:\/\/mataroactiva.net\/cat\/wp-json\/wp\/v2\/types\/listing"}],"author":[{"embeddable":true,"href":"https:\/\/mataroactiva.net\/cat\/wp-json\/wp\/v2\/users\/1"}],"replies":[{"embeddable":true,"href":"https:\/\/mataroactiva.net\/cat\/wp-json\/wp\/v2\/comments?post=14082"}],"wp:featuredmedia":[{"embeddable":true,"href":"https:\/\/mataroactiva.net\/cat\/wp-json\/wp\/v2\/media\/14081"}],"wp:attachment":[{"href":"https:\/\/mataroactiva.net\/cat\/wp-json\/wp\/v2\/media?parent=14082"}],"curies":[{"name":"wp","href":"https:\/\/api.w.org\/{rel}","templated":true}]}}

Lola Perruquers Mataró

<p>Lola Perruquers Mataró és un saló de bellesa especialitzat en serveis de perruqueria i estètica. Amb una dedicació especial a la cura capil·lar, ofereixen corts, coloració i tractaments d'hidratació que s'adapten a cada tipus de cabell i estil. L'equip de professionals compta amb una àmplia experiència, garantint resultats d'alta qualitat i un tracte pròxim per a cada client.</p>
<p>A Lola Perruquers, cada visita és una experiència personalitzada. Des de l'assessorament en tendències fins als tractaments d'última tecnologia, el saló busca realçar la bellesa natural de cada client i mantenir el cabell saludable. La passió pel detall i la constant actualització de tècniques converteixen a aquest espai en un referent a Mataró per a la cura del cabell.</p>
<p>Situat en una zona cèntrica i accessible, Lola Perruquers Mataró ofereix un ambient modern i acollidor, ideal per als qui busquen un canvi de look o simplement un moment de relax.</p>

<p>Lola Perruquers Mataró es un salón de belleza especializado en servicios de peluquería y estética. Con una dedicación especial al cuidado capilar, ofrecen cortes, coloración y tratamientos de hidratación que se adaptan a cada tipo de cabello y estilo. El equipo de profesionales cuenta con una amplia experiencia, garantizando resultados de alta calidad y un &hellip; </p>
