{"id":14001,"date":"2024-10-22T22:07:50","date_gmt":"2024-10-22T20:07:50","guid":{"rendered":"https:\/?post_type=listing&#038;p=14001"},"modified":"2025-02-11T23:20:15","modified_gmt":"2025-02-11T22:20:15","slug":"farmacia-ortopedia-m-pilar-roca-albero","status":"publish","type":"listing","link":"https:\/\/mataroactiva.net\/cat\/negocio\/farmacia-ortopedia-m-pilar-roca-albero\/","title":{"rendered":"Farmacia Ortopedia M.Pilar Roca Albero"},"content":{"rendered":"<p data-sourcepos=\"3:1-3:226\">Farm\u00e0cia Ortop\u00e8dia M. Pilar Roca Albero \u00e9s la teva farm\u00e0cia de confian\u00e7a a Matar\u00f3. Amb una llarga traject\u00f2ria en el sector, oferim una \u00e0mplia gamma de serveis farmac\u00e8utics i ortop\u00e8dics per a cuidar de la teva salut i benestar.<\/p>\n<p data-sourcepos=\"5:1-5:300\">A la nostra farm\u00e0cia, trobar\u00e0s des dels medicaments m\u00e9s comuns fins a productes especialitzats per a la cura de la pell, el beb\u00e8 i la tercera edat. A m\u00e9s, comptem amb un departament d'ortop\u00e8dia equipat amb les \u00faltimes tecnologies per a oferir-te solucions personalitzades a les teves necessitats.<\/p>\n<p data-sourcepos=\"7:1-7:280\">El nostre equip de professionals altament qualificats t'assessorar\u00e0 en tot moment perqu\u00e8 trobis els productes m\u00e9s adequats per a tu. Visita'ns en el Carrer Nou 1 de Matar\u00f3 o contacta amb nosaltres. En Farm\u00e0cia Ortop\u00e8dia M. Pilar Roca Albero, la teva salut \u00e9s la nostra prioritat.<\/p>","protected":false},"excerpt":{"rendered":"<p>Farm\u00e0cia Ortop\u00e8dia M. Pilar Roca Albero es tu farmacia de confianza en Matar\u00f3. Con una larga trayectoria en el sector, ofrecemos una amplia gama de servicios farmac\u00e9uticos y ortop\u00e9dicos para cuidar de tu salud y bienestar. En nuestra farmacia, encontrar\u00e1s desde los medicamentos m\u00e1s comunes hasta productos especializados para el cuidado de la piel, el &hellip; <\/p>","protected":false},"author":1,"featured_media":14000,"parent":0,"menu_order":0,"comment_status":"open","ping_status":"closed","template":"","class_list":["post-14001","listing","type-listing","status-publish","has-post-thumbnail","hentry","listing_cat-farmacias","listing_feature-accesibles-para-minusvalidos","listing_location-cataluna","listing_location-centro","listing_location-mataro","listing_tag-farmacia"],"_links":{"self":[{"href":"https:\/\/mataroactiva.net\/cat\/wp-json\/wp\/v2\/listing\/14001","targetHints":{"allow":["GET"]}}],"collection":[{"href":"https:\/\/mataroactiva.net\/cat\/wp-json\/wp\/v2\/listing"}],"about":[{"href":"https:\/\/mataroactiva.net\/cat\/wp-json\/wp\/v2\/types\/listing"}],"author":[{"embeddable":true,"href":"https:\/\/mataroactiva.net\/cat\/wp-json\/wp\/v2\/users\/1"}],"replies":[{"embeddable":true,"href":"https:\/\/mataroactiva.net\/cat\/wp-json\/wp\/v2\/comments?post=14001"}],"wp:featuredmedia":[{"embeddable":true,"href":"https:\/\/mataroactiva.net\/cat\/wp-json\/wp\/v2\/media\/14000"}],"wp:attachment":[{"href":"https:\/\/mataroactiva.net\/cat\/wp-json\/wp\/v2\/media?parent=14001"}],"curies":[{"name":"wp","href":"https:\/\/api.w.org\/{rel}","templated":true}]}}

<p data-sourcepos="3:1-3:226">Farmàcia Ortopèdia M. Pilar Roca Albero és la teva farmàcia de confiança a Mataró. Amb una llarga trajectòria en el sector, oferim una àmplia gamma de serveis farmacèutics i ortopèdics per a cuidar de la teva salut i benestar.</p>
<p data-sourcepos="5:1-5:300">A la nostra farmàcia, trobaràs des dels medicaments més comuns fins a productes especialitzats per a la cura de la pell, el bebè i la tercera edat. A més, comptem amb un departament d'ortopèdia equipat amb les últimes tecnologies per a oferir-te solucions personalitzades a les teves necessitats.</p>
<p data-sourcepos="7:1-7:280">El nostre equip de professionals altament qualificats t'assessorarà en tot moment perquè trobis els productes més adequats per a tu. Visita'ns en el Carrer Nou 1 de Mataró o contacta amb nosaltres. En Farmàcia Ortopèdia M. Pilar Roca Albero, la teva salut és la nostra prioritat.</p>

<p>Farmàcia Ortopèdia M. Pilar Roca Albero es tu farmacia de confianza en Mataró. Con una larga trayectoria en el sector, ofrecemos una amplia gama de servicios farmacéuticos y ortopédicos para cuidar de tu salud y bienestar. En nuestra farmacia, encontrarás desde los medicamentos más comunes hasta productos especializados para el cuidado de la piel, el &hellip; </p>
